{"id":9469,"date":"2020-12-08T10:52:05","date_gmt":"2020-12-08T09:52:05","guid":{"rendered":"https:\/\/www.abanico.de\/abanico\/?post_type=product&#038;p=9469"},"modified":"2025-11-12T14:11:16","modified_gmt":"2025-11-12T13:11:16","slug":"a-lot-dan-messer-sv-2-download-de","status":"publish","type":"product","link":"https:\/\/www.abanico.de\/abanico\/shop\/gemaelde\/9548\/a-lot-dan-messer-sv-2-download-de\/","title":{"rendered":"A-LOT-Dan-Messer-SV-2 &#8211; Download &#8211; DE"},"content":{"rendered":"<p>Dies ist das Video vom Arnis Live-Online-Training, (A-LOT) das GM Datu Dieter Kn\u00fcttel, 10. Dan Modern Arnis, zum Thema.<\/p>\n<h4>Messer-Selbstverteidigung &#8211; 2: Technisch<\/h4>\n<ul>\n<li>Messerhand eng am K\u00f6rper<\/li>\n<li>Hinter dem Gegner<\/li>\n<li>Neben bzw. vor dem Gegner<\/li>\n<li>Problematik von Angriff Nr. 2<\/li>\n<li>uvm&#8230;<\/li>\n<\/ul>\n<p>abgehalten hat.<\/p>\n<p>Das Video hat Kapitelmarker.<br \/>\nErkl\u00e4rung hier: <em><strong><a href=\"https:\/\/www.abanico.de\/abanico\/kapitel-in-download-videos\/\"><span style=\"color: #ff0000;\">Kapitelmarker<\/span><\/a><\/strong><\/em><\/p>\n<p>Hier der Inhalt des Arnis Live-Online-Trainings-Videos:<\/p>\n<p>00:00 Vorspann<br \/>\n00:15 Einleitung<br \/>\n01:16 Wann sollte die 1. Serie Doppelstock (Reactive Knife\/Kadena) und wann die 2. Serie Doppelstock (Tapping) eingesetzt werden?<br \/>\n02:16 Angriff Nr. 1: Vorhand<br \/>\n02:20 Position: Messerhand eng am K\u00f6rper<br \/>\n02:43 &#8211; Knie, Kopf, Fusstrapp<br \/>\n04:02 &#8211; Knie, Kopf, Fusstrapp: ohne Partner<br \/>\n04:37 &#8211; Ellbogen-Streckhebel mit K\u00f6rper und Arm<br \/>\n05:26 &#8211; Ellbogen-Streckhebel mit K\u00f6rper und Arm: ohne Partner<br \/>\n05:49 &#8211; Ellbogen-Streckhebel mit der Ellenbeuge<br \/>\n06:37 &#8211; Ellbogen-Streckhebel mit der Ellenbeuge: ohne Partner<br \/>\n07:01 &#8211; Ellbogen-Streckhebel mit der Ellenbeuge mit &#8222;rumrollen&#8220;<br \/>\n07:47 &#8211; Ellbogen-Streckhebel mit der Ellenbeuge mit &#8222;rumrollen&#8220;: ohne Partner<br \/>\n08:07 &#8211; Kniestoss &#8211; in Kniekehle abknieen<br \/>\n09:20 &#8211; Kniestoss &#8211; in Kniekehle abknieen: ohne Partner<br \/>\n09:46 Position: hinter dem Gegner<br \/>\n09:58 &#8211; Unterleib angreifen &#8211; Distanz schaffen<br \/>\n10:44 Das richtige checken mit der linken Hand<br \/>\n12:37 &#8211; Unterleib angreifen &#8211; Distanz schaffen: ohne Partner<br \/>\n13:04 &#8211; Unterleib angreifen &#8211; Waffenarm fixieren<br \/>\n14:28 &#8211; Unterleib angreifen &#8211; Waffenarm fixieren: ohne Partner<br \/>\n14:57 &#8211; Hand zur Nase Schlag ins Kreuz: Bogenspannung<br \/>\n17:09 &#8211; Hand zur Nase Schlag ins Kreuz: Bogenspannung: ohne Partner<br \/>\n17:54 &#8211; H\u00e4nde zum Gesicht &#8211; Bogenspannung &#8211; sichern<br \/>\n18:55 &#8211; H\u00e4nde zum Gesicht &#8211; Bogenspannung &#8211; sichern: ohne Partner<br \/>\n19:15 Position: neben bzw. vor dem Gegner<br \/>\n19:22 &#8211; Ellbogenkontrolle &#8211; Knie &#8211; Sicherung &#8211; Folgetechnik<br \/>\n20:30 &#8211; Ellbogenkontrolle &#8211; Knie &#8211; Sicherung &#8211; Folgetechnik: ohne Partner<br \/>\n20:51 &#8211; Kipphandhebel<br \/>\n22:27 &#8211; Kipphandhebel: ohne Partner<br \/>\n22:48 &#8211; Kipphandhebel &#8211; Ellenbeuge &#8211; Kopf &#8211; Entwaffnung<br \/>\n23:49 &#8211; Kipphandhebel &#8211; Ellenbeuge &#8211; Kopf &#8211; Entwaffnung: ohne Partner<br \/>\n24:13 &#8211; Gunting &#8211; Ellbogenhebel -Kompressonshebel &#8211; Entwaffnung<br \/>\n25:17 &#8211; Gunting &#8211; Ellbogenhebel &#8211; Kompressonshebel &#8211; Entwaffnung: ohne Partner<br \/>\n25:50 Angriff Nr. 2: R\u00fcckhand<br \/>\n26:02 &#8211; Optionen<br \/>\n26:24 &#8211; Das Problem<br \/>\n26:33 &#8211; L\u00f6sungen<br \/>\n27:34 Angriff Nr. 1 durchlassen &#8211; situatives Handeln<br \/>\n28:14 Zusammenfassung<br \/>\n29:09 Fazit<br \/>\n30:00 Abspann<br \/>\n30:28 Ende<\/p>\n<h4>Das ist A-LOT.\u00a0 Alles wird im dem Arnis Live-Online-Trainings Video detailliert erkl\u00e4rt und demonstriert.<br \/>\nDas Live -Online- Training Video ist Teil der neuen Serie:\u00a0 Die \u00fcber Internet abgehaltenen Arnis Live-Online-Trainings Videos von und mit GM Datu Dieter Kn\u00fcttel, 10. Dan Modern Arnis.<br \/>\nNicht nur schnelle Demos, von denen es so viele auf Youtube zu sehen gibt, sondern Unterricht mit Erkl\u00e4rungen des &#8222;Was, Warum und Wie&#8220; mit vielen wichtigen Details, die bei reinen Demos verloren gehen.<br \/>\n<strong>Videos, von denen man wirklich lernen kann.<\/strong><\/h4>\n<p><a href=\"https:\/\/www.abanico.de\/dieterknuettel\/wp\/de\/kurzbiographie\/\"><strong>Gro\u00dfmeister Datu Dieter Kn\u00fcttel<\/strong><\/a><br \/>\nist Diplom-Sportlehrer, Bundestrainer f\u00fcr Modern Arnis (seit 1985) und Modern Arnis Repr\u00e4sentant f\u00fcr Europa.<\/p>\n<p>Er unterrichtet Selbstverteidigung seit Ende der 70er Jahre in ganz Deutschland aber auch weltweit.<\/p>\n<p>1996 wurde ihm der Titel Datu und der Grad Lakan Anim, 6. Dan Modern Arnis, von Gro\u00dfmeister Remy A. Presas (10. Dan) pers\u00f6nlich als 4. Arnis-Lehrer au\u00dferhalb der Philippinen und als erstem au\u00dferhalb der USA, verliehen<br \/>\nNachdem er den 7., 8. und 9. Dan auf den Philippinen verliehen bekommen hatte, wurde m 24.9.2016 in Dortmund \u00f6ffentlich bekanntgegeben, dass er von Gro\u00dfmeister Roberto Presas den 10. Dan Modern Arnis verliehen bekommen hatte.<\/p>\n<p>Dieter Kn\u00fcttel betreibt Kampfsport seit 1967 und philippinische Kampfk\u00fcnste seit 1978. Er unterrichtet Modern Arnis auf Lehrg\u00e4ngen \u00fcberall in Europa, Russland, Australien und in den USA.<\/p>\n<div class=\"avia_textblock avia_textblock_style\" data-update_with=\"content\">\n<hr \/>\n<\/div>\n<p>&nbsp;<\/p>\n<div class=\"avia_textblock avia_textblock_style\" data-update_with=\"content\">\n<hr \/>\n<\/div>\n","protected":false},"excerpt":{"rendered":"<h2><strong>A-LOT-Dan-Messer-SV-2 &#8211; Download &#8211; DE<\/strong><\/h2>\n<p><strong>Sprache: deutsch &#8211; download<\/strong><br \/>\nLaufzeit (Min.): 30<br \/>\n<strong>Produzent: ABANICO<\/strong><\/p>\n","protected":false},"featured_media":9470,"comment_status":"open","ping_status":"closed","template":"","meta":[],"product_brand":[],"product_cat":[9548],"product_tag":[],"class_list":{"0":"post-9469","1":"product","2":"type-product","3":"status-publish","4":"has-post-thumbnail","6":"product_cat-9548","8":"first","9":"instock","10":"downloadable","11":"virtual","12":"sold-individually","13":"taxable","14":"purchasable","15":"product-type-simple"},"_links":{"self":[{"href":"https:\/\/www.abanico.de\/abanico\/wp-json\/wp\/v2\/product\/9469","targetHints":{"allow":["GET"]}}],"collection":[{"href":"https:\/\/www.abanico.de\/abanico\/wp-json\/wp\/v2\/product"}],"about":[{"href":"https:\/\/www.abanico.de\/abanico\/wp-json\/wp\/v2\/types\/product"}],"replies":[{"embeddable":true,"href":"https:\/\/www.abanico.de\/abanico\/wp-json\/wp\/v2\/comments?post=9469"}],"wp:featuredmedia":[{"embeddable":true,"href":"https:\/\/www.abanico.de\/abanico\/wp-json\/wp\/v2\/media\/9470"}],"wp:attachment":[{"href":"https:\/\/www.abanico.de\/abanico\/wp-json\/wp\/v2\/media?parent=9469"}],"wp:term":[{"taxonomy":"product_brand","embeddable":true,"href":"https:\/\/www.abanico.de\/abanico\/wp-json\/wp\/v2\/product_brand?post=9469"},{"taxonomy":"product_cat","embeddable":true,"href":"https:\/\/www.abanico.de\/abanico\/wp-json\/wp\/v2\/product_cat?post=9469"},{"taxonomy":"product_tag","embeddable":true,"href":"https:\/\/www.abanico.de\/abanico\/wp-json\/wp\/v2\/product_tag?post=9469"}],"curies":[{"name":"wp","href":"https:\/\/api.w.org\/{rel}","templated":true}]}}