{"id":9328,"date":"2020-11-14T13:19:46","date_gmt":"2020-11-14T12:19:46","guid":{"rendered":"https:\/\/www.abanico.de\/abanico\/?post_type=product&#038;p=9328"},"modified":"2026-01-22T11:14:11","modified_gmt":"2026-01-22T10:14:11","slug":"a-lot-trainer-in-fortbildung-07-11-2020-download-de","status":"publish","type":"product","link":"https:\/\/www.abanico.de\/abanico\/shop\/download-de\/seminar-videos-download-de\/alotarnisliveonlinetraining\/a-lot-trainer-in-fortbildung-07-11-2020-download-de\/","title":{"rendered":"A-LOT-TrainerInnen Fortbildung 07-11-2020 &#8211; Download &#8211; DE"},"content":{"rendered":"<p>Dies ist das Video vom Arnis Live-Online-Training, A-LOT, das GM Datu Dieter Kn\u00fcttel, 10. Dan Modern Arnis, zum Thema:<\/p>\n<h4><strong>Trainer\/innen Fortbildung<br \/>\n<\/strong><\/h4>\n<ul>\n<li>Kindertraining<\/li>\n<li>Sinawali mit Schritten<\/li>\n<li>Verletzung als Chance<\/li>\n<\/ul>\n<p>abgehalten hat.<\/p>\n<p>Es wird die Technik, Methodik und Didaktik des Unterrichtens sowie viele Details f\u00fcr die Ausf\u00fchrung der Technik erkl\u00e4rt und demonstriert.<\/p>\n<p>Das Video hat Kapitelmarker.<br \/>\nErkl\u00e4rung hier: <span style=\"color: #ff0000;\"><em><strong><a style=\"color: #ff0000;\" href=\"https:\/\/www.abanico.de\/abanico\/kapitel-in-download-videos\/\">Kapitelmarker<\/a><\/strong><\/em><\/span><\/p>\n<p>Hier der Inhalt des Live-Trainings-Videos:<\/p>\n<p>00:00 Vorspann<br \/>\n00:15 Einleitung<br \/>\n00:21 Wie lang sollte der Butt (Punyo) sein<br \/>\n02:45 Wann ist etwas richtig? Die Sache mit den 2 Perspektiven<br \/>\n06:26 Kindertraining: Ideen zum Training der Schrittarbeit<br \/>\n08:23 &#8211; Handsignale (Pratzen) f\u00fcr die Beinarbeit<br \/>\n09:02 &#8211; Mimik und K\u00f6rpersprache als Signale f\u00fcr die Beinarbeit<br \/>\n09:30 &#8211; Handsignale (Pratzen) f\u00fcr die Beinarbeit mit Handtechniken<br \/>\n09:59 &#8211; Signale kombinieren &#8211; Anwendug auch mit Stock<br \/>\n10:58 &#8211; \u00dcbungen als Wettkampf-Spiele mit Punktevergabe<br \/>\n11:34 &#8211; Handsignale (Pratze) f\u00fcr die Beinarbeit &#8211; bei gradlinigen und kreisf\u00f6rmigen Angriffen<br \/>\n12:22 &#8211; Handsignale (Pratze) f\u00fcr die Beinarbeit mit Sinawali<br \/>\n13:56 &#8211; Warum ist Beinarbeit n\u00f6tig?<br \/>\n15:23 &#8211; Beinarbeit im Sinawali mit Schl\u00e4gen<br \/>\n17:14 &#8211; Beinarbeit im Sinawali mit Stichen<br \/>\n18:32 &#8211; Andere Methode, Schl\u00e4ge und Schritte zu verbinden<br \/>\n20:22 &#8211; Wie zum Schlag unten richtig ausgeholt wird<br \/>\n21:33 Wiederholungen verschleiern<br \/>\n22:35 Diskussion Kindertraining<br \/>\n23:58 Spiel: H\u00e4nde klatschen<br \/>\n26:30 Verletzungen als Chance sehen, anders zu trainieren<br \/>\n26:46 &#8211; Training im Sitzen mit Stock<br \/>\n27:30 &#8211; Training im Sitzen ohne Stock<br \/>\n29:46 &#8211; Training mit nur einer Hand<br \/>\n32:02 &#8211; Training ohne Einsatz der H\u00e4nde<br \/>\n33.22 &#8211; Techniken mit einer Hand<br \/>\n35:07 Ziel des Modern Arnis Trainings: Situatives Handeln<br \/>\n36:30 Training mit anderen k\u00f6rperlichen Einschr\u00e4nkungen z.B. im Alter<br \/>\n37:45 Kraftlinen<br \/>\n44:05 Die Gr\u00fcnde f\u00fcr Vielseitigkeit<br \/>\n48:08 Abspann<br \/>\n48:35 Ende<\/p>\n<h4>Dies alles wird im dem A-LOT (Arnis Live-Online-Training) Video detailliert erkl\u00e4rt und demonstriert.<br \/>\nDas Arnis Live -Online- Trainings Video ist Teil der neuen Serie:\u00a0 Die \u00fcber Internet abgehaltenen Arnis Live-Online-Trainings Videos von und mit GM Datu Dieter Kn\u00fcttel, 10. Dan Modern Arnis.<br \/>\nNicht nur schnelle Demos, von denen es so viele auf Youtube zu sehen gibt, sondern Unterricht mit Erkl\u00e4rungen des &#8222;Was, Warum und Wie&#8220; mit vielen wichtigen Details, die bei reinen Demos verloren gehen.<br \/>\n<strong>Videos, von denen man wirklich lernen kann.<\/strong><\/h4>\n<h4><a href=\"https:\/\/www.abanico.de\/dieterknuettel\/wp\/de\/kurzbiographie\/\"><strong><span style=\"color: #ff0000;\"><em>Gro\u00dfmeister Datu Dieter Kn\u00fcttel<\/em><\/span><\/strong><\/a><br \/>\nist Diplom-Sportlehrer, Bundestrainer f\u00fcr Modern Arnis (seit 1985) und Modern Arnis Repr\u00e4sentant f\u00fcr Europa.<\/h4>\n<p>Er unterrichtet Selbstverteidigung seit Ende der 70er Jahre in ganz Deutschland aber auch weltweit.<\/p>\n<p>1996 wurde ihm der Titel Datu und der Grad Lakan Anim, 6. Dan Modern Arnis, von Gro\u00dfmeister Remy A. Presas (10. Dan) pers\u00f6nlich als 4. Arnis-Lehrer au\u00dferhalb der Philippinen und als erstem au\u00dferhalb der USA, verliehen<br \/>\nNachdem er den 7., 8. und 9. Dan auf den Philippinen verliehen bekommen hatte, wurde m 24.9.2016 in Dortmund \u00f6ffentlich bekanntgegeben, dass er von Gro\u00dfmeister Roberto Presas den 10. Dan Modern Arnis verliehen bekommen hatte.<\/p>\n<p>Dieter Kn\u00fcttel betreibt Kampfsport seit 1967 und philippinische Kampfk\u00fcnste seit 1978. Er unterrichtet Modern Arnis auf Lehrg\u00e4ngen \u00fcberall in Europa, Russland, Australien und in den USA-<\/p>\n<div class=\"avia_textblock avia_textblock_style\" data-update_with=\"content\">\n<hr \/>\n<\/div>\n","protected":false},"excerpt":{"rendered":"<h2><strong>A-LOT-Trainer\/in Fortbildung 07-11-2020 &#8211; Download &#8211; DE<\/strong><\/h2>\n<p><strong>Sprache: deutsch &#8211; download<\/strong><br \/>\nLaufzeit (Min.): 48<br \/>\n<strong>Produzent: ABANICO<\/strong><\/p>\n","protected":false},"featured_media":9322,"comment_status":"open","ping_status":"closed","template":"","meta":[],"product_brand":[],"product_cat":[9321,39,7329,40,685],"product_tag":[9462,9076,9040,9474,9022,1370,1372,1374,9231,9460,1301,9396,9223,2217,1321,9325,9323,1376,9458,7618,9163,9042,1845,9229,8054,3646,9225,9227,1847,2329,9470,9472,1708,9406],"class_list":{"0":"post-9328","1":"product","2":"type-product","3":"status-publish","4":"has-post-thumbnail","6":"product_cat-alotarnisliveonlinetraining","7":"product_cat-download-de","8":"product_cat-grossmeister-und-meister-des-modern-arnis","9":"product_cat-modern-arnis-download-de","10":"product_cat-seminar-videos-download-de","11":"product_tag-5-7facher-gegenangriff","12":"product_tag-angriffe-anbwehren","13":"product_tag-arnis","14":"product_tag-beinarbeit-im-sinawali","15":"product_tag-datu-dieter","16":"product_tag-dav-de","17":"product_tag-deutscher-arnis-verband-de","18":"product_tag-dieter-knuettel-de","19":"product_tag-download-video","20":"product_tag-effizienz","21":"product_tag-eskrima-de","22":"product_tag-grundlagen-einzelstock","23":"product_tag-handwechsel","24":"product_tag-kali-de","25":"product_tag-karate-de","26":"product_tag-live-video-training","27":"product_tag-lvt","28":"product_tag-modern-arnis-de","29":"product_tag-oekonomie-der-bewegung","30":"product_tag-realistische-selbstverteidigung","31":"product_tag-remy-presas","32":"product_tag-selbstschutz","33":"product_tag-selbstverteidigung-de","34":"product_tag-seminar-video","35":"product_tag-sinawali-en-de","36":"product_tag-single-sinawali-de","37":"product_tag-stickfighting","38":"product_tag-stockkampf","39":"product_tag-sv-de","40":"product_tag-tapi-tapi-de","41":"product_tag-trainer-fortbildung","42":"product_tag-verletzung-als-chance","43":"product_tag-verteidigung-de","44":"product_tag-waffenlose-boecke","46":"first","47":"instock","48":"downloadable","49":"virtual","50":"sold-individually","51":"taxable","52":"purchasable","53":"product-type-simple"},"_links":{"self":[{"href":"https:\/\/www.abanico.de\/abanico\/wp-json\/wp\/v2\/product\/9328","targetHints":{"allow":["GET"]}}],"collection":[{"href":"https:\/\/www.abanico.de\/abanico\/wp-json\/wp\/v2\/product"}],"about":[{"href":"https:\/\/www.abanico.de\/abanico\/wp-json\/wp\/v2\/types\/product"}],"replies":[{"embeddable":true,"href":"https:\/\/www.abanico.de\/abanico\/wp-json\/wp\/v2\/comments?post=9328"}],"wp:featuredmedia":[{"embeddable":true,"href":"https:\/\/www.abanico.de\/abanico\/wp-json\/wp\/v2\/media\/9322"}],"wp:attachment":[{"href":"https:\/\/www.abanico.de\/abanico\/wp-json\/wp\/v2\/media?parent=9328"}],"wp:term":[{"taxonomy":"product_brand","embeddable":true,"href":"https:\/\/www.abanico.de\/abanico\/wp-json\/wp\/v2\/product_brand?post=9328"},{"taxonomy":"product_cat","embeddable":true,"href":"https:\/\/www.abanico.de\/abanico\/wp-json\/wp\/v2\/product_cat?post=9328"},{"taxonomy":"product_tag","embeddable":true,"href":"https:\/\/www.abanico.de\/abanico\/wp-json\/wp\/v2\/product_tag?post=9328"}],"curies":[{"name":"wp","href":"https:\/\/api.w.org\/{rel}","templated":true}]}}