{"id":8882,"date":"2020-06-20T11:25:52","date_gmt":"2020-06-20T09:25:52","guid":{"rendered":"https:\/\/www.abanico.de\/abanico\/?post_type=product&#038;p=8882"},"modified":"2024-08-21T08:46:58","modified_gmt":"2024-08-21T06:46:58","slug":"a-lot-bloecke-2-download-de","status":"publish","type":"product","link":"https:\/\/www.abanico.de\/abanico\/shop\/download-de\/seminar-videos-download-de\/alotarnisliveonlinetraining\/a-lot-bloecke-2-download-de\/","title":{"rendered":"A-LOT-Bl\u00f6cke-2 &#8211; Download &#8211; DE"},"content":{"rendered":"<p>Dies ist das Video vom Arnis Live-Online-Training, A-LOT, das GM Datu Dieter Kn\u00fcttel, 10. Dan Modern Arnis, zum Thema:<\/p>\n<p><strong>Bl\u00f6cke 2: Reverse-Bl\u00f6cke, Schlagbl\u00f6cke und waffenlose Bl\u00f6cke<\/strong><\/p>\n<p>abgehalten hat.<\/p>\n<p>Es wird die Technik, Methodik und Didaktik des Unterrichtens sowie viele Details f\u00fcr die Ausf\u00fchrung der Technik erkl\u00e4rt und demonstriert.<\/p>\n<p>Das Video hat Kapitelmarker.<br \/>\nErkl\u00e4rung hier: <span style=\"color: #ff0000;\"><em><strong><a style=\"color: #ff0000;\" href=\"https:\/\/www.abanico.de\/abanico\/kapitel-in-download-videos\/\">Kapitelmarker<\/a><\/strong><\/em><\/span><\/p>\n<p>Hier der Inhalt des Live-Trainings-Videos:<\/p>\n<p>00:00 Vorspann<br \/>\n00:15 Einleitung<br \/>\n01:00 Reverse-Bl\u00f6cke<br \/>\n02:08\u00a0 &#8211; Reverse-Block Angriff 1<br \/>\n03:21\u00a0\u00a0 &#8211; Reverse-Block auf Angriff 1: Gegenangriffs Optionen<br \/>\n04:55 \u00a0 &#8211; Reverse-Bl\u00f6cke Angriff 2<br \/>\n07:37\u00a0\u00a0 &#8211; Links vor bei Reverse-Block auf 2?<br \/>\n10:06\u00a0\u00a0 &#8211; Reverse-Bl\u00f6cke Angriff 5<br \/>\n13:55\u00a0\u00a0 &#8211; Wann welcher Block ?<br \/>\n14:42 \u00a0 &#8211; Reverse-Block Angriff 6<br \/>\n15:26 \u00a0 &#8211; Reverse-Bl\u00f6cke Angriff 7<br \/>\n16:42 \u00a0 &#8211; Reverse-Block Angriff 8<br \/>\n19:00\u00a0 &#8211; Reverse-Block Angriff 9<br \/>\n20:19\u00a0 &#8211; Reverse-Block Angriff 12<br \/>\n21:26 Die Werkzeugkiste<br \/>\n22:32 Frage: Klassische oder Modern Reverse-Bl\u00f6cke?<br \/>\n24:11 Frage: Side the Force<br \/>\n26:51 Schlagbl\u00f6cke<br \/>\n28:29\u00a0\u00a0 &#8211; Schlagbl\u00f6cke Angriff 1<br \/>\n30:48\u00a0\u00a0 &#8211; Mitmachen Schlagblock<br \/>\n34:11\u00a0\u00a0\u00a0 &#8211; Schlagbl\u00f6cke Angriff 2<br \/>\n36:12\u00a0\u00a0 &#8211; Bl\u00f6cke im Tapi-Tapi in den USA<br \/>\n36:44\u00a0\u00a0 &#8211; Schlagbl\u00f6cke Angriff 5, 6 und 7<br \/>\n38:19\u00a0\u00a0 &#8211; Ruheposition<br \/>\n38:03 \u00a0 &#8211; Besonderheiten beim An- und Abgr\u00fc\u00dfen<br \/>\n39:35\u00a0\u00a0 &#8211; Schlagbl\u00f6cke Angriff 8 und 9<br \/>\n40:06\u00a0\u00a0 &#8211; Schlagblock 12<br \/>\n40:30 Zusammenfassung: Normale Bl\u00f6cke und Schlagbl\u00f6cke<br \/>\n41:15 Frage: Handgelenkeinsatz<br \/>\n43:36 Frage: Schlagblock im Tapi-Tapi bei Wei\u00dfgurten?<br \/>\n44:56 Frage: Schlagblock bei Stichen?<br \/>\n48:02 Waffenlose Bl\u00f6cke<br \/>\n48:11\u00a0\u00a0 &#8211; Waffenloser Block Angriff 1<br \/>\n49:44\u00a0 &#8211; Waffenloser Block Angriff 2<br \/>\n52:06\u00a0 &#8211; Waffenlose Bl\u00f6cke Angriffe 5 &#8211; 9<br \/>\n52:22\u00a0 &#8211; Waffenlose Bl\u00f6cke Angriffe 10 &#8211; 11 (eigentlich 6 + 7)<br \/>\n53:02\u00a0 &#8211; Waffenloser Block Angriff 12<br \/>\n54:09 Zusammenfassung<br \/>\n54:47 Verabschiedung<br \/>\n55:18 Abspann<br \/>\n55:46 Ende<\/p>\n<h4>Dies alles wird im dem Arnis Live-Online-Trainings Video detailliert erkl\u00e4rt und demonstriert.<br \/>\nDas Live -Online- Training Video ist Teil der neuen Serie:\u00a0 Die \u00fcber Internet abgehaltenen Arnis Live-Online-Trainings Videos von und mit GM Datu Dieter Kn\u00fcttel, 10. Dan Modern Arnis.<br \/>\nNicht nur schnelle Demos, von denen es so viele auf Youtube zu sehen gibt, sondern Unterricht mit Erkl\u00e4rungen des &#8222;Was, Warum und Wie&#8220; mit vielen wichtigen Details, die bei reinen Demos verloren gehen.<br \/>\n<strong>Videos, von denen man wirklich lernen kann.<\/strong><\/h4>\n<h4><a href=\"https:\/\/www.abanico.de\/dieterknuettel\/wp\/de\/kurzbiographie\/\"><strong><span style=\"color: #ff0000;\"><em>Gro\u00dfmeister Datu Dieter Kn\u00fcttel<\/em><\/span><\/strong><\/a><br \/>\nist Diplom-Sportlehrer, Bundestrainer f\u00fcr Modern Arnis (seit 1985) und Modern Arnis Repr\u00e4sentant f\u00fcr Europa.<\/h4>\n<p>Er unterrichtet Selbstverteidigung seit Ende der 70er Jahre in ganz Deutschland aber auch weltweit.<\/p>\n<p>1996 wurde ihm der Titel Datu und der Grad Lakan Anim, 6. Dan Modern Arnis, von Gro\u00dfmeister Remy A. Presas (10. Dan) pers\u00f6nlich als 4. Arnis-Lehrer au\u00dferhalb der Philippinen und als erstem au\u00dferhalb der USA, verliehen<br \/>\nNachdem er den 7., 8. und 9. Dan auf den Philippinen verliehen bekommen hatte, wurde m 24.9.2016 in Dortmund \u00f6ffentlich bekanntgegeben, dass er von Gro\u00dfmeister Roberto Presas den 10. Dan Modern Arnis verliehen bekommen hatte.<\/p>\n<p>Dieter Kn\u00fcttel betreibt Kampfsport seit 1967 und philippinische Kampfk\u00fcnste seit 1978. Er unterrichtet Modern Arnis auf Lehrg\u00e4ngen \u00fcberall in Europa, Russland, Australien und in den USA-<\/p>\n<div class=\"avia_textblock avia_textblock_style\" data-update_with=\"content\">\n<hr \/>\n<\/div>\n","protected":false},"excerpt":{"rendered":"<h2><strong>A-LOT-Bl\u00f6cke-2 &#8211; Download &#8211; DE<\/strong><\/h2>\n<p><strong>Sprache: deutsch &#8211; download<\/strong><br \/>\nLaufzeit (Min.): 56<br \/>\n<strong>Produzent: ABANICO<\/strong><\/p>\n","protected":false},"featured_media":8883,"comment_status":"open","ping_status":"closed","template":"","meta":[],"product_brand":[],"product_cat":[9321,39,7329,40,685],"product_tag":[9076,9040,9022,1370,1372,1374,9327,9386,9231,1301,9396,9223,2217,1321,9325,9323,1376,7618,9329,9163,9402,9404,9042,1845,9229,7596,3646,9225,9227,1847,2329,1708,9406],"class_list":{"0":"post-8882","1":"product","2":"type-product","3":"status-publish","4":"has-post-thumbnail","6":"product_cat-alotarnisliveonlinetraining","7":"product_cat-download-de","8":"product_cat-grossmeister-und-meister-des-modern-arnis","9":"product_cat-modern-arnis-download-de","10":"product_cat-seminar-videos-download-de","11":"product_tag-angriffe-anbwehren","12":"product_tag-arnis","13":"product_tag-datu-dieter","14":"product_tag-dav-de","15":"product_tag-deutscher-arnis-verband-de","16":"product_tag-dieter-knuettel-de","17":"product_tag-doppelstock-wirbeln","18":"product_tag-double-zero","19":"product_tag-download-video","20":"product_tag-eskrima-de","21":"product_tag-grundlagen-einzelstock","22":"product_tag-handwechsel","23":"product_tag-kali-de","24":"product_tag-karate-de","25":"product_tag-live-video-training","26":"product_tag-lvt","27":"product_tag-modern-arnis-de","28":"product_tag-realistische-selbstverteidigung","29":"product_tag-redonda","30":"product_tag-remy-presas","31":"product_tag-reverse-bloecke","32":"product_tag-schlagbloecke","33":"product_tag-selbstschutz","34":"product_tag-selbstverteidigung-de","35":"product_tag-seminar-video","36":"product_tag-sinawali-de","37":"product_tag-single-sinawali-de","38":"product_tag-stickfighting","39":"product_tag-stockkampf","40":"product_tag-sv-de","41":"product_tag-tapi-tapi-de","42":"product_tag-verteidigung-de","43":"product_tag-waffenlose-boecke","45":"first","46":"instock","47":"downloadable","48":"virtual","49":"sold-individually","50":"taxable","51":"purchasable","52":"product-type-simple"},"_links":{"self":[{"href":"https:\/\/www.abanico.de\/abanico\/wp-json\/wp\/v2\/product\/8882","targetHints":{"allow":["GET"]}}],"collection":[{"href":"https:\/\/www.abanico.de\/abanico\/wp-json\/wp\/v2\/product"}],"about":[{"href":"https:\/\/www.abanico.de\/abanico\/wp-json\/wp\/v2\/types\/product"}],"replies":[{"embeddable":true,"href":"https:\/\/www.abanico.de\/abanico\/wp-json\/wp\/v2\/comments?post=8882"}],"wp:featuredmedia":[{"embeddable":true,"href":"https:\/\/www.abanico.de\/abanico\/wp-json\/wp\/v2\/media\/8883"}],"wp:attachment":[{"href":"https:\/\/www.abanico.de\/abanico\/wp-json\/wp\/v2\/media?parent=8882"}],"wp:term":[{"taxonomy":"product_brand","embeddable":true,"href":"https:\/\/www.abanico.de\/abanico\/wp-json\/wp\/v2\/product_brand?post=8882"},{"taxonomy":"product_cat","embeddable":true,"href":"https:\/\/www.abanico.de\/abanico\/wp-json\/wp\/v2\/product_cat?post=8882"},{"taxonomy":"product_tag","embeddable":true,"href":"https:\/\/www.abanico.de\/abanico\/wp-json\/wp\/v2\/product_tag?post=8882"}],"curies":[{"name":"wp","href":"https:\/\/api.w.org\/{rel}","templated":true}]}}