{"id":5379,"date":"2018-11-27T00:08:36","date_gmt":"2018-11-26T23:08:36","guid":{"rendered":"https:\/\/www.abanico.de\/abanico\/?post_type=product&#038;p=5379"},"modified":"2020-08-24T09:44:52","modified_gmt":"2020-08-24T07:44:52","slug":"gm-datu-kelly-worden-seminar-1-downloads-de","status":"publish","type":"product","link":"https:\/\/www.abanico.de\/abanico\/shop\/download-de\/modern-arnis-download-de\/grossmeister-und-meister-des-modern-arnis\/gm-datu-kelly-worden-seminar-1-downloads-de\/","title":{"rendered":"GM Datu Kelly Worden Seminar &#8211; 1 &#8211; Downloads &#8211; DE"},"content":{"rendered":"<p>Auf diesem Lehrgang, zu dem ihn der DAV anl\u00e4sslich seines 25j\u00e4hrigen Jubil\u00e4um eingeladen hat, demonstriet GM Kelly Worden die Verbindung verschiedener Systeme auf der Basis des Modern Arnis.<\/p>\n<p>Auf diesem Video: Tag 1\u00a0sehen Sie Stock-Waffenlos \u00dcbertragungen<br \/>\nEr zeigt den Bezug von Sinawali zu allen m\u00f6glichen Aspekten wie Entwaffnungen, Takedowns, Hebel, Kontrolltechniken mit und ohne Stock<br \/>\nMit vielen Techniken \u00dcbungsformen und Drills.<br \/>\nDer Lehrgang wurde auf englisch gehalten und ist auch so auf diesem Video zu sehen. Keine deutsche Nachvertonung.<br \/>\nDas Video\u00a0 ist in 19 Kapitel unterteilt, entsprechend seines Unterrichtes.<\/p>\n<p>Auf dem separat erh\u00e4ltlichen Video von Tag 2 (72 Minuten) sehen Sie als Thema: Messer Konzepte.<br \/>\nHier demonstriert GM Worden den Zusammenhang von Waffen und waffenlosen Techniken, mit und gegen Messer.<br \/>\nMit vielen Techniken \u00dcbungsformen und Drills.<br \/>\nDer Lehrgang wurde auf englisch gehalten und ist auch so auf diesem Video zu sehen. Keine deutsche Nachvertonung.<br \/>\nDas Video ist in 11 Kapitel unterteilt, entsprechend seines Unterrichtes.<\/p>\n<p><strong>GM Datu Kelly S. Worden<\/strong><br \/>\nist einer der profiliertesten FMA Meister der Welt.<br \/>\nEr war der 2. Datu unter GM Remy Presas und der erste westliche Datu \u00fcberhaupt.<br \/>\nEr ist der internationale Direktor der Natural Spirit Int\\&#8217;l und dem Worden Defense System.<br \/>\nEr betreibt verschiedene Kampfk\u00fcnste aktiv seit mehr als 40 Jahren.<br \/>\nDank gro\u00dfartiger Lehrer und Mentoren wurden seine Techniken beeinflusst durch Professor Remy A. Presas, Jesse Glover, Richard Bustillo, Cui Brocka, Sonny Umpad, Ted Lucaylucay, Leonard Trigg, Steve Armstrong, Ed Lewis, Wally Jay sowie andere.<\/p>\n<div class=\"avia_textblock avia_textblock_style\" data-update_with=\"content\">\n<p>&nbsp;<\/p>\n<hr \/>\n<\/div>\n<div class=\"avia_textblock avia_textblock_style\" data-update_with=\"content\">\n<h3>Trailer<\/h3>\n<div style=\"width: 640px;\" class=\"wp-video\"><video class=\"wp-video-shortcode\" id=\"video-5379-1\" width=\"640\" height=\"360\" preload=\"metadata\" controls=\"controls\"><source type=\"video\/mp4\" src=\"https:\/\/www.abanico.de\/abanico\/wp-content\/files\/trailer\/D-Wor-1-Vorspan.mp4?_=1\" \/><a href=\"https:\/\/www.abanico.de\/abanico\/wp-content\/files\/trailer\/D-Wor-1-Vorspan.mp4\">https:\/\/www.abanico.de\/abanico\/wp-content\/files\/trailer\/D-Wor-1-Vorspan.mp4<\/a><\/video><\/div>\n<\/div>\n<p>&nbsp;<\/p>\n","protected":false},"excerpt":{"rendered":"<h2>GM Datu Kelly Worden Seminar &#8211; 1 &#8211; Downloads &#8211; DE<\/h2>\n<p><strong>Tag 1: Stock-waffenlos \u00dcbertragungen<\/strong><br \/>\n<strong>Sprache: English &#8211; Downloads<\/strong><br \/>\nLaufzeit (Min.): 101<br \/>\n<strong>Produzent: ABANICO<\/strong><\/p>\n<p>&nbsp;<\/p>\n","protected":false},"featured_media":5068,"comment_status":"open","ping_status":"closed","template":"","meta":[],"product_brand":[],"product_cat":[39,7329,7338,40,685],"product_tag":[79,46,1350,7701],"class_list":{"0":"post-5379","1":"product","2":"type-product","3":"status-publish","4":"has-post-thumbnail","6":"product_cat-download-de","7":"product_cat-grossmeister-und-meister-des-modern-arnis","8":"product_cat-lehrgaenge-mit-weiteren-grossmeistern-und-meistern","9":"product_cat-modern-arnis-download-de","10":"product_cat-seminar-videos-download-de","11":"product_tag-downloads","12":"product_tag-english","13":"product_tag-gm-datu-kelly-worden","14":"product_tag-messer-konzepte","16":"first","17":"instock","18":"downloadable","19":"virtual","20":"sold-individually","21":"taxable","22":"purchasable","23":"product-type-simple"},"_links":{"self":[{"href":"https:\/\/www.abanico.de\/abanico\/wp-json\/wp\/v2\/product\/5379","targetHints":{"allow":["GET"]}}],"collection":[{"href":"https:\/\/www.abanico.de\/abanico\/wp-json\/wp\/v2\/product"}],"about":[{"href":"https:\/\/www.abanico.de\/abanico\/wp-json\/wp\/v2\/types\/product"}],"replies":[{"embeddable":true,"href":"https:\/\/www.abanico.de\/abanico\/wp-json\/wp\/v2\/comments?post=5379"}],"wp:featuredmedia":[{"embeddable":true,"href":"https:\/\/www.abanico.de\/abanico\/wp-json\/wp\/v2\/media\/5068"}],"wp:attachment":[{"href":"https:\/\/www.abanico.de\/abanico\/wp-json\/wp\/v2\/media?parent=5379"}],"wp:term":[{"taxonomy":"product_brand","embeddable":true,"href":"https:\/\/www.abanico.de\/abanico\/wp-json\/wp\/v2\/product_brand?post=5379"},{"taxonomy":"product_cat","embeddable":true,"href":"https:\/\/www.abanico.de\/abanico\/wp-json\/wp\/v2\/product_cat?post=5379"},{"taxonomy":"product_tag","embeddable":true,"href":"https:\/\/www.abanico.de\/abanico\/wp-json\/wp\/v2\/product_tag?post=5379"}],"curies":[{"name":"wp","href":"https:\/\/api.w.org\/{rel}","templated":true}]}}