{"id":5323,"date":"2018-11-26T16:35:24","date_gmt":"2018-11-26T15:35:24","guid":{"rendered":"https:\/\/www.abanico.de\/abanico\/?post_type=product&#038;p=5323"},"modified":"2018-12-03T20:56:30","modified_gmt":"2018-12-03T19:56:30","slug":"modern-arnis-braungurt-aktuelles-programm-dvd-pal-de","status":"publish","type":"product","link":"https:\/\/www.abanico.de\/abanico\/shop\/dvd-pal-de\/modern-arnis-dvd-pal-de-de\/aktuelles-programm-de\/modern-arnis-braungurt-aktuelles-programm-dvd-pal-de\/","title":{"rendered":"Modern Arnis Braungurt &#8211; aktuelles Programm &#8211; DVD &#8211; PAL &#8211; DE"},"content":{"rendered":"<p><strong>Dieses Download-Video enth\u00e4lt das aktuelle DAV-Braungurt Programm.\u00a0 <\/strong><\/p>\n<p><strong>Sinawali<\/strong><\/p>\n<p>Sinawali in Bewegung (frei auf Basis der Schrittarbeit)<br \/>\nVariation(en):\u00a0\u00a0\u00a0\u00a0\u00a0\u00a0\u00a0\u00a0\u00a0\u00a0\u00a0 &#8211; Stiche gegen Single, Doppel und X Sinawali<br \/>\n&#8211; Prinzip der H\u00f6henvariation (auf Doppel Sinawali = 64er Sinawali)<br \/>\n&#8211; Prinzip &#8222;go with the Force&#8220;<\/p>\n<p><strong>Abwehrtechniken (zur Anwendung in Modern &amp; Klassik)<\/strong><\/p>\n<p><em>Direkter Konter\u00a0\u00a0\u00a0\u00a0\u00a0\u00a0\u00a0\u00a0\u00a0\u00a0\u00a0\u00a0\u00a0\u00a0\u00a0\u00a0\u00a0\u00a0\u00a0\u00a0\u00a0\u00a0\u00a0\u00a0\u00a0\u00a0\u00a0\u00a0\u00a0\u00a0\u00a0\u00a0\u00a0\u00a0\u00a0\u00a0\u00a0\u00a0\u00a0\u00a0\u00a0\u00a0\u00a0\u00a0\u00a0\u00a0\u00a0\u00a0\u00a0\u00a0\u00a0\u00a0\u00a0\u00a0\u00a0\u00a0\u00a0\u00a0\u00a0\u00a0\u00a0\u00a0\u00a0\u00a0\u00a0\u00a0\u00a0\u00a0\u00a0\u00a0\u00a0\u00a0\u00a0\u00a0\u00a0\u00a0\u00a0\u00a0\u00a0\u00a0\u00a0\u00a0\u00a0\u00a0\u00a0\u00a0\u00a0\u00a0\u00a0\u00a0\u00a0\u00a0\u00a0\u00a0\u00a0\u00a0\u00a0\u00a0\u00a0\u00a0\u00a0\u00a0\u00a0\u00a0\u00a0\u00a0\u00a0\u00a0\u00a0\u00a0\u00a0\u00a0\u00a0\u00a0\u00a0\u00a0\u00a0\u00a0\u00a0\u00a0\u00a0\u00a0\u00a0\u00a0\u00a0\u00a0\u00a0\u00a0\u00a0\u00a0\u00a0\u00a0\u00a0\u00a0\u00a0\u00a0\u00a0 <\/em><\/p>\n<p><strong>Modern Einzelstock<\/strong><\/p>\n<p><strong>Techniken und Kombinationen:<\/strong><\/p>\n<p>Stock-Hebel:\u00a0\u00a0\u00a0\u00a0\u00a0\u00a0\u00a0\u00a0\u00a0\u00a0\u00a0\u00a0 Verkettung<br \/>\nStocktrapping:\u00a0\u00a0\u00a0\u00a0\u00a0\u00a0\u00a0\u00a0\u00a0 nach Prof. Presas<br \/>\nW\u00fcrfe:\u00a0\u00a0\u00a0\u00a0\u00a0\u00a0\u00a0\u00a0\u00a0\u00a0\u00a0 \u00a0\u00a0\u00a0\u00a0\u00a0\u00a0\u00a0\u00a0\u00a0\u00a0\u00a0 1. Wurfserie<br \/>\nKombination: \u00a0\u00a0\u00a0\u00a0\u00a0\u00a0\u00a0\u00a0\u00a0\u00a0\u00a0 Block, Gegenangriff(e), Entwaffnung, Hebel, Wurf (freie Kombinationen)<br \/>\n5. Entwaffnungsserie:\u00a0\u00a0\u00a0\u00a0\u00a0\u00a0\u00a0\u00a0\u00a0 &#8211; mit einem Stock<br \/>\n&#8211; waffenlos<br \/>\nFreies Entwaffnen (aus 1.-5. Serie) mit rechts und links gegen rechts und links<\/p>\n<p><strong>Drills<\/strong><\/p>\n<p>Modern 1-1:\u00a0\u00a0 &#8211; Direkter Konter<br \/>\n&#8211; Stock-Waffenlos 1-1 (nach Entwaffnung)<br \/>\n&#8211; Modern Drill (nach Gegenentwaffnung)<\/p>\n<p>Tapi-Tapi:\u00a0\u00a0\u00a0\u00a0\u00a0 &#8211; min. 6 Hebeltechniken<br \/>\n&#8211; 4 Stocktrappings nach Prof. Presas<br \/>\n&#8211; 2 Festleger aus Butttechniken (F\u00fchrende\/r mit links)<br \/>\n&#8211; F\u00fchrender mit zwei St\u00f6cken<\/p>\n<p><strong>Messer<\/strong><\/p>\n<p>Verteidigung: \u00a0Messer gegen Stock (Banda y Banda, Rompida, Figure 8)<\/p>\n<p><strong>Drills<\/strong><\/p>\n<p>waffenlos-Messer: \u00a0\u00a0 Inay Kadena de Mano (Messerhaltung): Anw. des 5. Konzepts in einem Drill<br \/>\nModern Drill:\u00a0 \u00a0\u00a0\u00a0\u00a0\u00a0\u00a0\u00a0\u00a0\u00a0\u00a0 hin-her mit aufgel\u00f6ster Reihenfolge<\/p>\n<p><strong>Klassisches Arnis<\/strong><\/p>\n<p><strong>Klassische Stile und Techniken<\/strong><\/p>\n<p>Cinco Teros: \u00a0\u00a0\u00a0\u00a0\u00a0\u00a0\u00a0\u00a0\u00a0\u00a0\u00a0\u00a0\u00a0\u00a0\u00a0\u00a0\u00a0\u00a0\u00a0\u00a0\u00a0\u00a0\u00a0\u00a0\u00a0 &#8211; largo<br \/>\n&#8211; corto<br \/>\nEspada y Daga : \u00a0\u00a0\u00a0\u00a0\u00a0\u00a0\u00a0\u00a0\u00a0\u00a0\u00a0\u00a0\u00a0\u00a0\u00a0\u00a0\u00a0\u00a0\u00a0 &#8211; Nummer 1<br \/>\n&#8211; Redonda<\/p>\n<p><strong>Drill<\/strong><\/p>\n<p>klassisch 1-1:\u00a0\u00a0\u00a0\u00a0\u00a0\u00a0\u00a0\u00a0\u00a0\u00a0\u00a0 im Medio\/Corto mit Distanzwechsel aus dem Drill ins Karanza (und zur\u00fcck)<\/p>\n<p>&#8211; Einzelstock<br \/>\n&#8211; Espada y Daga<br \/>\n&#8211; Doppelstock<\/p>\n<p><strong>Karanza<\/strong><\/p>\n<p>Karanza in freier Bewegung auf Basis der bisher erlernten Beinarbeit, einschlie\u00dflich Richtungswechseln mit einem Messer<\/p>\n<p><strong>Waffenlos<\/strong><\/p>\n<p><strong>Verteidigungen (mit Folgetechnik\/en)<\/strong><\/p>\n<p>Trapping (Hebel auch m\u00f6glich) als einfaches sowie komplexes Trapping (inkl. Presas Traps)<br \/>\ngegen: \u00a0\u00a0\u00a0\u00a0\u00a0\u00a0\u00a0\u00a0\u00a0\u00a0 &#8211; Stockangriff<br \/>\n&#8211; Faustangriff<\/p>\n<p><strong>Hebeltechniken <\/strong>(alle Techniken m\u00fcssen mit Anwendungsbeispielen gezeigt werden k\u00f6nnen)<\/p>\n<p>2. Hebelkette<\/p>\n<p><strong>Drills<\/strong><\/p>\n<p>Modern Drill: mit aufgel\u00f6ster Reihenfolge<br \/>\nDeCadena:\u00a0\u00a0\u00a0\u00a0\u00a0\u00a0\u00a0\u00a0\u00a0\u00a0\u00a0\u00a0\u00a0\u00a0 auch mit Gegenangriffsvariationen<\/p>\n<p><strong>Pratzen <\/strong>(Level 5)<br \/>\nFreies Bewegen mit Mehrfachkombinationen (Faust &amp; Fu\u00df) nach vorheriger, freier Abwehr von Faust- und Fu\u00dfangriffen (sowie Kombinationen) unter Verwendung von Trapping &amp; K\u00f6rpermanipulationstechniken.<\/p>\n<p><strong>\u00dcbertragbarkeit (Anwendung\/en) Alltagsgegenst\u00e4nde\u00a0\u00a0\u00a0\u00a0\u00a0\u00a0\u00a0\u00a0\u00a0\u00a0\u00a0\u00a0\u00a0\u00a0\u00a0\u00a0\u00a0\u00a0\u00a0\u00a0 <\/strong><\/p>\n<p>Bisherige im Programm enthaltene Techniken und Anwendungen sollen beispielhaft mit folgenden Alltagsgegenst\u00e4nden demonstriert werden k\u00f6nnen:<br \/>\n&#8211; langer Gegenstand (ab ca. 90 cm, z.B. Spazierstock \/ Gehst\u00fctzen \/ Regenschirm)<br \/>\n&#8211; alle Gegenst\u00e4nde der vorherigen Programme (klein, kurz und flexibel)<\/p>\n<p><strong>SV<\/strong><\/p>\n<p>Verteidigung gegen Stockangriff: Block Entwaffnung-Hebel-Wurf<\/p>\n<p><strong>Aufgaben<\/strong><\/p>\n<p>&#8211; 2 durchgezogene Diagonalangriffe v. oben (L\u00f6sungen aus bisher erlernten Techniken)<br \/>\n&#8211; Jab &#8211; Gerade (L\u00f6sungen aus den bisher erlernten Techniken)<br \/>\n&#8211; Waffenlose Verteidigung gegen Messerangriff<br \/>\n&#8211; Freie Selbstverteidigung mit allen bisherigen Techniken nach Vorgabe der Pr\u00fcfer<br \/>\n&#8211; Chaostraining<\/p>\n<p>&nbsp;<\/p>\n<p><strong>\u00dcber den Autor:<\/strong><\/p>\n<p><strong>Gro\u00dfmeister Datu Dieter Kn\u00fcttel<\/strong><\/p>\n<p>ist Diplom-Sportlehrer, Bundestrainer f\u00fcr Modern Arnis (seit 1985) und Modern Arnis Repr\u00e4sentant f\u00fcr Europa.<\/p>\n<p>1996 wurde ihm der Titel Datu und der Grad Lakan Anim, 6. Dan Modern Arnis, von Gro\u00dfmeister Remy A. Presas (10. Dan) pers\u00f6nlich als 4. Arnis-Lehrer au\u00dferhalb der Philippinen und als erstem au\u00dferhalb der USA, verliehen<br \/>\nNachdem er den 7., 8. und 9. Dan auf den Philippinen verliehen bekommen hatte, wurde m 24.9.2016 in Dortmund \u00f6ffentlich bekanntgegeben, dass er von Gro\u00dfmeister Roberto Presas den 10. Dan Modern Arnis verliehen bekommen hatte.<\/p>\n<p>Dieter Kn\u00fcttel betreibt Kampfsport seit 1967 und philippinische Kampfk\u00fcnste seit 1978. Er unterrichtet Modern Arnis auf Lehrg\u00e4ngen \u00fcberall in Europa, Russland, Australien und in den USA.<\/p>\n<hr \/>\n<h3>Trailer<\/h3>\n<div style=\"width: 640px;\" class=\"wp-video\"><video class=\"wp-video-shortcode\" id=\"video-5323-1\" width=\"640\" height=\"360\" preload=\"metadata\" controls=\"controls\"><source type=\"video\/mp4\" src=\"https:\/\/www.abanico.de\/abanico\/wp-content\/files\/trailer\/D-MA17-Braun-deutsch-Vorspann+3.mp4?_=1\" \/><a href=\"https:\/\/www.abanico.de\/abanico\/wp-content\/files\/trailer\/D-MA17-Braun-deutsch-Vorspann+3.mp4\">https:\/\/www.abanico.de\/abanico\/wp-content\/files\/trailer\/D-MA17-Braun-deutsch-Vorspann+3.mp4<\/a><\/video><\/div>\n","protected":false},"excerpt":{"rendered":"<h2>Modern Arnis Braungurt &#8211; aktuelles Programm &#8211; DVD &#8211; PAL &#8211; DE<\/h2>\n<p><strong>Sprache: Deutsch<\/strong><br \/>\n<strong>TV-System: PAL<\/strong><br \/>\nLaufzeit (Min.): HD, 116<br \/>\n<strong>Produzent: ABANICO<\/strong><\/p>\n","protected":false},"featured_media":5088,"comment_status":"open","ping_status":"closed","template":"","meta":[],"product_brand":[],"product_cat":[7377,54,55],"product_tag":[7606,1370,1364,1372,1374,1816,1376,7610,1442],"class_list":{"0":"post-5323","1":"product","2":"type-product","3":"status-publish","4":"has-post-thumbnail","6":"product_cat-aktuelles-programm-de","7":"product_cat-dvd-pal-de","8":"product_cat-modern-arnis-dvd-pal-de-de","9":"product_tag-aktuelles-programm","10":"product_tag-dav-de","11":"product_tag-deutsch-de","12":"product_tag-deutscher-arnis-verband-de","13":"product_tag-dieter-knuettel-de","14":"product_tag-dvd-en-de","15":"product_tag-modern-arnis-de","16":"product_tag-modern-arnis-braungurt","17":"product_tag-video-de","18":"product_shipping_class-4689","20":"first","21":"instock","22":"taxable","23":"shipping-taxable","24":"purchasable","25":"product-type-simple"},"_links":{"self":[{"href":"https:\/\/www.abanico.de\/abanico\/wp-json\/wp\/v2\/product\/5323","targetHints":{"allow":["GET"]}}],"collection":[{"href":"https:\/\/www.abanico.de\/abanico\/wp-json\/wp\/v2\/product"}],"about":[{"href":"https:\/\/www.abanico.de\/abanico\/wp-json\/wp\/v2\/types\/product"}],"replies":[{"embeddable":true,"href":"https:\/\/www.abanico.de\/abanico\/wp-json\/wp\/v2\/comments?post=5323"}],"wp:featuredmedia":[{"embeddable":true,"href":"https:\/\/www.abanico.de\/abanico\/wp-json\/wp\/v2\/media\/5088"}],"wp:attachment":[{"href":"https:\/\/www.abanico.de\/abanico\/wp-json\/wp\/v2\/media?parent=5323"}],"wp:term":[{"taxonomy":"product_brand","embeddable":true,"href":"https:\/\/www.abanico.de\/abanico\/wp-json\/wp\/v2\/product_brand?post=5323"},{"taxonomy":"product_cat","embeddable":true,"href":"https:\/\/www.abanico.de\/abanico\/wp-json\/wp\/v2\/product_cat?post=5323"},{"taxonomy":"product_tag","embeddable":true,"href":"https:\/\/www.abanico.de\/abanico\/wp-json\/wp\/v2\/product_tag?post=5323"}],"curies":[{"name":"wp","href":"https:\/\/api.w.org\/{rel}","templated":true}]}}