{"id":3505,"date":"2018-11-01T00:16:01","date_gmt":"2018-10-31T23:16:01","guid":{"rendered":"https:\/\/www.abanico.de\/abanico\/?post_type=product&#038;p=3505"},"modified":"2018-12-04T00:43:01","modified_gmt":"2018-12-03T23:43:01","slug":"sv-an-wand-und-tisch-download-de","status":"publish","type":"product","link":"https:\/\/www.abanico.de\/abanico\/shop\/download-de\/modern-arnis-download-de\/sv-an-wand-und-tisch-download-de\/","title":{"rendered":"SV an Wand und Tisch &#8211; Download &#8211; DE"},"content":{"rendered":"<p>Auf diesem Video sehen Sie zwei Unterrichtseinheiten von GM Datu Dieter Kn\u00fcttel \u00fcber die funktionale Selbstverteidigung und zwar gegen Angriffe mit dem R\u00fccken zu einer Wand und Selbstverteidigung am Tisch sitzend gegen Anmache und Aufdringlichkeiten.<\/p>\n<p>Viele sehr n\u00fctzliche Hinweise sowie Techniken und Taktiken f\u00fcr eine funktionelle Selbstverteidigung. Die Aufnahmen entstanden w\u00e4hrend des Internationalen Modern Arnis Sommerlagers des DAV im September 2003 auf Spiekeroog. Als Bonus sehen Sie eine improvisierte Modern Arnis Demo der Trainer des Sommerlagers am Strand von Spiekeroog.<\/p>\n<p>&nbsp;<\/p>\n<p><strong>\u00dcber den Autor:<\/strong><\/p>\n<p><strong>Gro\u00dfmeister Datu Dieter Kn\u00fcttel<\/strong><\/p>\n<p>ist Diplom-Sportlehrer, Bundestrainer f\u00fcr Modern Arnis (seit 1985) und Modern Arnis Repr\u00e4sentant f\u00fcr Europa.<\/p>\n<p>1996 wurde ihm der Titel Datu und der Grad Lakan Anim, 6. Dan Modern Arnis, von Gro\u00dfmeister Remy A. Presas (10. Dan) pers\u00f6nlich als 4. Arnis-Lehrer au\u00dferhalb der Philippinen und als erstem au\u00dferhalb der USA, verliehen<br \/>\nNachdem er den 7., 8. und 9. Dan auf den Philippinen verliehen bekommen hatte, wurde m 24.9.2016 in Dortmund \u00f6ffentlich bekanntgegeben, dass er von Gro\u00dfmeister Roberto Presas den 10. Dan Modern Arnis verliehen bekommen hatte.<\/p>\n<p>Dieter Kn\u00fcttel betreibt Kampfsport seit 1967 und philippinische Kampfk\u00fcnste seit 1978. Er unterrichtet Modern Arnis auf Lehrg\u00e4ngen \u00fcberall in Europa, Russland, Australien und in den USA.<\/p>\n<div class=\"avia_textblock avia_textblock_style\" data-update_with=\"content\">\n<p>&nbsp;<\/p>\n<\/div>\n<div class=\"avia_textblock avia_textblock_style\" data-update_with=\"content\">\n<hr \/>\n<\/div>\n<div class=\"avia_textblock avia_textblock_style\" data-update_with=\"content\">\n<h3>Trailer<\/h3>\n<div style=\"width: 640px;\" class=\"wp-video\"><video class=\"wp-video-shortcode\" id=\"video-3505-1\" width=\"640\" height=\"360\" preload=\"metadata\" controls=\"controls\"><source type=\"video\/mp4\" src=\"https:\/\/www.abanico.de\/abanico\/wp-content\/files\/trailer\/D-SV-Sola-SD-Vorspann.mp4?_=1\" \/><a href=\"https:\/\/www.abanico.de\/abanico\/wp-content\/files\/trailer\/D-SV-Sola-SD-Vorspann.mp4\">https:\/\/www.abanico.de\/abanico\/wp-content\/files\/trailer\/D-SV-Sola-SD-Vorspann.mp4<\/a><\/video><\/div>\n<\/div>\n<p>&nbsp;<\/p>\n","protected":false},"excerpt":{"rendered":"<h2>SV an Wand und Tisch &#8211; Download &#8211; DE<\/h2>\n<p><strong>Sprache: deutsch &#8211; Download<\/strong><br \/>\nLaufzeit (Min.): 90<br \/>\n<strong>Produzent: ABANICO<\/strong><br \/>\nISBN: 3-89540-468-3<\/p>\n","protected":false},"featured_media":6411,"comment_status":"open","ping_status":"closed","template":"","meta":[],"product_brand":[],"product_cat":[39,40,2150],"product_tag":[1364,1374,1440,1845,4283,1847,4281],"class_list":{"0":"post-3505","1":"product","2":"type-product","3":"status-publish","4":"has-post-thumbnail","6":"product_cat-download-de","7":"product_cat-modern-arnis-download-de","8":"product_cat-selbstverteidigung-de","9":"product_tag-deutsch-de","10":"product_tag-dieter-knuettel-de","11":"product_tag-download-de","12":"product_tag-selbstverteidigung-de","13":"product_tag-sola","14":"product_tag-sv-de","15":"product_tag-tisch-und-stuhl","17":"first","18":"instock","19":"downloadable","20":"virtual","21":"sold-individually","22":"taxable","23":"purchasable","24":"product-type-simple"},"_links":{"self":[{"href":"https:\/\/www.abanico.de\/abanico\/wp-json\/wp\/v2\/product\/3505","targetHints":{"allow":["GET"]}}],"collection":[{"href":"https:\/\/www.abanico.de\/abanico\/wp-json\/wp\/v2\/product"}],"about":[{"href":"https:\/\/www.abanico.de\/abanico\/wp-json\/wp\/v2\/types\/product"}],"replies":[{"embeddable":true,"href":"https:\/\/www.abanico.de\/abanico\/wp-json\/wp\/v2\/comments?post=3505"}],"wp:featuredmedia":[{"embeddable":true,"href":"https:\/\/www.abanico.de\/abanico\/wp-json\/wp\/v2\/media\/6411"}],"wp:attachment":[{"href":"https:\/\/www.abanico.de\/abanico\/wp-json\/wp\/v2\/media?parent=3505"}],"wp:term":[{"taxonomy":"product_brand","embeddable":true,"href":"https:\/\/www.abanico.de\/abanico\/wp-json\/wp\/v2\/product_brand?post=3505"},{"taxonomy":"product_cat","embeddable":true,"href":"https:\/\/www.abanico.de\/abanico\/wp-json\/wp\/v2\/product_cat?post=3505"},{"taxonomy":"product_tag","embeddable":true,"href":"https:\/\/www.abanico.de\/abanico\/wp-json\/wp\/v2\/product_tag?post=3505"}],"curies":[{"name":"wp","href":"https:\/\/api.w.org\/{rel}","templated":true}]}}

<p>Auf diesem Video sehen Sie zwei Unterrichtseinheiten von GM Datu Dieter Knüttel über die funktionale Selbstverteidigung und zwar gegen Angriffe mit dem Rücken zu einer Wand und Selbstverteidigung am Tisch sitzend gegen Anmache und Aufdringlichkeiten.</p>
<p>Viele sehr nützliche Hinweise sowie Techniken und Taktiken für eine funktionelle Selbstverteidigung. Die Aufnahmen entstanden während des Internationalen Modern Arnis Sommerlagers des DAV im September 2003 auf Spiekeroog. Als Bonus sehen Sie eine improvisierte Modern Arnis Demo der Trainer des Sommerlagers am Strand von Spiekeroog.</p>
<p>&nbsp;</p>
<p><strong>Über den Autor:</strong></p>
<p><strong>Großmeister Datu Dieter Knüttel</strong></p>
<p>ist Diplom-Sportlehrer, Bundestrainer für Modern Arnis (seit 1985) und Modern Arnis Repräsentant für Europa.</p>
<p>1996 wurde ihm der Titel Datu und der Grad Lakan Anim, 6. Dan Modern Arnis, von Großmeister Remy A. Presas (10. Dan) persönlich als 4. Arnis-Lehrer außerhalb der Philippinen und als erstem außerhalb der USA, verliehen<br />
Nachdem er den 7., 8. und 9. Dan auf den Philippinen verliehen bekommen hatte, wurde m 24.9.2016 in Dortmund öffentlich bekanntgegeben, dass er von Großmeister Roberto Presas den 10. Dan Modern Arnis verliehen bekommen hatte.</p>
<p>Dieter Knüttel betreibt Kampfsport seit 1967 und philippinische Kampfkünste seit 1978. Er unterrichtet Modern Arnis auf Lehrgängen überall in Europa, Russland, Australien und in den USA.</p>
<div class="avia_textblock avia_textblock_style" data-update_with="content">
<p>&nbsp;</p>
</div>
<div class="avia_textblock avia_textblock_style" data-update_with="content">
<hr />
</div>
<div class="avia_textblock avia_textblock_style" data-update_with="content">
<h3>Trailer</h3>
<div style="width: 640px;" class="wp-video"><video class="wp-video-shortcode" id="video-3505-1" width="640" height="360" preload="metadata" controls="controls"><source type="video/mp4" src="https://www.abanico.de/abanico/wp-content/files/trailer/D-SV-Sola-SD-Vorspann.mp4?_=1" /><a href="https://www.abanico.de/abanico/wp-content/files/trailer/D-SV-Sola-SD-Vorspann.mp4">https://www.abanico.de/abanico/wp-content/files/trailer/D-SV-Sola-SD-Vorspann.mp4</a></video></div>
</div>
<p>&nbsp;</p>
