{"id":1632,"date":"2018-03-05T15:54:14","date_gmt":"2018-03-05T14:54:14","guid":{"rendered":"http:\/\/localhost:8888\/projekt4\/produkt\/import-placeholder-for-3840\/"},"modified":"2018-12-04T11:47:01","modified_gmt":"2018-12-04T10:47:01","slug":"ju-jutsu-boden-5-2","status":"publish","type":"product","link":"https:\/\/www.abanico.de\/abanico\/shop\/dvd-pal-de\/ju-jutsu-dvd-pal-de-de\/ju-jutsu-boden-5-2\/","title":{"rendered":"Ju-Jutsu Boden 5 &#8211; DVD &#8211; PAL &#8211; DE"},"content":{"rendered":"<p>Spezialtechniken und Randori mit Gi, Spezialtechniken und Randori ohne Gi.<\/p>\n<p><strong>Achim Hanke, Joe Thumfahrt, Michael Korn<\/strong><br \/>\nAchim Hanke, 8. Dan JJ ist einer der herausragendsten Ju-Jutsu-Lehrer des DJJV. Es ist f\u00fcr u.A. f\u00fcr seien ausgezeichneten Bodenarbeit bekannt<br \/>\nJoachim Thumfart, 7. Dan JJ, Diplomtrainer des DSB, staatlich gepr\u00fcfter Trainer f\u00fcr Pr\u00e4vention, Ju-Jutsu Lehrer\/ Trainer A.<br \/>\nEr ist 9-facher Deutscher Meister in allen 3 JJ-Wettkampf-Formen. Seine weiteren Erfolge sind: Vize &#8211; Europameister 1996 Brazilian Jiu-Jitsu -80kg, 3. Platz EM 1997 Ju-Jutsu Fighting -72kg, Weltmeister 1998 Ju-Jutsu Duo, Europa Cup Sieger 1998 Brazilian Jiu-Jitsu -78kg<br \/>\nMichael Korn, 4. Dan JJ ist Bundesjugendwart des DJJV<\/p>\n<div class=\"avia_textblock avia_textblock_style\" data-update_with=\"content\">\n<p>&nbsp;<\/p>\n<hr \/>\n<\/div>\n<div class=\"avia_textblock avia_textblock_style\" data-update_with=\"content\">\n<h3>Trailer<\/h3>\n<div style=\"width: 640px;\" class=\"wp-video\"><video class=\"wp-video-shortcode\" id=\"video-1632-1\" width=\"640\" height=\"360\" preload=\"metadata\" controls=\"controls\"><source type=\"video\/mp4\" src=\"https:\/\/www.abanico.de\/abanico\/wp-content\/files\/trailer\/D-JuJB5-SD-Vorspann.mp4?_=1\" \/><a href=\"https:\/\/www.abanico.de\/abanico\/wp-content\/files\/trailer\/D-JuJB5-SD-Vorspann.mp4\">https:\/\/www.abanico.de\/abanico\/wp-content\/files\/trailer\/D-JuJB5-SD-Vorspann.mp4<\/a><\/video><\/div>\n<\/div>\n","protected":false},"excerpt":{"rendered":"<h2>Ju-Jutsu Boden 5 &#8211; DVD &#8211; PAL &#8211; DE<\/h2>\n<p><strong>Sprache: Deutsch &#8211; TV-System: PAL<\/strong><br \/>\nLaufzeit (Min.): 65<br \/>\n<strong>Produzent: ABANICO<\/strong><br \/>\nISBN: 3-89540-437-3<\/p>\n","protected":false},"featured_media":5013,"comment_status":"open","ping_status":"closed","template":"","meta":[],"product_brand":[],"product_cat":[54,338],"product_tag":[1380,1364,1816,1382,1384,1311,1386,1388,1390],"class_list":{"0":"post-1632","1":"product","2":"type-product","3":"status-publish","4":"has-post-thumbnail","6":"product_cat-dvd-pal-de","7":"product_cat-ju-jutsu-dvd-pal-de-de","8":"product_tag-achim-hanke-de","9":"product_tag-deutsch-de","10":"product_tag-dvd-en-de","11":"product_tag-joe-thumfahrt-de","12":"product_tag-michael-korn-de","13":"product_tag-pal-de","14":"product_tag-randori-mit-gi-de","15":"product_tag-randori-ohne-gi-de","16":"product_tag-spezialtechniken-de","17":"product_shipping_class-4689","19":"first","20":"instock","21":"taxable","22":"shipping-taxable","23":"purchasable","24":"product-type-simple"},"_links":{"self":[{"href":"https:\/\/www.abanico.de\/abanico\/wp-json\/wp\/v2\/product\/1632","targetHints":{"allow":["GET"]}}],"collection":[{"href":"https:\/\/www.abanico.de\/abanico\/wp-json\/wp\/v2\/product"}],"about":[{"href":"https:\/\/www.abanico.de\/abanico\/wp-json\/wp\/v2\/types\/product"}],"replies":[{"embeddable":true,"href":"https:\/\/www.abanico.de\/abanico\/wp-json\/wp\/v2\/comments?post=1632"}],"wp:featuredmedia":[{"embeddable":true,"href":"https:\/\/www.abanico.de\/abanico\/wp-json\/wp\/v2\/media\/5013"}],"wp:attachment":[{"href":"https:\/\/www.abanico.de\/abanico\/wp-json\/wp\/v2\/media?parent=1632"}],"wp:term":[{"taxonomy":"product_brand","embeddable":true,"href":"https:\/\/www.abanico.de\/abanico\/wp-json\/wp\/v2\/product_brand?post=1632"},{"taxonomy":"product_cat","embeddable":true,"href":"https:\/\/www.abanico.de\/abanico\/wp-json\/wp\/v2\/product_cat?post=1632"},{"taxonomy":"product_tag","embeddable":true,"href":"https:\/\/www.abanico.de\/abanico\/wp-json\/wp\/v2\/product_tag?post=1632"}],"curies":[{"name":"wp","href":"https:\/\/api.w.org\/{rel}","templated":true}]}}

<p>Spezialtechniken und Randori mit Gi, Spezialtechniken und Randori ohne Gi.</p>
<p><strong>Achim Hanke, Joe Thumfahrt, Michael Korn</strong><br />
Achim Hanke, 8. Dan JJ ist einer der herausragendsten Ju-Jutsu-Lehrer des DJJV. Es ist für u.A. für seien ausgezeichneten Bodenarbeit bekannt<br />
Joachim Thumfart, 7. Dan JJ, Diplomtrainer des DSB, staatlich geprüfter Trainer für Prävention, Ju-Jutsu Lehrer/ Trainer A.<br />
Er ist 9-facher Deutscher Meister in allen 3 JJ-Wettkampf-Formen. Seine weiteren Erfolge sind: Vize &#8211; Europameister 1996 Brazilian Jiu-Jitsu -80kg, 3. Platz EM 1997 Ju-Jutsu Fighting -72kg, Weltmeister 1998 Ju-Jutsu Duo, Europa Cup Sieger 1998 Brazilian Jiu-Jitsu -78kg<br />
Michael Korn, 4. Dan JJ ist Bundesjugendwart des DJJV</p>
<div class="avia_textblock avia_textblock_style" data-update_with="content">
<p>&nbsp;</p>
<hr />
</div>
<div class="avia_textblock avia_textblock_style" data-update_with="content">
<h3>Trailer</h3>
<div style="width: 640px;" class="wp-video"><video class="wp-video-shortcode" id="video-1632-1" width="640" height="360" preload="metadata" controls="controls"><source type="video/mp4" src="https://www.abanico.de/abanico/wp-content/files/trailer/D-JuJB5-SD-Vorspann.mp4?_=1" /><a href="https://www.abanico.de/abanico/wp-content/files/trailer/D-JuJB5-SD-Vorspann.mp4">https://www.abanico.de/abanico/wp-content/files/trailer/D-JuJB5-SD-Vorspann.mp4</a></video></div>
</div>
