{"id":16310,"date":"2026-02-10T15:26:26","date_gmt":"2026-02-10T14:26:26","guid":{"rendered":"https:\/\/www.abanico.de\/abanico\/?post_type=product&#038;p=16310"},"modified":"2026-02-11T09:07:54","modified_gmt":"2026-02-11T08:07:54","slug":"festleger-mit-links-download-de","status":"publish","type":"product","link":"https:\/\/www.abanico.de\/abanico\/shop\/download-de\/modern-arnis-download-de\/grossmeister-und-meister-des-modern-arnis\/festleger-mit-links-download-de\/","title":{"rendered":"Festleger mit links &#8211; Download &#8211; DE"},"content":{"rendered":"<p>Dieses Lehrgangs-Video behandelt das Thema Festleger mit links aus der Doppel Sinawali Position im fortgeschrittenen Tapi-Tapi. Die Grundform ist Teil des Braungurt-Programms im DAV.<\/p>\n<p>Es werden viele Variationen gezeigt, die zu unterschiedlichsten Hebel-, Festlege- und Entwaffnungstechniken f\u00fchren.<\/p>\n<p>Trotz des Titels werden Techniken mit links UND mit rechts gezeigt und unterrichtet.\u00a0 Insgesamt wichtige Informationen f\u00fcr fortgeschrittenes Tapi-Tapi!<\/p>\n<p>Wie immer wird auf viele Details hingewiesen, die die Techniken einfacher, besser und effektiver machen.<\/p>\n<p>Sie werden viel Spa\u00df mit diesem Video haben!<\/p>\n<p>Das Video hat Kapitelmarker.<br \/>\nErkl\u00e4rung hier: <em><strong><a href=\"https:\/\/www.abanico.de\/abanico\/kapitel-in-download-videos\/\"><span style=\"color: #ff0000;\">Kapitelmarker<\/span><\/a><\/strong><\/em><\/p>\n<p>Hier der Inhalt des Videos:<\/p>\n<p>00:00\u00a0 Vorspann<br \/>\n00:29\u00a0 Willkommen<br \/>\n00:46\u00a0 Festleger mit links<br \/>\n00:52\u00a0 \u00a0 \u00a0&#8211; Standard Version<br \/>\n02:43\u00a0 \u00a0 \u00a0&#8211; Variante 1a: Zug mit rechts<br \/>\n04:45\u00a0 \u00a0 \u00a0 \u00a0 &#8211; Variante 1a: Details zum Timing<br \/>\n06:11\u00a0 \u00a0 \u00a0&#8211; Variante 1b: der Butt wird geblockt: Trap<br \/>\n08:15\u00a0 \u00a0 \u00a0&#8211; Variante 1c: Abschluss mit Presas-Trap<br \/>\n09:54\u00a0 \u00a0 \u00a0&#8211; Variante 1d und 1e<br \/>\n11:16\u00a0 \u00a0 \u00a0&#8211; Varianten 1f: Handgelenk- + Ellbogen Streckhebel<br \/>\n13:31\u00a0 \u00a0 \u00a0&#8211; Variante 2: Zug mit dem Ellbogen<br \/>\n15:45\u00a0 \u00a0 \u00a0&#8211; Variante 3: Festlegen mit dem Stock des Angreifers<br \/>\n17:39\u00a0 \u00a0 \u00a0&#8211; Variante 3: Details zur Technik<br \/>\n18:41\u00a0 Festleger mit rechts<br \/>\n18:48\u00a0 \u00a0 \u00a0&#8211; Variante 1<br \/>\n19:39\u00a0 \u00a0 \u00a0 \u00a0 &#8211; Variante 1: Details zur Technik<br \/>\n20:50\u00a0 \u00a0 \u00a0 \u00a0 &#8211; Variante 1: Lasso als Folgetechnik<br \/>\n21:49\u00a0 \u00a0 \u00a0 \u00a0 \u00a0 \u00a0&#8211; Details zum Lasso<br \/>\n23:53\u00a0 \u00a0 \u00a0 \u00a0 &#8211; Variante 1: Armstreckhebel als Folgetechnik<br \/>\n25:09\u00a0 \u00a0 \u00a0&#8211; Variante 2<br \/>\n26:20\u00a0 \u00a0 \u00a0&#8211; Variante 3<br \/>\n27:27\u00a0 \u00a0 \u00a0 \u00a0 \u00a0&#8211; Variante 3: mit dem linken Arm sichern<br \/>\n29:00\u00a0 Zusammenfassung<br \/>\n30:10\u00a0 Verabschiedung<br \/>\n31:21\u00a0 Abspann<br \/>\n31:49\u00a0 Ende<\/p>\n<p>Dies alles wird im dem Video detailliert erkl\u00e4rt und demonstriert.<\/p>\n<h4>Das Download-Video ist Teil der Serie:\u00a0 Lehrgangs Videos von und mit GM Datu Dieter Kn\u00fcttel und andern Meistern und Gro\u00dfmeistern.<br \/>\nNicht nur schnelle Demos, von denen es so viele auf Youtube zu sehen gibt, sondern Unterricht mit Erkl\u00e4rungen des &#8222;Was, Warum und Wie&#8220; mit vielen wichtigen Details, die bei reinen Demos verloren gehen.<\/h4>\n<p><strong>Videos, von denen man wirklich lernen kann.<\/strong><\/p>\n<h3>Trailer<\/h3>\n<hr \/>\n<div style=\"width: 640px;\" class=\"wp-video\"><video class=\"wp-video-shortcode\" id=\"video-16310-1\" width=\"640\" height=\"360\" preload=\"metadata\" controls=\"controls\"><source type=\"video\/mp4\" src=\"https:\/\/www.abanico.de\/abanico\/wp-content\/files\/trailer\/2026-02-Schlo\u00df-Holte-Trailer.mp4?_=1\" \/><a href=\"https:\/\/www.abanico.de\/abanico\/wp-content\/files\/trailer\/2026-02-Schlo\u00df-Holte-Trailer.mp4\">https:\/\/www.abanico.de\/abanico\/wp-content\/files\/trailer\/2026-02-Schlo\u00df-Holte-Trailer.mp4<\/a><\/video><\/div>\n<p>Musik:<br \/>\n<b>Rock Intro 3<\/b> von Audionautix ist unter der Lizenz &#8222;Creative Commons Attribution&#8220; (<span lang=\"zxx\"><u><a href=\"https:\/\/creativecommons.org\/licenses\/by\/4.0\/\" target=\"_blank\" rel=\"noopener noreferrer\">https:\/\/creativecommons.org\/licenses\/by\/4.0\/<\/a><\/u><\/span>) lizenziert.<br \/>\nK\u00fcnstler: <span lang=\"zxx\"><u><a href=\"http:\/\/audionautix.com\/\" target=\"_blank\" rel=\"noopener noreferrer\">http:\/\/audionautix.com\/<\/a><\/u><\/span><\/p>\n<hr \/>\n<h4><a href=\"https:\/\/www.abanico.de\/abanico\/dieter-knuettel-de\/\"><strong><span style=\"color: #ff0000;\"><em>Gro\u00dfmeister Datu Dieter Kn\u00fcttel<\/em><\/span><\/strong><\/a><\/h4>\n<h4>ist Diplom-Sportlehrer, Bundestrainer f\u00fcr Modern Arnis (seit 1985) und Modern Arnis Repr\u00e4sentant f\u00fcr Europa.<\/h4>\n<p>Er unterrichtet Selbstverteidigung seit Ende der 70er Jahre in ganz Deutschland aber auch weltweit.<\/p>\n<p>1996 wurde ihm der Titel Datu und der Grad Lakan Anim, 6. Dan Modern Arnis, von Gro\u00dfmeister Remy A. Presas (10. Dan) pers\u00f6nlich als 4. Arnis-Lehrer au\u00dferhalb der Philippinen und als erstem au\u00dferhalb der USA, verliehen<br \/>\nNachdem er den 7., 8. und 9. Dan auf den Philippinen verliehen bekommen hatte, wurde m 24.9.2016 in Dortmund \u00f6ffentlich bekanntgegeben, dass er von Gro\u00dfmeister Roberto Presas den 10. Dan Modern Arnis verliehen bekommen hatte.<\/p>\n<p>Dieter Kn\u00fcttel betreibt Kampfsport seit 1967 und philippinische Kampfk\u00fcnste seit 1978. Er unterrichtet Modern Arnis auf Lehrg\u00e4ngen \u00fcberall in Europa, Russland, Australien und in den USA.<\/p>\n<div class=\"avia_textblock avia_textblock_style\" data-update_with=\"content\">\n<hr \/>\n<\/div>\n<div class=\"avia_textblock avia_textblock_style\" data-update_with=\"content\"><\/div>\n","protected":false},"excerpt":{"rendered":"<h2>Festleger mit links &#8211; Download &#8211; DE<\/h2>\n<p><strong>Sprache: deutsch &#8211; download<\/strong><br \/>\nLaufzeit (Min.): 31<br \/>\n<strong>Produzent: ABANICO<\/strong><\/p>\n","protected":false},"featured_media":16312,"comment_status":"open","ping_status":"closed","template":"","meta":[],"product_brand":[],"product_cat":[39,7329,7336,40,685],"product_tag":[9022,1370,1372,4940,9231,1426,1301,10428,2325,1931,2062,2217,10448,1376,9846,10052,9163,9042,1845,9229,4900,2329],"class_list":{"0":"post-16310","1":"product","2":"type-product","3":"status-publish","4":"has-post-thumbnail","6":"product_cat-download-de","7":"product_cat-grossmeister-und-meister-des-modern-arnis","8":"product_cat-lehrgaenge-mit-gm-datu-dieter-knuettel","9":"product_cat-modern-arnis-download-de","10":"product_cat-seminar-videos-download-de","11":"product_tag-datu-dieter","12":"product_tag-dav-de","13":"product_tag-deutscher-arnis-verband-de","14":"product_tag-dieter-knuettel-en-de","15":"product_tag-download-video","16":"product_tag-entwaffnungen-de","17":"product_tag-eskrima-de","18":"product_tag-fehlerkorrektur","19":"product_tag-festleger-de","20":"product_tag-festlegetechniken-de","21":"product_tag-hebel-de","22":"product_tag-kali-de","23":"product_tag-mit-links","24":"product_tag-modern-arnis-de","25":"product_tag-modern-prinzip","26":"product_tag-quetscher","27":"product_tag-remy-presas","28":"product_tag-selbstschutz","29":"product_tag-selbstverteidigung-de","30":"product_tag-seminar-video","31":"product_tag-stockhebel","32":"product_tag-tapi-tapi-de","34":"first","35":"instock","36":"downloadable","37":"virtual","38":"sold-individually","39":"taxable","40":"purchasable","41":"product-type-simple"},"_links":{"self":[{"href":"https:\/\/www.abanico.de\/abanico\/wp-json\/wp\/v2\/product\/16310","targetHints":{"allow":["GET"]}}],"collection":[{"href":"https:\/\/www.abanico.de\/abanico\/wp-json\/wp\/v2\/product"}],"about":[{"href":"https:\/\/www.abanico.de\/abanico\/wp-json\/wp\/v2\/types\/product"}],"replies":[{"embeddable":true,"href":"https:\/\/www.abanico.de\/abanico\/wp-json\/wp\/v2\/comments?post=16310"}],"wp:featuredmedia":[{"embeddable":true,"href":"https:\/\/www.abanico.de\/abanico\/wp-json\/wp\/v2\/media\/16312"}],"wp:attachment":[{"href":"https:\/\/www.abanico.de\/abanico\/wp-json\/wp\/v2\/media?parent=16310"}],"wp:term":[{"taxonomy":"product_brand","embeddable":true,"href":"https:\/\/www.abanico.de\/abanico\/wp-json\/wp\/v2\/product_brand?post=16310"},{"taxonomy":"product_cat","embeddable":true,"href":"https:\/\/www.abanico.de\/abanico\/wp-json\/wp\/v2\/product_cat?post=16310"},{"taxonomy":"product_tag","embeddable":true,"href":"https:\/\/www.abanico.de\/abanico\/wp-json\/wp\/v2\/product_tag?post=16310"}],"curies":[{"name":"wp","href":"https:\/\/api.w.org\/{rel}","templated":true}]}}