{"id":1459,"date":"2018-03-05T15:41:27","date_gmt":"2018-03-05T14:41:27","guid":{"rendered":"http:\/\/localhost:8888\/projekt4\/produkt\/import-placeholder-for-3725\/"},"modified":"2018-12-04T11:50:36","modified_gmt":"2018-12-04T10:50:36","slug":"dehnung-fuer-kampfsportler","status":"publish","type":"product","link":"https:\/\/www.abanico.de\/abanico\/shop\/dvd-pal-de\/kick-boxen-dvd-pal-de-de\/dehnung-fuer-kampfsportler\/","title":{"rendered":"Dehnung f\u00fcr Kampfsportler &#8211; DVD &#8211; PAL &#8211; DE"},"content":{"rendered":"<p>Werden Sie gelenkig! Lernen Sie alles, was Sie \u00fcber die richtige Dehnung wissen m\u00fcssen. Ballistisch-statisch-PNF &#8211; nie geh\u00f6rt? Hier lernen Sie es. Die richtigen Trainingsprinzipien und ca 70 \u00dcbungen, die auch Sie gelenkig machen, finden Sie auf diesem Video.<\/p>\n<p><strong>Artur Allerborn<\/strong><br \/>\nDiplom-Sportleher und Diplom-Trainer Boxen, ist ehemaliger Deutscher Kick-Box Meister und 6. Dan Kick-Boxen. Er ist ein hochqualifizierter Kick-Box- und Boxtrainer, der zwischenzeitlich zum Trainerstab der Deutschen Amateur Box-Nationalmannschaft geh\u00f6rte. Seine DVDs \u00fcber Pratzentraining, Dehnung und Kick-Boxen werden Sie begeistern.<\/p>\n<div class=\"avia_textblock avia_textblock_style\" data-update_with=\"content\">\n<p>&nbsp;<\/p>\n<hr \/>\n<\/div>\n<div class=\"avia_textblock avia_textblock_style\" data-update_with=\"content\">\n<h3>Trailer<\/h3>\n<div style=\"width: 640px;\" class=\"wp-video\"><video class=\"wp-video-shortcode\" id=\"video-1459-1\" width=\"640\" height=\"360\" preload=\"metadata\" controls=\"controls\"><source type=\"video\/mp4\" src=\"https:\/\/www.abanico.de\/abanico\/wp-content\/files\/trailer\/D-D-SD-Vorspann-deutsch.mp4?_=1\" \/><a href=\"https:\/\/www.abanico.de\/abanico\/wp-content\/files\/trailer\/D-D-SD-Vorspann-deutsch.mp4\">https:\/\/www.abanico.de\/abanico\/wp-content\/files\/trailer\/D-D-SD-Vorspann-deutsch.mp4<\/a><\/video><\/div>\n<\/div>\n","protected":false},"excerpt":{"rendered":"<h2>Dehnung f\u00fcr Kampfsportler &#8211; DVD &#8211; PAL &#8211; DE<\/h2>\n<p><strong>Sprache: Deutsch &#8211; TV-System: PAL<\/strong><br \/>\nLaufzeit (Min.): 60<br \/>\n<strong>Produzent: ABANICO<\/strong><br \/>\nISBN: 3-89540-460-8<\/p>\n","protected":false},"featured_media":5224,"comment_status":"open","ping_status":"closed","template":"","meta":[],"product_brand":[],"product_cat":[54,70],"product_tag":[1804,2425,1364,1816,2427,1808,2429,1311],"class_list":{"0":"post-1459","1":"product","2":"type-product","3":"status-publish","4":"has-post-thumbnail","6":"product_cat-dvd-pal-de","7":"product_cat-kick-boxen-dvd-pal-de-de","8":"product_tag-artur-allerborn-de","9":"product_tag-dehnung-de","10":"product_tag-deutsch-de","11":"product_tag-dvd-en-de","12":"product_tag-kampfsportler-de","13":"product_tag-kick-boxen-de","14":"product_tag-kickboxen-de","15":"product_tag-pal-de","16":"product_shipping_class-4689","18":"first","19":"instock","20":"taxable","21":"shipping-taxable","22":"purchasable","23":"product-type-simple"},"_links":{"self":[{"href":"https:\/\/www.abanico.de\/abanico\/wp-json\/wp\/v2\/product\/1459","targetHints":{"allow":["GET"]}}],"collection":[{"href":"https:\/\/www.abanico.de\/abanico\/wp-json\/wp\/v2\/product"}],"about":[{"href":"https:\/\/www.abanico.de\/abanico\/wp-json\/wp\/v2\/types\/product"}],"replies":[{"embeddable":true,"href":"https:\/\/www.abanico.de\/abanico\/wp-json\/wp\/v2\/comments?post=1459"}],"wp:featuredmedia":[{"embeddable":true,"href":"https:\/\/www.abanico.de\/abanico\/wp-json\/wp\/v2\/media\/5224"}],"wp:attachment":[{"href":"https:\/\/www.abanico.de\/abanico\/wp-json\/wp\/v2\/media?parent=1459"}],"wp:term":[{"taxonomy":"product_brand","embeddable":true,"href":"https:\/\/www.abanico.de\/abanico\/wp-json\/wp\/v2\/product_brand?post=1459"},{"taxonomy":"product_cat","embeddable":true,"href":"https:\/\/www.abanico.de\/abanico\/wp-json\/wp\/v2\/product_cat?post=1459"},{"taxonomy":"product_tag","embeddable":true,"href":"https:\/\/www.abanico.de\/abanico\/wp-json\/wp\/v2\/product_tag?post=1459"}],"curies":[{"name":"wp","href":"https:\/\/api.w.org\/{rel}","templated":true}]}}

Dehnung für Kampfsportler &#8211; DVD &#8211; PAL &#8211; DE

<p>Werden Sie gelenkig! Lernen Sie alles, was Sie über die richtige Dehnung wissen müssen. Ballistisch-statisch-PNF &#8211; nie gehört? Hier lernen Sie es. Die richtigen Trainingsprinzipien und ca 70 Übungen, die auch Sie gelenkig machen, finden Sie auf diesem Video.</p>
<p><strong>Artur Allerborn</strong><br />
Diplom-Sportleher und Diplom-Trainer Boxen, ist ehemaliger Deutscher Kick-Box Meister und 6. Dan Kick-Boxen. Er ist ein hochqualifizierter Kick-Box- und Boxtrainer, der zwischenzeitlich zum Trainerstab der Deutschen Amateur Box-Nationalmannschaft gehörte. Seine DVDs über Pratzentraining, Dehnung und Kick-Boxen werden Sie begeistern.</p>
<div class="avia_textblock avia_textblock_style" data-update_with="content">
<p>&nbsp;</p>
<hr />
</div>
<div class="avia_textblock avia_textblock_style" data-update_with="content">
<h3>Trailer</h3>
<div style="width: 640px;" class="wp-video"><video class="wp-video-shortcode" id="video-1459-1" width="640" height="360" preload="metadata" controls="controls"><source type="video/mp4" src="https://www.abanico.de/abanico/wp-content/files/trailer/D-D-SD-Vorspann-deutsch.mp4?_=1" /><a href="https://www.abanico.de/abanico/wp-content/files/trailer/D-D-SD-Vorspann-deutsch.mp4">https://www.abanico.de/abanico/wp-content/files/trailer/D-D-SD-Vorspann-deutsch.mp4</a></video></div>
</div>

<h2>Dehnung für Kampfsportler &#8211; DVD &#8211; PAL &#8211; DE</h2>
<p><strong>Sprache: Deutsch &#8211; TV-System: PAL</strong><br />
Laufzeit (Min.): 60<br />
<strong>Produzent: ABANICO</strong><br />
ISBN: 3-89540-460-8</p>
