{"id":1174,"date":"2018-07-09T14:06:03","date_gmt":"2018-07-09T12:06:03","guid":{"rendered":"https:\/\/www.abanico.de\/abanico\/?post_type=product&#038;p=1174"},"modified":"2024-04-10T16:16:33","modified_gmt":"2024-04-10T14:16:33","slug":"abaniko-tres-puntas-download-deutsch","status":"publish","type":"product","link":"https:\/\/www.abanico.de\/abanico\/shop\/download-de\/philippinische-grossmeister-download-de\/abaniko-tres-puntas-download-deutsch\/","title":{"rendered":"Abaniko Tres Puntas &#8211; Download &#8211; DE"},"content":{"rendered":"<p>ABANIKO TRES PUNTAS ist ein einzigartiges Arnis System aus den Philippinen.<br \/>\nEs umfasst die komplexen Waffentechniken eines klassischen Arnis Systems, das Anwendungen auch im Nahkampf findet.<br \/>\nDiese Prinzipien sind sowohl waffenlos als auch mit einem Messer umsetzbar, was auf diesem Video auch demonstriert wird.<\/p>\n<p>Die Kombination von<\/p>\n<p>&#8211; Sanga-Patama (Block als Schlag) und<br \/>\n&#8211; Sungkiti (Stich) in Verbindung mit<br \/>\n&#8211; Hawi (parieren) und<br \/>\n&#8211; Tapi (blocken) sowie<br \/>\n&#8211; Trap Techniken<\/p>\n<p>macht es zu einem \u00e4u\u00dferst effizienten Kampfstil, der von Gro\u00dfmeister Mateo D. Estolloso auf Antique\/Philippinen gegr\u00fcndet wurde.<\/p>\n<p><strong>Grandmaster Rene Tongson<\/strong><br \/>\nbegann mit seinem Arnis-Training im Alter von 9 Jahren unter GM Roberto Presas. Er lernte Modern Arnis nach Professor Remy Presas und weiterhin verschiedene philippinische Waffensysteme. Er erlernte das ABANIKO TRES PUNTAS System unter Gro\u00dfmeister Mateo D. Estolloso, und wurde schlie\u00dflich dessen Nachfolger als Gro\u00dfmeister dieses Systems. Er ist Mitglied des &#8222;Council of Modern Arnis Masters of the Philippines&#8220;, Berater der &#8222;International Modern Arnis Federation &#8211; Philippines, IMAFP&#8220; und wurde k\u00fcrzlich zum Gro\u00dfmeister des Jahres 2006 gew\u00e4hlt.<br \/>\nEr ist einer der herausragendsten philippinischen Gro\u00dfmeister f\u00fcr klassisches Arnis.<\/p>\n<p>&nbsp;<\/p>\n<div class=\"avia_textblock avia_textblock_style\" data-update_with=\"content\">\n<p>&nbsp;<\/p>\n<hr \/>\n<\/div>\n<div class=\"avia_textblock avia_textblock_style\" data-update_with=\"content\">\n<h3>Trailer<\/h3>\n<div style=\"width: 640px;\" class=\"wp-video\"><video class=\"wp-video-shortcode\" id=\"video-1174-1\" width=\"640\" height=\"360\" preload=\"metadata\" controls=\"controls\"><source type=\"video\/mp4\" src=\"https:\/\/www.abanico.de\/abanico\/wp-content\/files\/trailer\/D-TP-SD-Vorspann.mp4?_=1\" \/><a href=\"https:\/\/www.abanico.de\/abanico\/wp-content\/files\/trailer\/D-TP-SD-Vorspann.mp4\">https:\/\/www.abanico.de\/abanico\/wp-content\/files\/trailer\/D-TP-SD-Vorspann.mp4<\/a><\/video><\/div>\n<p>&nbsp;<\/p>\n<\/div>\n","protected":false},"excerpt":{"rendered":"<h2>Abaniko Tres Puntas &#8211; Download DE<\/h2>\n<p><strong>Sprache: Deutsch &#8211; download <\/strong><br \/>\nLaufzeit (Min.): 81<br \/>\n<strong>Produzent: ABANICO<\/strong><br \/>\nISBN: 3-89540-477-2<\/p>\n","protected":false},"featured_media":5281,"comment_status":"open","ping_status":"closed","template":"","meta":[],"product_brand":[],"product_cat":[39,88,673],"product_tag":[1831],"class_list":{"0":"post-1174","1":"product","2":"type-product","3":"status-publish","4":"has-post-thumbnail","6":"product_cat-download-de","7":"product_cat-philippinische-grossmeister-download-de","8":"product_cat-tres-puntas-download-de","9":"product_tag-deutsch-download-rene-tongson-tres-puntas-de","11":"first","12":"instock","13":"downloadable","14":"virtual","15":"sold-individually","16":"taxable","17":"purchasable","18":"product-type-simple"},"_links":{"self":[{"href":"https:\/\/www.abanico.de\/abanico\/wp-json\/wp\/v2\/product\/1174","targetHints":{"allow":["GET"]}}],"collection":[{"href":"https:\/\/www.abanico.de\/abanico\/wp-json\/wp\/v2\/product"}],"about":[{"href":"https:\/\/www.abanico.de\/abanico\/wp-json\/wp\/v2\/types\/product"}],"replies":[{"embeddable":true,"href":"https:\/\/www.abanico.de\/abanico\/wp-json\/wp\/v2\/comments?post=1174"}],"wp:featuredmedia":[{"embeddable":true,"href":"https:\/\/www.abanico.de\/abanico\/wp-json\/wp\/v2\/media\/5281"}],"wp:attachment":[{"href":"https:\/\/www.abanico.de\/abanico\/wp-json\/wp\/v2\/media?parent=1174"}],"wp:term":[{"taxonomy":"product_brand","embeddable":true,"href":"https:\/\/www.abanico.de\/abanico\/wp-json\/wp\/v2\/product_brand?post=1174"},{"taxonomy":"product_cat","embeddable":true,"href":"https:\/\/www.abanico.de\/abanico\/wp-json\/wp\/v2\/product_cat?post=1174"},{"taxonomy":"product_tag","embeddable":true,"href":"https:\/\/www.abanico.de\/abanico\/wp-json\/wp\/v2\/product_tag?post=1174"}],"curies":[{"name":"wp","href":"https:\/\/api.w.org\/{rel}","templated":true}]}}