{"id":1153,"date":"2018-07-03T15:03:14","date_gmt":"2018-07-03T13:03:14","guid":{"rendered":"https:\/\/www.abanico.de\/abanico\/?post_type=product&#038;p=1153"},"modified":"2018-12-04T11:51:44","modified_gmt":"2018-12-04T10:51:44","slug":"wettkampf-tkd-1","status":"publish","type":"product","link":"https:\/\/www.abanico.de\/abanico\/shop\/dvd-pal-de\/taekwon-do-dvd-pal-de-de\/wettkampf-tkd-1\/","title":{"rendered":"Olympisches Wettkampf TKD 1 &#8211; DVD &#8211; PAL &#8211; DE"},"content":{"rendered":"<p>Diese erste DVD bietet detallierte Einblicke in die Grundlagen des Taekwondo Wettkampftrainings. Es zeigt die entsprechenden Step-, Faust- und Blocktechniken. Der Schwerpunkt liegt aber auf der Ausf\u00fchrung und den Trainingsformen der verschiedenen Beintechniken.<\/p>\n<p><strong>Musa Cicek <\/strong><br \/>\nwar 2facher Europameister und \u00e4u\u00dferst erfolgreicher Wetk\u00e4mpfer der DTU. Seit 2001 ist er Bundestrainer der DTU. Auf diesen DVDs hat er die wettkampfrelevanten Taekwondo-Techniken mit ihren Anwendungs-und Variationsm\u00f6glichkeiten zusammengestellt. Unterst\u00fctzt wird er von folgenden Taekwondokas und Mitgliedern der DTU-Nationalmannschaft: Claudia Rettschalg, Esther Scholten, Erol Denk, G\u00fcnes \u00d6zg\u00fcr, Marius Czech, Kantar Alpaslan, Markus Schwers und Cihan Cavusmann.<\/p>\n<div class=\"avia_textblock avia_textblock_style\" data-update_with=\"content\">\n<p>&nbsp;<\/p>\n<\/div>\n<div class=\"avia_textblock avia_textblock_style\" data-update_with=\"content\">\n<hr \/>\n<\/div>\n<div class=\"avia_textblock avia_textblock_style\" data-update_with=\"content\">\n<h3>Trailer<\/h3>\n<div style=\"width: 640px;\" class=\"wp-video\"><video class=\"wp-video-shortcode\" id=\"video-1153-1\" width=\"640\" height=\"360\" preload=\"metadata\" controls=\"controls\"><source type=\"video\/mp4\" src=\"https:\/\/www.abanico.de\/abanico\/wp-content\/files\/trailer\/D-WFT1-SD-Vorspann.mp4?_=1\" \/><a href=\"https:\/\/www.abanico.de\/abanico\/wp-content\/files\/trailer\/D-WFT1-SD-Vorspann.mp4\">https:\/\/www.abanico.de\/abanico\/wp-content\/files\/trailer\/D-WFT1-SD-Vorspann.mp4<\/a><\/video><\/div>\n<\/div>\n<p>&nbsp;<\/p>\n<p>&nbsp;<\/p>\n","protected":false},"excerpt":{"rendered":"<h2>Olympisches Wettkampf TKD 1 &#8211; DVD &#8211; PAL &#8211; DE<\/h2>\n<p><strong>Basis Techniken<\/strong><br \/>\n<strong>Sprache: Deutsch &#8211; TV-System: PAL<\/strong><br \/>\nLaufzeit (Min.): 78<br \/>\n<strong>Produzent: ABANICO<\/strong><br \/>\nISBN: 3-89540-417-9<\/p>\n","protected":false},"featured_media":447,"comment_status":"open","ping_status":"closed","template":"","meta":[],"product_brand":[],"product_cat":[54,665],"product_tag":[1364,1816,1311,1822],"class_list":{"0":"post-1153","1":"product","2":"type-product","3":"status-publish","4":"has-post-thumbnail","6":"product_cat-dvd-pal-de","7":"product_cat-taekwon-do-dvd-pal-de-de","8":"product_tag-deutsch-de","9":"product_tag-dvd-en-de","10":"product_tag-pal-de","11":"product_tag-teakwon-do-en-de","12":"product_shipping_class-4689","14":"first","15":"instock","16":"taxable","17":"shipping-taxable","18":"purchasable","19":"product-type-simple"},"_links":{"self":[{"href":"https:\/\/www.abanico.de\/abanico\/wp-json\/wp\/v2\/product\/1153","targetHints":{"allow":["GET"]}}],"collection":[{"href":"https:\/\/www.abanico.de\/abanico\/wp-json\/wp\/v2\/product"}],"about":[{"href":"https:\/\/www.abanico.de\/abanico\/wp-json\/wp\/v2\/types\/product"}],"replies":[{"embeddable":true,"href":"https:\/\/www.abanico.de\/abanico\/wp-json\/wp\/v2\/comments?post=1153"}],"wp:featuredmedia":[{"embeddable":true,"href":"https:\/\/www.abanico.de\/abanico\/wp-json\/wp\/v2\/media\/447"}],"wp:attachment":[{"href":"https:\/\/www.abanico.de\/abanico\/wp-json\/wp\/v2\/media?parent=1153"}],"wp:term":[{"taxonomy":"product_brand","embeddable":true,"href":"https:\/\/www.abanico.de\/abanico\/wp-json\/wp\/v2\/product_brand?post=1153"},{"taxonomy":"product_cat","embeddable":true,"href":"https:\/\/www.abanico.de\/abanico\/wp-json\/wp\/v2\/product_cat?post=1153"},{"taxonomy":"product_tag","embeddable":true,"href":"https:\/\/www.abanico.de\/abanico\/wp-json\/wp\/v2\/product_tag?post=1153"}],"curies":[{"name":"wp","href":"https:\/\/api.w.org\/{rel}","templated":true}]}}