{"id":11439,"date":"2021-09-20T12:18:41","date_gmt":"2021-09-20T10:18:41","guid":{"rendered":"https:\/\/www.abanico.de\/abanico\/?post_type=product&#038;p=11439"},"modified":"2026-02-07T16:17:14","modified_gmt":"2026-02-07T15:17:14","slug":"geschnitzter-und-geflaemmter-arnis-stock-ausruestung-o-vk","status":"publish","type":"product","link":"https:\/\/www.abanico.de\/abanico\/shop\/ausruestung\/ausruestung-direktabholung\/geschnitzter-und-geflaemmter-arnis-stock-ausruestung-o-vk\/","title":{"rendered":"Geschnitzter und gefl\u00e4mmter Arnis Stock &#8211; Ausr\u00fcstung o-VK"},"content":{"rendered":"<h5><span style=\"color: #ffcc00;\"><strong>Bestellen Sie sie St\u00f6cke hier nur, wenn Sie die St\u00f6cke in Dortmund abholen m\u00f6chten, da dieses\u00a0 Produkt keine Versandkosten berechnet.<\/strong><\/span><\/h5>\n<h5><span style=\"color: #ffcc00;\"><strong>Wenn Sie die St\u00f6cke zugeschickt bekommen m\u00f6chten, benutzen Sie bitte diesen Link:<\/strong><\/span><\/h5>\n<h3><a href=\"https:\/\/www.abanico.de\/abanico\/shop\/ausruestung\/stoecke\/geschnitzter-und-geflaemmter-arnis-stock-ausruestung\/\"><strong><span style=\"color: #ff0000;\"><em>St\u00f6cke mit Versandkosten<\/em><\/span><\/strong><\/a><\/h3>\n<p>Rattan Stock, ca 70 cm lang und etwa 2,2 cm im Durchmesser.<\/p>\n<p>Geschnitzt und feuergeh\u00e4rtet, abgerundete Enden. Ideal f\u00fcr Arnis Kali und Eskrima Training.<br \/>\nKommt direkt aus den Philippinen.<\/p>\n<div class=\"avia_textblock avia_textblock_style\" data-update_with=\"content\"><\/div>\n<div class=\"avia_textblock avia_textblock_style\" data-update_with=\"content\">\n<h3>Wie Arnis St\u00f6cke gemacht werden:<\/h3>\n<div style=\"width: 640px;\" class=\"wp-video\"><video class=\"wp-video-shortcode\" id=\"video-11439-1\" width=\"640\" height=\"360\" preload=\"metadata\" controls=\"controls\"><source type=\"video\/mp4\" src=\"https:\/\/www.abanico.de\/abanico\/wp-content\/files\/trailer\/Making%20of%20an%20Arnis%20stick.mp4?_=1\" \/><a href=\"https:\/\/www.abanico.de\/abanico\/wp-content\/files\/trailer\/Making%20of%20an%20Arnis%20stick.mp4\">https:\/\/www.abanico.de\/abanico\/wp-content\/files\/trailer\/Making%20of%20an%20Arnis%20stick.mp4<\/a><\/video><\/div>\n<\/div>\n","protected":false},"excerpt":{"rendered":"<h2>Geschnitzter und gefl\u00e4mmter Arnis Stock &#8211; Ausr\u00fcstung-o-VK<\/h2>\n<p><strong>Stock f\u00fcr Arnis Kali Eskrima Training<\/strong><\/p>\n","protected":false},"featured_media":6141,"comment_status":"open","ping_status":"closed","template":"","meta":[],"product_brand":[],"product_cat":[9718],"product_tag":[1287,2397,1297],"class_list":{"0":"post-11439","1":"product","2":"type-product","3":"status-publish","4":"has-post-thumbnail","6":"product_cat-ausruestung-direktabholung","7":"product_tag-ausruestung-de","8":"product_tag-stoecke-de","9":"product_tag-trainingsausruestung-de","11":"first","12":"instock","13":"taxable","14":"shipping-taxable","15":"purchasable","16":"product-type-simple"},"_links":{"self":[{"href":"https:\/\/www.abanico.de\/abanico\/wp-json\/wp\/v2\/product\/11439","targetHints":{"allow":["GET"]}}],"collection":[{"href":"https:\/\/www.abanico.de\/abanico\/wp-json\/wp\/v2\/product"}],"about":[{"href":"https:\/\/www.abanico.de\/abanico\/wp-json\/wp\/v2\/types\/product"}],"replies":[{"embeddable":true,"href":"https:\/\/www.abanico.de\/abanico\/wp-json\/wp\/v2\/comments?post=11439"}],"wp:featuredmedia":[{"embeddable":true,"href":"https:\/\/www.abanico.de\/abanico\/wp-json\/wp\/v2\/media\/6141"}],"wp:attachment":[{"href":"https:\/\/www.abanico.de\/abanico\/wp-json\/wp\/v2\/media?parent=11439"}],"wp:term":[{"taxonomy":"product_brand","embeddable":true,"href":"https:\/\/www.abanico.de\/abanico\/wp-json\/wp\/v2\/product_brand?post=11439"},{"taxonomy":"product_cat","embeddable":true,"href":"https:\/\/www.abanico.de\/abanico\/wp-json\/wp\/v2\/product_cat?post=11439"},{"taxonomy":"product_tag","embeddable":true,"href":"https:\/\/www.abanico.de\/abanico\/wp-json\/wp\/v2\/product_tag?post=11439"}],"curies":[{"name":"wp","href":"https:\/\/api.w.org\/{rel}","templated":true}]}}