{"id":11342,"date":"2021-09-12T11:08:46","date_gmt":"2021-09-12T09:08:46","guid":{"rendered":"https:\/\/www.abanico.de\/abanico\/?post_type=product&#038;p=11342"},"modified":"2025-01-23T18:59:53","modified_gmt":"2025-01-23T17:59:53","slug":"takedowns-largo-medio-corto-download-de","status":"publish","type":"product","link":"https:\/\/www.abanico.de\/abanico\/shop\/download-de\/modern-arnis-download-de\/grossmeister-und-meister-des-modern-arnis\/takedowns-largo-medio-corto-download-de\/","title":{"rendered":"Takedowns 1 &#8211; Largo-Medio-Corto &#8211; Download &#8211; DE"},"content":{"rendered":"<p>In diesem ersten Video demonstriert GM Datu Dieter Kn\u00fcttel, wie in den Distanzen Largo, Medio und Corto, St\u00f6cke entwaffnet und der Gegner zu Boden gebracht werden kann, und zwar Stock-Stock, waffenlos-Stock und waffenlos gegen Faustangriff.<\/p>\n<p>Dabei wird viel Wert auf die Details und Kleinigkeiten gelegt, die eine Technik funktional machen.<br \/>\nWeiterhin werden die Techniken meist weitergef\u00fchrt, so dass h\u00e4ufig nicht so bekannte Varanten der Techniken demonstriert und erkl\u00e4rt werden.<\/p>\n<p>Viel Spass mit dem Video!<\/p>\n<p>Das Video hat Kapitelmarker.<br \/>\nErkl\u00e4rung hier: <em><strong><a href=\"https:\/\/www.abanico.de\/abanico\/kapitel-in-download-videos\/\"><span style=\"color: #ff0000;\">Kapitelmarker<\/span><\/a><\/strong><\/em><\/p>\n<p>Hier der Inhalt des Videos:<\/p>\n<p>00:00\u00a0 Vorspann<br \/>\n00:29\u00a0 Willkommen und Einleitung in das Thema<br \/>\n01:13\u00a0 <strong>Largo: Stock &#8211; Stock<\/strong><br \/>\n01:19\u00a0\u00a0\u00a0\u00a0\u00a0 &#8211; Technik 1: mit Entwaffnung<br \/>\n02:46\u00a0 \u00a0 \u00a0\u00a0 \u00a0\u00a0 &#8211; Hinweise Entwaffnung<br \/>\n04:03\u00a0 \u00a0 \u00a0 \u00a0 \u00a0 &#8211; Was tun bei &#8222;falschem&#8220; Block?<br \/>\n05:06\u00a0\u00a0\u00a0\u00a0\u00a0 &#8211; Technik 1: mit Handgelenkhebel und Lasso<br \/>\n06:23\u00a0\u00a0\u00a0\u00a0\u00a0\u00a0\u00a0\u00a0\u00a0 &#8211; Hinweise Handgelenkhebel<br \/>\n07:12\u00a0\u00a0\u00a0\u00a0\u00a0\u00a0\u00a0\u00a0\u00a0 &#8211; Hinweise Lasso<br \/>\n08:31\u00a0\u00a0\u00a0\u00a0\u00a0\u00a0\u00a0\u00a0\u00a0 &#8211; Lasso mit &#8222;Sauerei&#8220; von J\u00f8rgen<br \/>\n09:14\u00a0\u00a0\u00a0\u00a0\u00a0 &#8211; Technik 1: \u00dcbertragung der Technik auf anderen Angriffe<br \/>\n12:01\u00a0 <strong>Largo: Waffenlos &#8211; Stock<\/strong><br \/>\n12:05\u00a0\u00a0\u00a0\u00a0\u00a0 &#8211; Technik 1 waffenlos: Anwendung der Stocktechniken<br \/>\n14:16\u00a0\u00a0\u00a0\u00a0\u00a0\u00a0\u00a0\u00a0\u00a0 &#8211; Hinweise: Fu\u00dftrapping<br \/>\n16:04\u00a0 \u00a0 \u00a0 &#8211; Technik 1 waffenlos: Entwaffnung und Ellbgenstreckhebel mit dem Stock<br \/>\n17:44\u00a0\u00a0\u00a0\u00a0\u00a0\u00a0\u00a0\u00a0\u00a0 &#8211; Hinweise: Ellbogenstreckhebel mit dem Stock<br \/>\n20:19\u00a0 \u00a0\u00a0\u00a0\u00a0\u00a0\u00a0\u00a0 &#8211; Hinweise: Entwaffnung<br \/>\n21:37\u00a0 <strong>Largo: Waffenlos &#8211; waffenlos<\/strong><br \/>\n21:41\u00a0\u00a0\u00a0\u00a0\u00a0 &#8211; Faustangriff &#8211; waffenlos: Wurf \u00fcber Kipphandhebel<br \/>\n22:11 \u00a0 \u00a0 \u00a0 \u00a0\u00a0 &#8211; Hinweise: Kipphandhebel<br \/>\n24:30\u00a0 <strong>Medio: Stock &#8211; Stock<\/strong><br \/>\n24:37\u00a0\u00a0\u00a0\u00a0\u00a0 &#8211; Technik 1: mit Wurf \u00fcber Schulterbeugehebel<br \/>\n26:55\u00a0 <strong>Medio: Waffenlos &#8211; Stock<\/strong><br \/>\n27:01\u00a0\u00a0\u00a0\u00a0\u00a0 &#8211; Technik 1 waffenlos: mit Wurf \u00fcber Schulterbeugehebel und Nerventechnik<br \/>\n29:28\u00a0 \u00a0\u00a0\u00a0 &#8211; Technik 1 waffenlos: \u00dcbertragung der Technik auf anderen Angriffe<br \/>\n31:14\u00a0\u00a0\u00a0\u00a0\u00a0 &#8211; Technik 1 waffenlos: Technik auf Angriff 6 (10) mit Handgelenk Beugehebel<br \/>\n32:20\u00a0 <strong>Medio: Waffenlos &#8211; waffenlos<\/strong><br \/>\n32:25\u00a0\u00a0\u00a0\u00a0\u00a0 &#8211; Faustangriff &#8211; waffenlos: Split entry evt. mit Gunting &#8211; Wurf \u00fcber Schulterbeugehebel<br \/>\n33:58\u00a0\u00a0\u00a0\u00a0\u00a0 &#8211; Faustangriff &#8211; waffenlos: Split entry &#8211; Wurf \u00fcber Kipphandhebel<br \/>\n34:23\u00a0 <strong>Corto: Stock &#8211; Stock<\/strong><br \/>\n34:33\u00a0\u00a0\u00a0\u00a0\u00a0 &#8211; Technik 1: mit Wurf durch Druck auf das rechte Schl\u00fcsselbein<br \/>\n35:48\u00a0\u00a0\u00a0\u00a0\u00a0 &#8211; Technik 1: mit Wurf durch Druck auf das linke Schl\u00fcsselbein<br \/>\n39:46\u00a0\u00a0\u00a0\u00a0\u00a0 &#8211; Technik 1: mit Wurf durch Druck mit dem Butt auf das linke Schl\u00fcsselbein<br \/>\n42:13\u00a0\u00a0\u00a0\u00a0\u00a0\u00a0\u00a0\u00a0\u00a0 &#8211; Hinweise: wie man Druck mit dem Butt am Schl\u00fcsselbein aus\u00fcbt<br \/>\n44:01\u00a0\u00a0\u00a0\u00a0\u00a0 &#8211; Technik 1: Eingang wie Druck mit dem Butt am Schl\u00fcsselbein &#8211; Fingerhebel<br \/>\n45:45\u00a0\u00a0\u00a0\u00a0\u00a0 &#8211; Technik 1: Eingang Druck mit dem Butt am Schl\u00fcsselbein &#8211; Fingerhebel<br \/>\n46:43\u00a0\u00a0\u00a0\u00a0\u00a0 &#8211; Technik 1: &#8230; Butt am Schl\u00fcsselbein &#8211; Fingerhebel &#8211; Stock unter der Achsel &#8211; Hebel<br \/>\n47:38\u00a0\u00a0\u00a0\u00a0\u00a0 &#8211; Technik 1: W\u00fcrf durch Stock in den Kniekehlen<br \/>\n48:34\u00a0\u00a0\u00a0\u00a0\u00a0 &#8211; Technik 1: Wurf durch Stock im Schritt<br \/>\n49:51\u00a0\u00a0\u00a0\u00a0\u00a0\u00a0\u00a0\u00a0\u00a0 &#8211; Hinweise: Fusstrapping<br \/>\n53:05\u00a0 <strong>Corto: Waffenlos &#8211; Stock<\/strong><br \/>\n53:09\u00a0\u00a0\u00a0\u00a0\u00a0 &#8211; Technik 1: W\u00fcrgetechnik<br \/>\n54:54\u00a0\u00a0\u00a0\u00a0\u00a0 &#8211; Technik 1: Druck in Schl\u00fcsselbeinkuhle &#8211; Fingerhebel<br \/>\n55:10\u00a0 Verabschiedung<br \/>\n55:50\u00a0 Abspann<br \/>\n56:18\u00a0 Ende<\/p>\n<p>Dies alles wird im dem Video detailliert erkl\u00e4rt und demonstriert.<\/p>\n<h4>Das Download-Video ist Teil der neuen Serie:\u00a0 Lehrgangs Videos von und mit GM Datu Dieter Kn\u00fcttel, 10. Dan Modern Arnis.<br \/>\nNicht nur schnelle Demos, von denen es so viele auf Youtube zu sehen gibt, sondern Unterricht mit Erkl\u00e4rungen des &#8222;Was, Warum und Wie&#8220; mit vielen wichtigen Details, die bei reinen Demos verloren gehen.<\/h4>\n<p><strong>Videos, von denen man wirklich lernen kann.<\/strong><\/p>\n<h4><a href=\"https:\/\/www.abanico.de\/abanico\/dieter-knuettel-de\/https:\/\/www.abanico.de\/abanico\/dieter-knuettel-de\/\"><strong><span style=\"color: #ff0000;\"><em>Gro\u00dfmeister Datu Dieter Kn\u00fcttel<\/em><\/span><\/strong><\/a><br \/>\nist Diplom-Sportlehrer, Bundestrainer f\u00fcr Modern Arnis (seit 1985) und Modern Arnis Repr\u00e4sentant f\u00fcr Europa.<\/h4>\n<p>Er unterrichtet Selbstverteidigung seit Ende der 70er Jahre in ganz Deutschland aber auch weltweit.<\/p>\n<p>1996 wurde ihm der Titel Datu und der Grad Lakan Anim, 6. Dan Modern Arnis, von Gro\u00dfmeister Remy A. Presas (10. Dan) pers\u00f6nlich als 4. Arnis-Lehrer au\u00dferhalb der Philippinen und als erstem au\u00dferhalb der USA, verliehen<br \/>\nNachdem er den 7., 8. und 9. Dan auf den Philippinen verliehen bekommen hatte, wurde m 24.9.2016 in Dortmund \u00f6ffentlich bekanntgegeben, dass er von Gro\u00dfmeister Roberto Presas den 10. Dan Modern Arnis verliehen bekommen hatte.<\/p>\n<p>Dieter Kn\u00fcttel betreibt Kampfsport seit 1967 und philippinische Kampfk\u00fcnste seit 1978. Er unterrichtet Modern Arnis auf Lehrg\u00e4ngen \u00fcberall in Europa, Russland, Australien und in den USA.<\/p>\n<div class=\"avia_textblock avia_textblock_style\" data-update_with=\"content\">\n<hr \/>\n<\/div>\n<div class=\"avia_textblock avia_textblock_style\" data-update_with=\"content\">\n<h3>Trailer<\/h3>\n<div style=\"width: 640px;\" class=\"wp-video\"><video class=\"wp-video-shortcode\" id=\"video-11342-1\" width=\"640\" height=\"360\" preload=\"metadata\" controls=\"controls\"><source type=\"video\/mp4\" src=\"https:\/\/www.abanico.de\/abanico\/wp-content\/files\/trailer\/2021-Trailer-Dortmund-Takedown.mp4?_=1\" \/><a href=\"https:\/\/www.abanico.de\/abanico\/wp-content\/files\/trailer\/2021-Trailer-Dortmund-Takedown.mp4\">https:\/\/www.abanico.de\/abanico\/wp-content\/files\/trailer\/2021-Trailer-Dortmund-Takedown.mp4<\/a><\/video><\/div>\n<p>Musik:<br \/>\n<b>Rock Intro 3<\/b> von Audionautix ist unter der Lizenz &#8222;Creative Commons Attribution&#8220; (<span style=\"color: #000080;\"><span lang=\"zxx\"><u><a href=\"https:\/\/creativecommons.org\/licenses\/by\/4.0\/\" target=\"_blank\" rel=\"noopener noreferrer\">https:\/\/creativecommons.org\/licenses\/by\/4.0\/<\/a><\/u><\/span><\/span>) lizenziert.<br \/>\nK\u00fcnstler: <span style=\"color: #000080;\"><span lang=\"zxx\"><u><a href=\"http:\/\/audionautix.com\/\" target=\"_blank\" rel=\"noopener noreferrer\">http:\/\/audionautix.com\/<\/a><\/u><\/span><\/span><\/p>\n<\/div>\n","protected":false},"excerpt":{"rendered":"<h2><strong>Takedowns &#8211; Largo-Medio-Corto &#8211; Download &#8211; DE<\/strong><\/h2>\n<p><strong>Sprache: deutsch &#8211; download<\/strong><br \/>\nLaufzeit (Min.): 56<br \/>\n<strong>Produzent: ABANICO<\/strong><\/p>\n","protected":false},"featured_media":12501,"comment_status":"open","ping_status":"closed","template":"","meta":[],"product_brand":[],"product_cat":[39,7329,7336,40,685],"product_tag":[9076,9040,2319,9022,1370,1372,1374,9231,1301,2128,9706,1889,2217,1321,9700,2327,2317,1376,7618,9163,9042,1845,9229,1847,9394,1708,9704],"class_list":{"0":"post-11342","1":"product","2":"type-product","3":"status-publish","4":"has-post-thumbnail","6":"product_cat-download-de","7":"product_cat-grossmeister-und-meister-des-modern-arnis","8":"product_cat-lehrgaenge-mit-gm-datu-dieter-knuettel","9":"product_cat-modern-arnis-download-de","10":"product_cat-seminar-videos-download-de","11":"product_tag-angriffe-anbwehren","12":"product_tag-arnis","13":"product_tag-corto","14":"product_tag-datu-dieter","15":"product_tag-dav-de","16":"product_tag-deutscher-arnis-verband-de","17":"product_tag-dieter-knuettel-de","18":"product_tag-download-video","19":"product_tag-eskrima-de","20":"product_tag-fingerhebel-de","21":"product_tag-folgetechniken","22":"product_tag-hebeltechniken-de","23":"product_tag-kali-de","24":"product_tag-karate-de","25":"product_tag-kontrolle","26":"product_tag-largo-de","27":"product_tag-medio","28":"product_tag-modern-arnis-de","29":"product_tag-realistische-selbstverteidigung","30":"product_tag-remy-presas","31":"product_tag-selbstschutz","32":"product_tag-selbstverteidigung-de","33":"product_tag-seminar-video","34":"product_tag-sv-de","35":"product_tag-takedowns","36":"product_tag-verteidigung-de","37":"product_tag-wurf","39":"first","40":"instock","41":"downloadable","42":"virtual","43":"sold-individually","44":"taxable","45":"purchasable","46":"product-type-simple"},"_links":{"self":[{"href":"https:\/\/www.abanico.de\/abanico\/wp-json\/wp\/v2\/product\/11342","targetHints":{"allow":["GET"]}}],"collection":[{"href":"https:\/\/www.abanico.de\/abanico\/wp-json\/wp\/v2\/product"}],"about":[{"href":"https:\/\/www.abanico.de\/abanico\/wp-json\/wp\/v2\/types\/product"}],"replies":[{"embeddable":true,"href":"https:\/\/www.abanico.de\/abanico\/wp-json\/wp\/v2\/comments?post=11342"}],"wp:featuredmedia":[{"embeddable":true,"href":"https:\/\/www.abanico.de\/abanico\/wp-json\/wp\/v2\/media\/12501"}],"wp:attachment":[{"href":"https:\/\/www.abanico.de\/abanico\/wp-json\/wp\/v2\/media?parent=11342"}],"wp:term":[{"taxonomy":"product_brand","embeddable":true,"href":"https:\/\/www.abanico.de\/abanico\/wp-json\/wp\/v2\/product_brand?post=11342"},{"taxonomy":"product_cat","embeddable":true,"href":"https:\/\/www.abanico.de\/abanico\/wp-json\/wp\/v2\/product_cat?post=11342"},{"taxonomy":"product_tag","embeddable":true,"href":"https:\/\/www.abanico.de\/abanico\/wp-json\/wp\/v2\/product_tag?post=11342"}],"curies":[{"name":"wp","href":"https:\/\/api.w.org\/{rel}","templated":true}]}}