{"id":10935,"date":"2021-06-18T10:52:16","date_gmt":"2021-06-18T08:52:16","guid":{"rendered":"https:\/\/www.abanico.de\/abanico\/?post_type=product&#038;p=10935"},"modified":"2024-08-21T08:28:19","modified_gmt":"2024-08-21T06:28:19","slug":"a-lot-modern-drill-2-download-de","status":"publish","type":"product","link":"https:\/\/www.abanico.de\/abanico\/shop\/download-de\/seminar-videos-download-de\/alotarnisliveonlinetraining\/a-lot-modern-drill-2-download-de\/","title":{"rendered":"A-LOT-Modern-Drill-2 &#8211; Download &#8211; DE"},"content":{"rendered":"<p>Dies ist das Video vom Arnis Live-Online-Training, A-LOT, das GM Datu Dieter Kn\u00fcttel, 10. Dan Modern Arnis, zum Thema:<\/p>\n<h4><strong>Modern Drill 2, Gr\u00fcn und Blaugurt Programm: \u00a0<\/strong><\/h4>\n<p><strong>\u00a0\u00a0\u00a0\u00a0\u00a0\u00a0\u00a0\u00a0 Im Drill: <\/strong><\/p>\n<ul>\n<li><strong>H\u00f6henvariationen<\/strong><\/li>\n<li><strong>Ellbogentechniken<\/strong><\/li>\n<li><strong> Befreiungstechniken<\/strong><\/li>\n<li><strong>Viele wichtige Details und Kleinigkeiten<\/strong><\/li>\n<\/ul>\n<p>abgehalten hat.<\/p>\n<p>Es wird die Technik, Methodik und Didaktik des Unterrichtens sowie viele Details f\u00fcr die Ausf\u00fchrung der Technik erkl\u00e4rt und demonstriert.<\/p>\n<p>Das Video hat Kapitelmarker.<br \/>\nErkl\u00e4rung hier: <em><strong><a href=\"https:\/\/www.abanico.de\/abanico\/kapitel-in-download-videos\/\"><span style=\"color: #ff0000;\">Kapitelmarker<\/span><\/a><\/strong><\/em><\/p>\n<p>Hier der Inhalt des Videos:<\/p>\n<p>00:00\u00a0 Vorspann<br \/>\n00:15\u00a0 Einleitung<br \/>\n00:42\u00a0 Grundlagen: Was vorausgesetzt wird<br \/>\n01:20\u00a0 Modern Drill: Versionen<br \/>\n01:24\u00a0\u00a0\u00a0\u00a0\u00a0 &#8211; Automatisations Drill<br \/>\n01:48\u00a0\u00a0\u00a0\u00a0\u00a0 &#8211; Reaktions Drill<br \/>\n02:00\u00a0 Modern Drill mit H\u00f6henvariationen<br \/>\n02:06\u00a0\u00a0\u00a0\u00a0\u00a0 &#8211; Auf Angriff 1<br \/>\n03:05\u00a0\u00a0\u00a0\u00a0\u00a0\u00a0\u00a0\u00a0\u00a0 &#8211; Auf Angriff 1: ohne Partner<br \/>\n03:39\u00a0\u00a0\u00a0\u00a0\u00a0 &#8211; Auf Angriff 2<br \/>\n05:13\u00a0\u00a0\u00a0\u00a0\u00a0\u00a0\u00a0\u00a0\u00a0 &#8211; Auf Angriff 2: ohne Partner<br \/>\n05:48\u00a0\u00a0\u00a0\u00a0\u00a0 &#8211; H\u00f6henvariationen Angriffe 1 und 2 gemischt<br \/>\n06:30\u00a0\u00a0\u00a0\u00a0\u00a0\u00a0\u00a0\u00a0\u00a0 &#8211; H\u00f6henvariationen Angriffe 1 und 2 gemischt: ohne Partner<br \/>\n06:52\u00a0\u00a0\u00a0\u00a0\u00a0 &#8211; H\u00f6henvariationen Angriffe 1 und 2 gemischt: beide agieren<br \/>\n08:00\u00a0 Modern Drill mit Ellbogentechniken<br \/>\n08:04\u00a0\u00a0\u00a0\u00a0\u00a0 &#8211; Horizontaler Ellbogen oben auf Angriff 1<br \/>\n09:18\u00a0\u00a0\u00a0\u00a0\u00a0\u00a0\u00a0\u00a0\u00a0 &#8211; Horizontaler Ellbogen oben auf Angriff 1: ohne Partner<br \/>\n09:42\u00a0\u00a0\u00a0\u00a0\u00a0 &#8211; Horizontaler Ellbogen oben auf Angriff 2<br \/>\n09:59\u00a0\u00a0\u00a0\u00a0\u00a0\u00a0\u00a0\u00a0\u00a0 &#8211; Blocktechnik 1<br \/>\n10:20\u00a0\u00a0\u00a0\u00a0\u00a0\u00a0\u00a0\u00a0\u00a0 &#8211; Blocktechnik 2<br \/>\n11:21\u00a0\u00a0\u00a0\u00a0\u00a0\u00a0\u00a0\u00a0\u00a0 &#8211; Horizontaler Ellbogen oben auf Angriff 2: ohne Partner<br \/>\n12:30\u00a0\u00a0\u00a0\u00a0 &#8211; Ellbogen von unten auf Angriff 2<br \/>\n13:48\u00a0\u00a0\u00a0\u00a0\u00a0\u00a0\u00a0\u00a0\u00a0 &#8211; Ellbogen von unten auf Angriff 2: ohne Partner<br \/>\n14:26\u00a0\u00a0\u00a0\u00a0\u00a0\u00a0\u00a0\u00a0\u00a0 &#8211; Ellbogen von unten auf Angriff 2 ohne umleiten<br \/>\n15:04\u00a0\u00a0\u00a0\u00a0\u00a0 &#8211; Ellbogen von oben auf Angriff 2<br \/>\n16:28\u00a0\u00a0\u00a0\u00a0\u00a0\u00a0\u00a0\u00a0\u00a0 &#8211; Ellbogen von oben auf Angriff 2: ohne Partner<br \/>\n17:17\u00a0\u00a0\u00a0\u00a0\u00a0 &#8211; Horizontaler Ellbogen oben oder unten auf Angriff 1<br \/>\n18:03\u00a0\u00a0\u00a0\u00a0\u00a0\u00a0\u00a0\u00a0\u00a0 &#8211; Horizontaler Ellbogen oben oder unten auf Angriff 1: ohne Partner<br \/>\n18:30\u00a0\u00a0\u00a0\u00a0\u00a0 &#8211; Modern Drill mit H\u00f6henvariationen und Ellbogentechniken: beide agieren<br \/>\n20:18\u00a0\u00a0\u00a0\u00a0\u00a0\u00a0\u00a0\u00a0\u00a0 &#8211; Modern Drill mit H\u00f6henvariationen und Ellbogentechniken &#8211; beide agieren: ohne Partner<br \/>\n20:52\u00a0 Modern Drill mit Befreiungstechniken<br \/>\n20:58\u00a0\u00a0\u00a0\u00a0\u00a0 &#8211; Grunds\u00e4tzliches zu den Befreiungstechniken<br \/>\n21:34\u00a0\u00a0\u00a0\u00a0\u00a0 &#8211; Befreiungstechnik 1<br \/>\n23:04\u00a0\u00a0\u00a0\u00a0\u00a0\u00a0\u00a0\u00a0\u00a0 &#8211; Befreiungstechnik 1: ohne Partner<br \/>\n23:42\u00a0\u00a0\u00a0\u00a0\u00a0 &#8211; Befreiungstechnik 2<br \/>\n24:58 \u00a0 \u00a0 \u00a0 \u00a0\u00a0 &#8211; Befreiungstechnik 2: ohne Partner<br \/>\n25:16\u00a0\u00a0\u00a0\u00a0\u00a0 &#8211; Befreiungstechnik 3<br \/>\n27:19\u00a0\u00a0\u00a0\u00a0\u00a0\u00a0\u00a0\u00a0\u00a0 &#8211; Befreiungstechnik 3: ohne Partner<br \/>\n28:09\u00a0\u00a0\u00a0\u00a0\u00a0 &#8211; Modern Drill mit Befreiungstechniken &#8211; beide agieren<br \/>\n29:02\u00a0 Modern Drill mit H\u00f6henvariationen, Ellbogen- und Befreiungstechniken &#8211; beide agieren<br \/>\n30:04\u00a0 Fazit: Modern Drill 2<br \/>\n30:57\u00a0 Verabschiedung<br \/>\n32:00\u00a0 Abspann<br \/>\n32:28\u00a0 Ende<\/p>\n<div class=\"avia_textblock avia_textblock_style\" data-update_with=\"content\">\n<h3>Trailer<\/h3>\n<\/div>\n<h4>Dies alles wird im dem A-LOT (Arnis Live-Online-Training) Video detailliert erkl\u00e4rt und demonstriert.<br \/>\nDas Arnis Live -Online- Trainings Video ist Teil der neuen Serie:\u00a0 Die \u00fcber Internet abgehaltenen Arnis Live-Online-Trainings Videos von und mit GM Datu Dieter Kn\u00fcttel, 10. Dan Modern Arnis.<br \/>\nNicht nur schnelle Demos, von denen es so viele auf Youtube zu sehen gibt, sondern Unterricht mit Erkl\u00e4rungen des &#8222;Was, Warum und Wie&#8220; mit vielen wichtigen Details, die bei reinen Demos verloren gehen.<br \/>\n<strong>Videos, von denen man wirklich lernen kann.<\/strong><\/h4>\n<div class=\"avia_textblock avia_textblock_style\" data-update_with=\"content\">\n<hr \/>\n<\/div>\n<h4><a href=\"https:\/\/www.abanico.de\/dieterknuettel\/wp\/de\/kurzbiographie\/\"><strong><em><span style=\"color: #ff0000;\">Gro\u00dfmeister Datu Dieter Kn\u00fcttel<\/span><\/em><\/strong><\/a><br \/>\nist Diplom-Sportlehrer, Bundestrainer f\u00fcr Modern Arnis (seit 1985) und Modern Arnis Repr\u00e4sentant f\u00fcr Europa.<\/h4>\n<p>Er unterrichtet Selbstverteidigung seit Ende der 70er Jahre in ganz Deutschland aber auch weltweit.<\/p>\n<p>1996 wurde ihm der Titel Datu und der Grad Lakan Anim, 6. Dan Modern Arnis, von Gro\u00dfmeister Remy A. Presas (10. Dan) pers\u00f6nlich als 4. Arnis-Lehrer au\u00dferhalb der Philippinen und als erstem au\u00dferhalb der USA, verliehen<br \/>\nNachdem er den 7., 8. und 9. Dan auf den Philippinen verliehen bekommen hatte, wurde m 24.9.2016 in Dortmund \u00f6ffentlich bekanntgegeben, dass er von Gro\u00dfmeister Roberto Presas den 10. Dan Modern Arnis verliehen bekommen hatte.<\/p>\n<p>Dieter Kn\u00fcttel betreibt Kampfsport seit 1967 und philippinische Kampfk\u00fcnste seit 1978. Er unterrichtet Modern Arnis auf Lehrg\u00e4ngen \u00fcberall in Europa, Russland, Australien und in den USA.<\/p>\n<p>&nbsp;<\/p>\n<div class=\"avia_textblock avia_textblock_style\" data-update_with=\"content\">\n<hr \/>\n<\/div>\n<div style=\"width: 640px;\" class=\"wp-video\"><video class=\"wp-video-shortcode\" id=\"video-10935-1\" width=\"640\" height=\"360\" preload=\"metadata\" controls=\"controls\"><source type=\"video\/mp4\" src=\"https:\/\/www.abanico.de\/abanico\/wp-content\/files\/trailer\/A-LOT-Trailer-Modern-Drill-2.mp4?_=1\" \/><a href=\"https:\/\/www.abanico.de\/abanico\/wp-content\/files\/trailer\/A-LOT-Trailer-Modern-Drill-2.mp4\">https:\/\/www.abanico.de\/abanico\/wp-content\/files\/trailer\/A-LOT-Trailer-Modern-Drill-2.mp4<\/a><\/video><\/div>\n","protected":false},"excerpt":{"rendered":"<h2><strong>A-LOT-Modern-Drill-2 &#8211; Download &#8211; DE<\/strong><\/h2>\n<p><strong>Sprache: deutsch &#8211; download<\/strong><br \/>\nLaufzeit (Min.): 32<br \/>\n<strong>Produzent: ABANICO<\/strong><\/p>\n","protected":false},"featured_media":10936,"comment_status":"open","ping_status":"closed","template":"","meta":[],"product_brand":[],"product_cat":[9321,39,7329,40,2150,685],"product_tag":[913,9040,9649,9022,1370,1372,1374,9231,1883,4194,1301,9619,9647,2217,1321,1376,9645,9163,9042,1845,9229,1847,9468,1708,9635,9643],"class_list":{"0":"post-10935","1":"product","2":"type-product","3":"status-publish","4":"has-post-thumbnail","6":"product_cat-alotarnisliveonlinetraining","7":"product_cat-download-de","8":"product_cat-grossmeister-und-meister-des-modern-arnis","9":"product_cat-modern-arnis-download-de","10":"product_cat-selbstverteidigung-de","11":"product_cat-seminar-videos-download-de","12":"product_tag-anwendungen-de","13":"product_tag-arnis","14":"product_tag-berfreiungstechniken","15":"product_tag-datu-dieter","16":"product_tag-dav-de","17":"product_tag-deutscher-arnis-verband-de","18":"product_tag-dieter-knuettel-de","19":"product_tag-download-video","20":"product_tag-drill-de","21":"product_tag-ellbogentechniken-de","22":"product_tag-eskrima-de","23":"product_tag-flow-drill","24":"product_tag-hoehenvariationen","25":"product_tag-kali-de","26":"product_tag-karate-de","27":"product_tag-modern-arnis-de","28":"product_tag-modern-drill-hin-her","29":"product_tag-remy-presas","30":"product_tag-selbstschutz","31":"product_tag-selbstverteidigung-de","32":"product_tag-seminar-video","33":"product_tag-sv-de","34":"product_tag-training-ohne-partner-in","35":"product_tag-verteidigung-de","36":"product_tag-waffenlos","37":"product_tag-wechsel-auf-links","39":"first","40":"instock","41":"downloadable","42":"virtual","43":"sold-individually","44":"taxable","45":"purchasable","46":"product-type-simple"},"_links":{"self":[{"href":"https:\/\/www.abanico.de\/abanico\/wp-json\/wp\/v2\/product\/10935","targetHints":{"allow":["GET"]}}],"collection":[{"href":"https:\/\/www.abanico.de\/abanico\/wp-json\/wp\/v2\/product"}],"about":[{"href":"https:\/\/www.abanico.de\/abanico\/wp-json\/wp\/v2\/types\/product"}],"replies":[{"embeddable":true,"href":"https:\/\/www.abanico.de\/abanico\/wp-json\/wp\/v2\/comments?post=10935"}],"wp:featuredmedia":[{"embeddable":true,"href":"https:\/\/www.abanico.de\/abanico\/wp-json\/wp\/v2\/media\/10936"}],"wp:attachment":[{"href":"https:\/\/www.abanico.de\/abanico\/wp-json\/wp\/v2\/media?parent=10935"}],"wp:term":[{"taxonomy":"product_brand","embeddable":true,"href":"https:\/\/www.abanico.de\/abanico\/wp-json\/wp\/v2\/product_brand?post=10935"},{"taxonomy":"product_cat","embeddable":true,"href":"https:\/\/www.abanico.de\/abanico\/wp-json\/wp\/v2\/product_cat?post=10935"},{"taxonomy":"product_tag","embeddable":true,"href":"https:\/\/www.abanico.de\/abanico\/wp-json\/wp\/v2\/product_tag?post=10935"}],"curies":[{"name":"wp","href":"https:\/\/api.w.org\/{rel}","templated":true}]}}