{"id":10902,"date":"2021-06-09T17:06:55","date_gmt":"2021-06-09T15:06:55","guid":{"rendered":"https:\/\/www.abanico.de\/abanico\/?post_type=product&#038;p=10902"},"modified":"2024-08-21T08:28:39","modified_gmt":"2024-08-21T06:28:39","slug":"a-lot-modern-drill-1-download-de","status":"publish","type":"product","link":"https:\/\/www.abanico.de\/abanico\/shop\/download-de\/seminar-videos-download-de\/alotarnisliveonlinetraining\/a-lot-modern-drill-1-download-de\/","title":{"rendered":"A-LOT-Modern-Drill-1 &#8211; Download &#8211; DE"},"content":{"rendered":"<p>Dies ist das Video vom Arnis Live-Online-Training, A-LOT, das GM Datu Dieter Kn\u00fcttel, 10. Dan Modern Arnis, zum Thema:<\/p>\n<h4><strong>Modern Drill 1:\u00a0<\/strong><\/h4>\n<ul>\n<li><strong>Programm bis Gelbgurt\/Gr\u00fcngurt<\/strong><\/li>\n<li><strong>Modern Prinzip waffenlos<\/strong><\/li>\n<li><strong>Modern Drill: \u201ceiner f\u00fcttert\u201d<\/strong><\/li>\n<li><strong>Modern Drill Hin &#8211; her<\/strong>\n<ul>\n<li><strong>Wechsel auf links + zur\u00fcck<\/strong><\/li>\n<\/ul>\n<\/li>\n<li><strong>viele wichtige Details<\/strong><\/li>\n<\/ul>\n<p>abgehalten hat.<\/p>\n<p>Es wird die Technik, Methodik und Didaktik des Unterrichtens sowie viele Details f\u00fcr die Ausf\u00fchrung der Technik erkl\u00e4rt und demonstriert.<\/p>\n<p>Das Video hat Kapitelmarker.<br \/>\nErkl\u00e4rung hier: <em><strong><a href=\"https:\/\/www.abanico.de\/abanico\/kapitel-in-download-videos\/\"><span style=\"color: #ff0000;\">Kapitelmarker<\/span><\/a><\/strong><\/em><\/p>\n<p>Hier der Inhalt des Videos:<\/p>\n<p>00:00\u00a0 Vorspann<br \/>\n00:15\u00a0 Einleitung<br \/>\n00:36\u00a0 Grundlagen: \u00dcbertragung Stock-waffenlos<br \/>\n00:42\u00a0\u00a0\u00a0\u00a0\u00a0 &#8211; Modern Technik mit Stock auf Anfgriff 1<br \/>\n01:18\u00a0\u00a0\u00a0\u00a0\u00a0 &#8211; Modern Prinzip waffenlos auf Angriff 1<br \/>\n01:23\u00a0\u00a0\u00a0\u00a0\u00a0\u00a0\u00a0\u00a0\u00a0 &#8211; Hinweise zur Ausf\u00fchrung:<br \/>\n01:29\u00a0\u00a0\u00a0\u00a0\u00a0\u00a0\u00a0\u00a0\u00a0\u00a0\u00a0\u00a0\u00a0 &#8211; Die Faust nicht zur\u00fcckziehen<br \/>\n02:01\u00a0\u00a0\u00a0\u00a0\u00a0\u00a0\u00a0\u00a0\u00a0\u00a0\u00a0\u00a0\u00a0 &#8211; So schnell wie m\u00f6glich angreifen<br \/>\n03:26\u00a0\u00a0\u00a0\u00a0\u00a0\u00a0\u00a0\u00a0\u00a0\u00a0\u00a0\u00a0\u00a0 &#8211; Welcher Gegenangriff ist nicht so wichtig<br \/>\n04:26\u00a0\u00a0\u00a0\u00a0\u00a0\u00a0\u00a0\u00a0\u00a0\u00a0\u00a0\u00a0\u00a0 &#8211; Welcher Gegenangriff dennoch sinnvoller ist<br \/>\n05:25\u00a0\u00a0\u00a0\u00a0\u00a0\u00a0\u00a0\u00a0\u00a0 &#8211; Warum wird der Modern Drill trainiert?<br \/>\n05:38\u00a0\u00a0\u00a0\u00a0\u00a0\u00a0\u00a0\u00a0\u00a0\u00a0\u00a0\u00a0\u00a0 &#8211; Ziel in diesem Level: Automatisation<br \/>\n06:22\u00a0\u00a0\u00a0\u00a0\u00a0\u00a0\u00a0\u00a0\u00a0\u00a0\u00a0\u00a0\u00a0 &#8211; Akustische Kontrolle der Ausf\u00fchrung<br \/>\n07:32\u00a0\u00a0\u00a0\u00a0\u00a0\u00a0\u00a0\u00a0\u00a0\u00a0\u00a0\u00a0\u00a0 &#8211; Warum die Arme sich nicht kreuzen sollen<br \/>\n08:08\u00a0\u00a0\u00a0\u00a0\u00a0\u00a0\u00a0\u00a0\u00a0 &#8211; Modern Prinzip waffenlos auf Angriff 1: ohne Partner<br \/>\n08:20\u00a0 \u00a0 \u00a0 &#8211; Modern Technik mit Stock auf Angriff 2<br \/>\n08:45\u00a0\u00a0\u00a0\u00a0\u00a0 &#8211; Modern Prinzip waffenlos auf Angriff 2<br \/>\n08:56\u00a0\u00a0\u00a0\u00a0\u00a0\u00a0\u00a0\u00a0\u00a0 &#8211; Hinweise zur Ausf\u00fchrung:<br \/>\n08:57\u00a0\u00a0\u00a0\u00a0\u00a0\u00a0\u00a0\u00a0\u00a0\u00a0\u00a0\u00a0\u00a0 &#8211; Mit der Faust nicht ausholen<br \/>\n09:16\u00a0\u00a0\u00a0\u00a0\u00a0\u00a0\u00a0\u00a0\u00a0\u00a0\u00a0\u00a0\u00a0 &#8211; Der rechte Arm sch\u00fctzt gleichzeitig<br \/>\n10:03\u00a0\u00a0\u00a0\u00a0\u00a0\u00a0\u00a0\u00a0\u00a0\u00a0\u00a0\u00a0\u00a0 &#8211; Akustische Kontrolle der Ausf\u00fchrung<br \/>\n10:28\u00a0\u00a0\u00a0\u00a0\u00a0\u00a0\u00a0\u00a0\u00a0\u00a0\u00a0\u00a0\u00a0 &#8211; Druck nach vorne &#8211; Federspannung<br \/>\n10:54\u00a0\u00a0\u00a0\u00a0\u00a0\u00a0\u00a0\u00a0\u00a0\u00a0\u00a0\u00a0\u00a0\u00a0\u00a0\u00a0\u00a0 &#8211; Hinweise zur Ausf\u00fchrung &#8211; Druck nach vorne &#8211; Federspannung: ohne Partner<br \/>\n11:36\u00a0\u00a0\u00a0\u00a0\u00a0\u00a0\u00a0\u00a0\u00a0\u00a0\u00a0\u00a0\u00a0 &#8211; Kreisf\u00f6rmige- und Gradlinige Angriffe &#8211; Vorhand und R\u00fcckhand &#8211; innen und au\u00dfen<br \/>\n12:40\u00a0 Modern Drill<br \/>\n12:50\u00a0\u00a0\u00a0\u00a0\u00a0 &#8211; Modern Drill: &#8222;einer f\u00fcttert&#8220;<br \/>\n12:55\u00a0\u00a0\u00a0\u00a0\u00a0\u00a0\u00a0\u00a0\u00a0 &#8211; Modern Drill &#8211; &#8222;einer f\u00fcttert&#8220;: Seite des Angreifers<br \/>\n13:13\u00a0\u00a0\u00a0\u00a0\u00a0\u00a0\u00a0\u00a0\u00a0\u00a0\u00a0\u00a0\u00a0 &#8211; Einsatz der H\u00fcfte<br \/>\n13:56\u00a0\u00a0\u00a0\u00a0\u00a0\u00a0\u00a0\u00a0\u00a0 &#8211; Modern Drill &#8211; &#8222;einer f\u00fcttert&#8220;: Seite des Verteidigers<br \/>\n14:53\u00a0\u00a0\u00a0\u00a0\u00a0\u00a0\u00a0\u00a0\u00a0\u00a0\u00a0\u00a0\u00a0 &#8211; Modern Drill &#8211; &#8222;einer f\u00fcttert&#8220;: Seite des Verteidigers &#8211; Gegenangriff auf 2 als Ohrfeige<br \/>\n15:18\u00a0\u00a0\u00a0\u00a0\u00a0\u00a0\u00a0\u00a0\u00a0\u00a0\u00a0\u00a0\u00a0\u00a0\u00a0\u00a0\u00a0 &#8211; Modern Drill &#8211; &#8222;einer f\u00fcttert&#8220; &#8211; Seite des Angreifers: ohne Partner<br \/>\n15:42\u00a0 \u00a0\u00a0\u00a0\u00a0\u00a0\u00a0\u00a0\u00a0\u00a0\u00a0\u00a0\u00a0\u00a0\u00a0\u00a0 &#8211; Modern Drill &#8211; &#8222;einer f\u00fcttert&#8220; &#8211; Seite des Verteidigers: ohne Partner<br \/>\n16:06\u00a0\u00a0\u00a0\u00a0\u00a0 &#8211; Modern Drill: hin &#8211; her<br \/>\n17:20\u00a0\u00a0\u00a0\u00a0\u00a0\u00a0\u00a0\u00a0\u00a0 &#8211; Warum der Gegenangriff auf 2 kreisf\u00f6rmig geschlagen wird<br \/>\n19:11\u00a0\u00a0\u00a0\u00a0\u00a0\u00a0\u00a0\u00a0\u00a0 &#8211; Modern Drill &#8211; hin &#8211; her: ohne Partner<br \/>\n19:59\u00a0\u00a0\u00a0\u00a0\u00a0\u00a0\u00a0\u00a0\u00a0 &#8211; Modern Drill mit einer Pratze<br \/>\n20:52\u00a0\u00a0\u00a0\u00a0\u00a0\u00a0\u00a0\u00a0\u00a0 &#8211; Fehler vermeiden: die Verteidigung des Partners nicht st\u00f6ren<br \/>\n22:04\u00a0\u00a0\u00a0\u00a0\u00a0\u00a0\u00a0\u00a0\u00a0 &#8211; Fehler vermeiden: den Gegenangriff auf 1 nicht fr\u00fch stoppen<br \/>\n25:17\u00a0\u00a0\u00a0\u00a0\u00a0\u00a0\u00a0\u00a0\u00a0\u00a0\u00a0\u00a0\u00a0 &#8211; Fehler vermeiden &#8211; den Gegenangriff auf 1 nicht fr\u00fch stoppen und den Gegenangriff auf 1 nicht fr\u00fch stoppen: ohne Partner<br \/>\n26:09 \u00a0 \u00a0 \u00a0 \u00a0\u00a0 &#8211; Fehler vermeiden: korrekte Biomechanik &#8211; Angriff 2 korrekt ableiten<br \/>\n30:15\u00a0\u00a0\u00a0\u00a0\u00a0\u00a0\u00a0\u00a0\u00a0\u00a0\u00a0\u00a0\u00a0 &#8211; Fehler vermeiden &#8211; korrekte Biomechanik &#8211; Angriff 2 korrekt blocken ohne Partner<br \/>\n31:06\u00a0\u00a0\u00a0\u00a0\u00a0 &#8211; Modern Drill mit links<br \/>\n32:03\u00a0\u00a0\u00a0\u00a0\u00a0\u00a0\u00a0\u00a0\u00a0 &#8211; Modern Drill mit links: ohne Partner<br \/>\n32:44\u00a0\u00a0\u00a0\u00a0\u00a0 &#8211; Modern Drill: Verbindung von rechts und links<br \/>\n32:48 \u00a0 \u00a0 \u00a0 \u00a0\u00a0 &#8211; Warum zuerst von links nach rechts trainiert werden sollte<br \/>\n33:40\u00a0\u00a0\u00a0\u00a0\u00a0\u00a0\u00a0\u00a0\u00a0 &#8211; Modern Drill: den Wechsel einleiten und anbieten<br \/>\n34:24\u00a0\u00a0\u00a0\u00a0\u00a0\u00a0\u00a0\u00a0\u00a0 &#8211; Modern Drill: den Wechsel annehmen<br \/>\n35:08\u00a0\u00a0\u00a0\u00a0\u00a0\u00a0\u00a0\u00a0\u00a0 &#8211; Modern Drill: den Wechsel nicht annehmen<br \/>\n35:45\u00a0\u00a0\u00a0\u00a0\u00a0 &#8211; Modern Drill: Wechsel von rechts nach links<br \/>\n36:01\u00a0\u00a0\u00a0\u00a0\u00a0\u00a0\u00a0\u00a0\u00a0 &#8211; Modern Drill: kontinuierlicher Wechsel rechts-links-rechts-links etc.<br \/>\n36:20\u00a0\u00a0\u00a0\u00a0\u00a0\u00a0\u00a0\u00a0\u00a0\u00a0\u00a0\u00a0\u00a0 &#8211; Modern Drill &#8211; kontinuierlicher Wechsel rechts-links-rechts-links etc.: ohne Partner<br \/>\n37:10\u00a0\u00a0\u00a0\u00a0\u00a0 &#8211; Modern Drill hin &#8211; her &#8211; rechts-links: beide k\u00f6nnen den Wechsel einleiten<br \/>\n38:08\u00a0 Fazit: Modern Drill hin &#8211; her<br \/>\n39:09\u00a0 Verabschiedung<br \/>\n39:41\u00a0 Abspann<br \/>\n40:09\u00a0 Ende<\/p>\n<div class=\"avia_textblock avia_textblock_style\" data-update_with=\"content\">\n<h3>Trailer<\/h3>\n<div style=\"width: 640px;\" class=\"wp-video\"><video class=\"wp-video-shortcode\" id=\"video-10902-1\" width=\"640\" height=\"360\" preload=\"metadata\" controls=\"controls\"><source type=\"video\/mp4\" src=\"https:\/\/www.abanico.de\/abanico\/wp-content\/files\/trailer\/A-LOT-Trailer-Modern-Drill-1.mp4?_=1\" \/><a href=\"https:\/\/www.abanico.de\/abanico\/wp-content\/files\/trailer\/A-LOT-Trailer-Modern-Drill-1.mp4\">https:\/\/www.abanico.de\/abanico\/wp-content\/files\/trailer\/A-LOT-Trailer-Modern-Drill-1.mp4<\/a><\/video><\/div>\n<\/div>\n<h4>Dies alles wird im dem A-LOT (Arnis Live-Online-Training) Video detailliert erkl\u00e4rt und demonstriert.<br \/>\nDas Arnis Live -Online- Trainings Video ist Teil der neuen Serie:\u00a0 Die \u00fcber Internet abgehaltenen Arnis Live-Online-Trainings Videos von und mit GM Datu Dieter Kn\u00fcttel, 10. Dan Modern Arnis.<br \/>\nNicht nur schnelle Demos, von denen es so viele auf Youtube zu sehen gibt, sondern Unterricht mit Erkl\u00e4rungen des &#8222;Was, Warum und Wie&#8220; mit vielen wichtigen Details, die bei reinen Demos verloren gehen.<br \/>\n<strong>Videos, von denen man wirklich lernen kann.<\/strong><\/h4>\n<div class=\"avia_textblock avia_textblock_style\" data-update_with=\"content\">\n<hr \/>\n<\/div>\n<h4><a href=\"https:\/\/www.abanico.de\/dieterknuettel\/wp\/de\/kurzbiographie\/\"><strong><em><span style=\"color: #ff0000;\">Gro\u00dfmeister Datu Dieter Kn\u00fcttel<\/span><\/em><\/strong><\/a><br \/>\nist Diplom-Sportlehrer, Bundestrainer f\u00fcr Modern Arnis (seit 1985) und Modern Arnis Repr\u00e4sentant f\u00fcr Europa.<\/h4>\n<p>Er unterrichtet Selbstverteidigung seit Ende der 70er Jahre in ganz Deutschland aber auch weltweit.<\/p>\n<p>1996 wurde ihm der Titel Datu und der Grad Lakan Anim, 6. Dan Modern Arnis, von Gro\u00dfmeister Remy A. Presas (10. Dan) pers\u00f6nlich als 4. Arnis-Lehrer au\u00dferhalb der Philippinen und als erstem au\u00dferhalb der USA, verliehen<br \/>\nNachdem er den 7., 8. und 9. Dan auf den Philippinen verliehen bekommen hatte, wurde m 24.9.2016 in Dortmund \u00f6ffentlich bekanntgegeben, dass er von Gro\u00dfmeister Roberto Presas den 10. Dan Modern Arnis verliehen bekommen hatte.<\/p>\n<p>Dieter Kn\u00fcttel betreibt Kampfsport seit 1967 und philippinische Kampfk\u00fcnste seit 1978. Er unterrichtet Modern Arnis auf Lehrg\u00e4ngen \u00fcberall in Europa, Russland, Australien und in den USA.<\/p>\n<p>&nbsp;<\/p>\n<div class=\"avia_textblock avia_textblock_style\" data-update_with=\"content\">\n<hr \/>\n<\/div>\n","protected":false},"excerpt":{"rendered":"<h2><strong>A-LOT-Modern-Drill-1 &#8211; Download &#8211; DE<\/strong><\/h2>\n<p><strong>Sprache: deutsch &#8211; download<\/strong><br \/>\nLaufzeit (Min.): 40<br \/>\n<strong>Produzent: ABANICO<\/strong><\/p>\n","protected":false},"featured_media":10903,"comment_status":"open","ping_status":"closed","template":"","meta":[],"product_brand":[],"product_cat":[9321,39,7329,40,2150,685],"product_tag":[913,9040,9022,1370,1372,1374,9633,5628,9231,1883,1301,9619,2217,1321,1376,9645,9163,9042,1845,9229,1847,9468,1708,9635,9643],"class_list":{"0":"post-10902","1":"product","2":"type-product","3":"status-publish","4":"has-post-thumbnail","6":"product_cat-alotarnisliveonlinetraining","7":"product_cat-download-de","8":"product_cat-grossmeister-und-meister-des-modern-arnis","9":"product_cat-modern-arnis-download-de","10":"product_cat-selbstverteidigung-de","11":"product_cat-seminar-videos-download-de","12":"product_tag-anwendungen-de","13":"product_tag-arnis","14":"product_tag-datu-dieter","15":"product_tag-dav-de","16":"product_tag-deutscher-arnis-verband-de","17":"product_tag-dieter-knuettel-de","18":"product_tag-doppel-messer","19":"product_tag-doppelstock","20":"product_tag-download-video","21":"product_tag-drill-de","22":"product_tag-eskrima-de","23":"product_tag-flow-drill","24":"product_tag-kali-de","25":"product_tag-karate-de","26":"product_tag-modern-arnis-de","27":"product_tag-modern-drill-hin-her","28":"product_tag-remy-presas","29":"product_tag-selbstschutz","30":"product_tag-selbstverteidigung-de","31":"product_tag-seminar-video","32":"product_tag-sv-de","33":"product_tag-training-ohne-partner-in","34":"product_tag-verteidigung-de","35":"product_tag-waffenlos","36":"product_tag-wechsel-auf-links","38":"first","39":"instock","40":"downloadable","41":"virtual","42":"sold-individually","43":"taxable","44":"purchasable","45":"product-type-simple"},"_links":{"self":[{"href":"https:\/\/www.abanico.de\/abanico\/wp-json\/wp\/v2\/product\/10902","targetHints":{"allow":["GET"]}}],"collection":[{"href":"https:\/\/www.abanico.de\/abanico\/wp-json\/wp\/v2\/product"}],"about":[{"href":"https:\/\/www.abanico.de\/abanico\/wp-json\/wp\/v2\/types\/product"}],"replies":[{"embeddable":true,"href":"https:\/\/www.abanico.de\/abanico\/wp-json\/wp\/v2\/comments?post=10902"}],"wp:featuredmedia":[{"embeddable":true,"href":"https:\/\/www.abanico.de\/abanico\/wp-json\/wp\/v2\/media\/10903"}],"wp:attachment":[{"href":"https:\/\/www.abanico.de\/abanico\/wp-json\/wp\/v2\/media?parent=10902"}],"wp:term":[{"taxonomy":"product_brand","embeddable":true,"href":"https:\/\/www.abanico.de\/abanico\/wp-json\/wp\/v2\/product_brand?post=10902"},{"taxonomy":"product_cat","embeddable":true,"href":"https:\/\/www.abanico.de\/abanico\/wp-json\/wp\/v2\/product_cat?post=10902"},{"taxonomy":"product_tag","embeddable":true,"href":"https:\/\/www.abanico.de\/abanico\/wp-json\/wp\/v2\/product_tag?post=10902"}],"curies":[{"name":"wp","href":"https:\/\/api.w.org\/{rel}","templated":true}]}}