{"id":10750,"date":"2021-05-14T09:07:16","date_gmt":"2021-05-14T07:07:16","guid":{"rendered":"https:\/\/www.abanico.de\/abanico\/?post_type=product&#038;p=10750"},"modified":"2025-11-12T14:08:26","modified_gmt":"2025-11-12T13:08:26","slug":"a-lot-doppelstock-tapi-tapi-5-download-de","status":"publish","type":"product","link":"https:\/\/www.abanico.de\/abanico\/shop\/gemaelde\/9548\/a-lot-doppelstock-tapi-tapi-5-download-de\/","title":{"rendered":"A-LOT-Doppelstock-Tapi-Tapi-5 &#8211; Download &#8211; DE"},"content":{"rendered":"<p>Dies ist das Video vom Arnis Live-Online-Training, A-LOT, das GM Datu Dieter Kn\u00fcttel, 10. Dan Modern Arnis, zum Thema:<\/p>\n<h4><strong>Doppelstock Tapi-Tapi 5: <\/strong><\/h4>\n<ul>\n<li><strong>In Medio bleiben<\/strong><\/li>\n<li><strong>Entwaffnungen und Folgetechniken<\/strong><\/li>\n<li><strong>Hebel und Folgetechniken<\/strong><\/li>\n<li><strong>Schlag\/Block mit Angriff<\/strong><\/li>\n<\/ul>\n<p>abgehalten hat.<\/p>\n<p>Es wird die Technik, Methodik und Didaktik des Unterrichtens sowie viele Details f\u00fcr die Ausf\u00fchrung der Technik erkl\u00e4rt und demonstriert.<\/p>\n<p>Das Video hat Kapitelmarker.<br \/>\nErkl\u00e4rung hier: <span style=\"color: #ff0000;\"><em><strong><a style=\"color: #ff0000;\" href=\"https:\/\/www.abanico.de\/abanico\/kapitel-in-download-videos\/\">Kapitelmarker<\/a><\/strong><\/em><\/span><\/p>\n<p>Hier der Inhalt des Videos:<\/p>\n<p>00:00\u00a0 Vorspann<br \/>\n00:15\u00a0 Einleitung<br \/>\n01:08\u00a0 Butt Eingang: in Medio bleiben<br \/>\n01:13\u00a0\u00a0\u00a0\u00a0\u00a0 &#8211; Doppelt-parieren: rechts &#8211; links oder links &#8211; rechts<br \/>\n02:28\u00a0\u00a0\u00a0\u00a0\u00a0\u00a0\u00a0\u00a0\u00a0 &#8211; Doppelt parieren &#8211; rechts &#8211; links oder links &#8211; rechts: ohne Partner<br \/>\n02:51\u00a0 Entwaffnungen mit Folgetechniken<br \/>\n03:07\u00a0\u00a0\u00a0\u00a0\u00a0 &#8211; 1. Serie &#8211; Angriff 1: rechts<br \/>\n03:14\u00a0\u00a0\u00a0\u00a0\u00a0\u00a0\u00a0\u00a0\u00a0 &#8211; Nach der Entwaffnung: festlegen der blockenden Hand<br \/>\n05:34\u00a0\u00a0\u00a0\u00a0\u00a0\u00a0\u00a0\u00a0\u00a0\u00a0\u00a0\u00a0\u00a0 &#8211; Nach der Entwaffnung: festlegen der blockenden Hand: ohne Partner<br \/>\n06:22\u00a0\u00a0\u00a0\u00a0\u00a0 &#8211; 2. Serie &#8211; Angriff 1: rechts<br \/>\n06:37\u00a0\u00a0\u00a0\u00a0\u00a0\u00a0\u00a0\u00a0\u00a0 &#8211; Nach der Entwaffnung: Stock zur\u00fcckwerfen<br \/>\n06:57\u00a0\u00a0\u00a0\u00a0\u00a0\u00a0\u00a0\u00a0\u00a0 &#8211; Nach der Entwaffnung: festlegen der greifenden Hand<br \/>\n08:28\u00a0\u00a0\u00a0\u00a0\u00a0\u00a0\u00a0\u00a0\u00a0 &#8211; Nach der Entwaffnung: festlegen der greifenden Hand &#8211; rauslassen &#8211; weiter im Drill<br \/>\n08:47\u00a0\u00a0\u00a0\u00a0\u00a0\u00a0\u00a0\u00a0\u00a0\u00a0\u00a0\u00a0\u00a0 &#8211; Nach der Entwaffnung &#8211; festlegen der greifenden Hand: ohne Partner<br \/>\n09:14\u00a0 Hebel mit Folgetechniken<br \/>\n09:19\u00a0\u00a0\u00a0\u00a0\u00a0 &#8211; Angriff 1 &#8211; umleiten: Ellbogenstreckhebel &#8211; rauslassen &#8211; weiter im Drill<br \/>\n12:12\u00a0\u00a0\u00a0\u00a0\u00a0\u00a0\u00a0\u00a0\u00a0 &#8211; Angriff 1 &#8211; umleiten &#8211; Ellbogenstreckhebel &#8211; rauslassen &#8211; weiter im Drill: ohne Partner<br \/>\n12:45\u00a0\u00a0\u00a0\u00a0\u00a0 &#8211; Verkettung &#8211; Ellbogenstreckhebel mit 2. Entwaffnungsserie auf Angriff 2 &#8211; Festleger<br \/>\n15:05\u00a0\u00a0\u00a0\u00a0\u00a0 &#8211; Direkter Eingang 2. Entwaffnungsserie auf Angriff 2 &#8211; Festleger<br \/>\n15:43\u00a0\u00a0\u00a0\u00a0\u00a0\u00a0\u00a0\u00a0\u00a0 &#8211; Die Unterst\u00fctzung der Entwaffnung ist ein Angriff<br \/>\n16:40\u00a0\u00a0\u00a0\u00a0\u00a0\u00a0\u00a0\u00a0\u00a0 &#8211; Verkettung &#8211; Ellbogenstreckhebel mit 2. Entwaffnungsserie auf Angriff 2 &#8211; Festleger: ohne Partner<br \/>\n17:27\u00a0\u00a0\u00a0\u00a0\u00a0 &#8211; Eingang 2. Entwaffnungsserie auf 2 &#8211; Faust blocken &#8211; Banda y Banda &#8211; Schlag 2 mit Links<br \/>\n18:51\u00a0\u00a0\u00a0\u00a0\u00a0\u00a0\u00a0\u00a0\u00a0 &#8211; Eingang 2. Entwaffnungsserie auf 2 &#8211; Faust blocken &#8211; Banda y Banda &#8211; Schlag 2 mit Links: ohne Partner<br \/>\n19:19\u00a0\u00a0\u00a0\u00a0\u00a0 &#8211; Eingang 2. Entwaffnungsserie auf 2 &#8211; Faust parieren &#8211; Festleger<br \/>\n22:13\u00a0\u00a0\u00a0\u00a0\u00a0\u00a0\u00a0\u00a0\u00a0 &#8211; Eingang 2. Entwaffnungsserie auf 2 &#8211; Faust parieren &#8211; Festleger: ohne Partner<br \/>\n23:11\u00a0\u00a0\u00a0\u00a0\u00a0 &#8211; Angriff 2 &#8211; umleiten: festlegen &#8211; rauslassen &#8211; weiter im Drill<br \/>\n25:50\u00a0\u00a0\u00a0\u00a0\u00a0\u00a0\u00a0\u00a0\u00a0 &#8211; Angriff 2 &#8211; umleiten &#8211; festlegen &#8211; rauslassen &#8211; weiter im Drill: ohne Partner<br \/>\n26:28\u00a0\u00a0\u00a0\u00a0\u00a0 &#8211; Angriff 2 &#8211; umleiten: festlegen &#8211; Wurf<br \/>\n27:43\u00a0\u00a0\u00a0\u00a0\u00a0\u00a0\u00a0\u00a0\u00a0 &#8211; Angriff 2 &#8211; umleiten &#8211; festlegen &#8211; Wurf: ohne Partner<br \/>\n28:17\u00a0 Beim Schlag oder beim Block angreifen<br \/>\n28:23\u00a0\u00a0\u00a0\u00a0\u00a0 &#8211; Block mit 1. oder 2. Doppelstock Serie<br \/>\n29:06\u00a0\u00a0\u00a0\u00a0\u00a0 &#8211; Beim Schlag angreifen<br \/>\n30:12\u00a0\u00a0\u00a0\u00a0\u00a0 &#8211; Beim Block angreifen<br \/>\n31:39\u00a0\u00a0\u00a0\u00a0\u00a0\u00a0\u00a0\u00a0\u00a0 &#8211; Beim Schlag oder beim Block angreifen: ohne Partner<br \/>\n32:37\u00a0\u00a0\u00a0\u00a0\u00a0 &#8211; Beim Butt-Eingang die parierende Hand angreifen (Redonda)<br \/>\n33:16\u00a0 Der Fluss: alles flie\u00dft zusammen<br \/>\n34:32\u00a0 Fazit: Doppelstock Tapi-Tapi<br \/>\n35:39\u00a0 Verabschiedung<br \/>\n35:48\u00a0 Abspann<br \/>\n36:16\u00a0 Ende<\/p>\n<div class=\"avia_textblock avia_textblock_style\" data-update_with=\"content\">\n<h3>Trailer<\/h3>\n<div style=\"width: 640px;\" class=\"wp-video\"><video class=\"wp-video-shortcode\" id=\"video-10750-1\" width=\"640\" height=\"360\" preload=\"metadata\" controls=\"controls\"><source type=\"video\/mp4\" src=\"https:\/\/www.abanico.de\/abanico\/wp-content\/files\/trailer\/A-LOT-Trailer-Doppelstock-Tapi-Tapi-5.mp4?_=1\" \/><a href=\"https:\/\/www.abanico.de\/abanico\/wp-content\/files\/trailer\/A-LOT-Trailer-Doppelstock-Tapi-Tapi-5.mp4\">https:\/\/www.abanico.de\/abanico\/wp-content\/files\/trailer\/A-LOT-Trailer-Doppelstock-Tapi-Tapi-5.mp4<\/a><\/video><\/div>\n<\/div>\n<h4>Dies alles wird im dem A-LOT (Arnis Live-Online-Training) Video detailliert erkl\u00e4rt und demonstriert.<br \/>\nDas Arnis Live -Online- Trainings Video ist Teil der neuen Serie:\u00a0 Die \u00fcber Internet abgehaltenen Arnis Live-Online-Trainings Videos von und mit GM Datu Dieter Kn\u00fcttel, 10. Dan Modern Arnis.<br \/>\nNicht nur schnelle Demos, von denen es so viele auf Youtube zu sehen gibt, sondern Unterricht mit Erkl\u00e4rungen des &#8222;Was, Warum und Wie&#8220; mit vielen wichtigen Details, die bei reinen Demos verloren gehen.<br \/>\n<strong>Videos, von denen man wirklich lernen kann.<\/strong><\/h4>\n<div class=\"avia_textblock avia_textblock_style\" data-update_with=\"content\">\n<hr \/>\n<\/div>\n<h4><a href=\"https:\/\/www.abanico.de\/dieterknuettel\/wp\/de\/kurzbiographie\/\"><strong><span style=\"color: #ff0000;\"><em>Gro\u00dfmeister Datu Dieter Kn\u00fcttel<\/em><\/span><\/strong><\/a><br \/>\nist Diplom-Sportlehrer, Bundestrainer f\u00fcr Modern Arnis (seit 1985) und Modern Arnis Repr\u00e4sentant f\u00fcr Europa.<\/h4>\n<p>Er unterrichtet Selbstverteidigung seit Ende der 70er Jahre in ganz Deutschland aber auch weltweit.<\/p>\n<p>1996 wurde ihm der Titel Datu und der Grad Lakan Anim, 6. Dan Modern Arnis, von Gro\u00dfmeister Remy A. Presas (10. Dan) pers\u00f6nlich als 4. Arnis-Lehrer au\u00dferhalb der Philippinen und als erstem au\u00dferhalb der USA, verliehen<br \/>\nNachdem er den 7., 8. und 9. Dan auf den Philippinen verliehen bekommen hatte, wurde m 24.9.2016 in Dortmund \u00f6ffentlich bekanntgegeben, dass er von Gro\u00dfmeister Roberto Presas den 10. Dan Modern Arnis verliehen bekommen hatte.<\/p>\n<p>Dieter Kn\u00fcttel betreibt Kampfsport seit 1967 und philippinische Kampfk\u00fcnste seit 1978. Er unterrichtet Modern Arnis auf Lehrg\u00e4ngen \u00fcberall in Europa, Russland, Australien und in den USA.<\/p>\n<div class=\"avia_textblock avia_textblock_style\" data-update_with=\"content\">\n<hr \/>\n<\/div>\n","protected":false},"excerpt":{"rendered":"<h2><strong>A-LOT-Doppelstock-Tapi-Tapi-5 &#8211; Download &#8211; DE<\/strong><\/h2>\n<p><strong>Sprache: deutsch &#8211; download<\/strong><br \/>\nLaufzeit (Min.): 36<br \/>\n<strong>Produzent: ABANICO<\/strong><\/p>\n","protected":false},"featured_media":10751,"comment_status":"open","ping_status":"closed","template":"","meta":[],"product_brand":[],"product_cat":[9548],"product_tag":[],"class_list":{"0":"post-10750","1":"product","2":"type-product","3":"status-publish","4":"has-post-thumbnail","6":"product_cat-9548","8":"first","9":"instock","10":"downloadable","11":"virtual","12":"sold-individually","13":"taxable","14":"purchasable","15":"product-type-simple"},"_links":{"self":[{"href":"https:\/\/www.abanico.de\/abanico\/wp-json\/wp\/v2\/product\/10750","targetHints":{"allow":["GET"]}}],"collection":[{"href":"https:\/\/www.abanico.de\/abanico\/wp-json\/wp\/v2\/product"}],"about":[{"href":"https:\/\/www.abanico.de\/abanico\/wp-json\/wp\/v2\/types\/product"}],"replies":[{"embeddable":true,"href":"https:\/\/www.abanico.de\/abanico\/wp-json\/wp\/v2\/comments?post=10750"}],"wp:featuredmedia":[{"embeddable":true,"href":"https:\/\/www.abanico.de\/abanico\/wp-json\/wp\/v2\/media\/10751"}],"wp:attachment":[{"href":"https:\/\/www.abanico.de\/abanico\/wp-json\/wp\/v2\/media?parent=10750"}],"wp:term":[{"taxonomy":"product_brand","embeddable":true,"href":"https:\/\/www.abanico.de\/abanico\/wp-json\/wp\/v2\/product_brand?post=10750"},{"taxonomy":"product_cat","embeddable":true,"href":"https:\/\/www.abanico.de\/abanico\/wp-json\/wp\/v2\/product_cat?post=10750"},{"taxonomy":"product_tag","embeddable":true,"href":"https:\/\/www.abanico.de\/abanico\/wp-json\/wp\/v2\/product_tag?post=10750"}],"curies":[{"name":"wp","href":"https:\/\/api.w.org\/{rel}","templated":true}]}}