{"id":10554,"date":"2021-04-22T11:04:08","date_gmt":"2021-04-22T09:04:08","guid":{"rendered":"https:\/\/www.abanico.de\/abanico\/?post_type=product&#038;p=10554"},"modified":"2024-08-21T08:38:41","modified_gmt":"2024-08-21T06:38:41","slug":"a-lot-doppelstock-tapi-tapi-2-download-de","status":"publish","type":"product","link":"https:\/\/www.abanico.de\/abanico\/shop\/download-de\/seminar-videos-download-de\/alotarnisliveonlinetraining\/a-lot-doppelstock-tapi-tapi-2-download-de\/","title":{"rendered":"A-LOT-Doppelstock-Tapi-Tapi-2 &#8211; Download &#8211; DE"},"content":{"rendered":"<p>Dies ist das Video vom Arnis Live-Online-Training, A-LOT, das GM Datu Dieter Kn\u00fcttel, 10. Dan Modern Arnis, zum Thema:<\/p>\n<h4><strong>Doppelstock Tapi-Tapi 2:<\/strong><\/h4>\n<ul>\n<li><strong>Einser Stopper<\/strong>\n<ul>\n<li><strong>Medio und Corto<\/strong><\/li>\n<\/ul>\n<\/li>\n<li><strong> Zweier Stopper<\/strong>\n<ul>\n<li><strong>Medio und Corto<\/strong><\/li>\n<\/ul>\n<\/li>\n<li><strong>Abanicos aus Reversblock<\/strong>\n<ul>\n<li><strong>auf Schlag 1 und Schlag 2<\/strong><\/li>\n<li><strong>rechts und links<br \/>\n<\/strong><\/li>\n<\/ul>\n<\/li>\n<\/ul>\n<p>abgehalten hat.<\/p>\n<p>Es wird die Technik, Methodik und Didaktik des Unterrichtens sowie viele Details f\u00fcr die Ausf\u00fchrung der Technik erkl\u00e4rt und demonstriert.<\/p>\n<p>Das Video hat Kapitelmarker.<br \/>\nErkl\u00e4rung hier: <span style=\"color: #ff0000;\"><em><strong><a style=\"color: #ff0000;\" href=\"https:\/\/www.abanico.de\/abanico\/kapitel-in-download-videos\/\">Kapitelmarker<\/a><\/strong><\/em><\/span><\/p>\n<p>Hier der Inhalt des Videos:<\/p>\n<p>00:00\u00a0 Vorspann<br \/>\n00:15\u00a0 Einleitung<br \/>\n00:41\u00a0 Flow: Largo &#8211; Medio &#8211; Corto mit rechts und links<br \/>\n01:23\u00a0 Die Stopper<br \/>\n01:26\u00a0\u00a0\u00a0\u00a0\u00a0 &#8211; Einser Stopper<br \/>\n01:30\u00a0\u00a0\u00a0\u00a0\u00a0\u00a0\u00a0\u00a0\u00a0 &#8211; Einser Stopper Einzelstock &#8211; Medio<br \/>\n01:52\u00a0\u00a0\u00a0\u00a0\u00a0\u00a0\u00a0\u00a0\u00a0 &#8211; Problem: Einser Stopper Doppelstock &#8211; Medio<br \/>\n02:46\u00a0\u00a0\u00a0\u00a0\u00a0\u00a0\u00a0\u00a0\u00a0 &#8211; Einser Stopper Doppelstock &#8211; Corto<br \/>\n03:15\u00a0\u00a0\u00a0\u00a0\u00a0\u00a0\u00a0\u00a0\u00a0\u00a0\u00a0\u00a0\u00a0 &#8211; Clippen und &#8222;l\u00f6sen&#8220;<br \/>\n05:02\u00a0\u00a0\u00a0\u00a0\u00a0\u00a0\u00a0\u00a0\u00a0\u00a0\u00a0\u00a0\u00a0 &#8211; Einser Stopper Doppelstock &#8211; Corto: ohne Partner<br \/>\n05:36\u00a0\u00a0\u00a0\u00a0\u00a0\u00a0\u00a0\u00a0\u00a0\u00a0\u00a0\u00a0\u00a0 &#8211; Einser Stopper Doppelstock &#8211; aus verschiedenen Corto Situationen<br \/>\n06:39\u00a0\u00a0\u00a0\u00a0\u00a0\u00a0\u00a0\u00a0\u00a0 &#8211; Einser Stopper Doppelstock &#8211; Medio: Eingang auf Schlag 2<br \/>\n09:54\u00a0\u00a0\u00a0\u00a0\u00a0\u00a0\u00a0\u00a0\u00a0\u00a0\u00a0\u00a0\u00a0 &#8211; Einser Stopper Doppelstock &#8211; Medio &#8211; Eingang auf Schlag 2: ohne Partner<br \/>\n10:39\u00a0\u00a0\u00a0\u00a0\u00a0\u00a0\u00a0\u00a0\u00a0\u00a0\u00a0\u00a0\u00a0 &#8211; Einser Stopper Doppelstock: Beinarbeit<br \/>\n11:35\u00a0\u00a0\u00a0\u00a0\u00a0 &#8211; Zweier Stopper<br \/>\n11:44\u00a0\u00a0\u00a0\u00a0\u00a0\u00a0\u00a0\u00a0\u00a0 &#8211; Zweier Stopper Einzelstock &#8211; Medio<br \/>\n11:59\u00a0\u00a0\u00a0\u00a0\u00a0\u00a0\u00a0\u00a0\u00a0 &#8211; Problem: Zweier Stopper Doppelstock &#8211; Medio<br \/>\n12:18\u00a0\u00a0\u00a0\u00a0\u00a0\u00a0\u00a0\u00a0\u00a0 &#8211; Zweier Stopper Doppelstock &#8211; Corto<br \/>\n14:45\u00a0\u00a0\u00a0\u00a0\u00a0\u00a0\u00a0\u00a0\u00a0\u00a0\u00a0\u00a0\u00a0 &#8211; Zweier Stopper Doppelstock &#8211; Corto: ohne Partner<br \/>\n15:25\u00a0\u00a0\u00a0\u00a0\u00a0\u00a0\u00a0\u00a0\u00a0 &#8211; Zweier Stopper Doppelstock &#8211; Medio: Eingang auf Schlag 1<br \/>\n16:55\u00a0\u00a0\u00a0\u00a0\u00a0\u00a0\u00a0\u00a0\u00a0\u00a0\u00a0\u00a0\u00a0 &#8211; Zweier Stopper Doppelstock &#8211; Medio &#8211; Eingang auf Schlag 1: ohne Partner<br \/>\n17:44\u00a0 Abanicos aus Reversebl\u00f6cken<br \/>\n18:01\u00a0\u00a0\u00a0\u00a0\u00a0 &#8211; Einzelstock rechts Schlag 1<br \/>\n18:59\u00a0\u00a0\u00a0\u00a0\u00a0 &#8211; Wie viele Abanicos?<br \/>\n19:37\u00a0\u00a0\u00a0\u00a0\u00a0 &#8211; Doppelstock rechts Schlag 1<br \/>\n20:07\u00a0\u00a0\u00a0\u00a0\u00a0\u00a0\u00a0\u00a0\u00a0 &#8211; Wie Schlag 1 &#8222;angefordert&#8220; werden kann<br \/>\n21:47\u00a0\u00a0\u00a0\u00a0\u00a0\u00a0\u00a0\u00a0\u00a0 &#8211; Doppelstock rechts Schlag 1: ohne Partner<br \/>\n22:59\u00a0\u00a0\u00a0\u00a0\u00a0 &#8211; Einzelstock rechts Schlag 2<br \/>\n23:48 \u00a0 \u00a0 \u00a0 \u00a0\u00a0 &#8211; Wie Schlag 2 &#8222;angefordert&#8220; werden kann<br \/>\n24:11\u00a0\u00a0\u00a0\u00a0\u00a0 &#8211; Doppelstock rechts Schlag 2<br \/>\n26:04\u00a0\u00a0\u00a0\u00a0\u00a0\u00a0\u00a0\u00a0\u00a0 &#8211; Doppelstock rechts Schlag 2: ohne Partner<br \/>\n27:18\u00a0\u00a0\u00a0\u00a0\u00a0 &#8211; Einzelstock links Schlag 1<br \/>\n27:39\u00a0\u00a0\u00a0\u00a0\u00a0\u00a0\u00a0\u00a0\u00a0 &#8211; Wie Schlag 1 &#8222;angefordert&#8220; werden kann<br \/>\n27:52\u00a0\u00a0\u00a0\u00a0\u00a0 &#8211; Doppelstock links Schlag 1<br \/>\n29:16 \u00a0 \u00a0 \u00a0 \u00a0\u00a0 &#8211; Doppelstock links Schlag 1: ohne Partner<br \/>\n30:17\u00a0\u00a0\u00a0 \u00a0 \u00a0 \u00a0 &#8211; Reverseblock links auf Schlag 1 vorbereiten<br \/>\n31:55\u00a0\u00a0\u00a0\u00a0\u00a0 &#8211; Einzelstock links Schlag 2<br \/>\n32:20\u00a0\u00a0\u00a0\u00a0\u00a0\u00a0\u00a0\u00a0\u00a0 &#8211; Wie Schlag 2 &#8222;angefordert&#8220; werden kann<br \/>\n32:45\u00a0\u00a0\u00a0\u00a0\u00a0 &#8211; Doppelstock links Schlag 2<br \/>\n34:10\u00a0\u00a0\u00a0\u00a0\u00a0\u00a0\u00a0\u00a0\u00a0 &#8211; Doppelstock links Schlag 2: ohne Partner<br \/>\n34:53\u00a0\u00a0\u00a0\u00a0\u00a0 &#8211; Alle Abanicos aus Reversebl\u00f6cken gemischt im Fluss<br \/>\n36:00\u00a0\u00a0\u00a0\u00a0\u00a0 &#8211; Doppelstock-Tapi-Tapi: alle Techniken gemischt im Fluss<br \/>\n37:36\u00a0 Fazit: Doppelstock Tapi-Tapi<br \/>\n37:47\u00a0 Verabschiedung<br \/>\n37:57\u00a0 Abspann<br \/>\n38:25\u00a0 Ende<\/p>\n<div class=\"avia_textblock avia_textblock_style\" data-update_with=\"content\">\n<h3>Trailer<\/h3>\n<div style=\"width: 640px;\" class=\"wp-video\"><video class=\"wp-video-shortcode\" id=\"video-10554-1\" width=\"640\" height=\"360\" preload=\"metadata\" controls=\"controls\"><source type=\"video\/mp4\" src=\"https:\/\/www.abanico.de\/abanico\/wp-content\/files\/trailer\/A-LOT-Trailer-Doppelstock-Tapi-Tapi-2.mp4?_=1\" \/><a href=\"https:\/\/www.abanico.de\/abanico\/wp-content\/files\/trailer\/A-LOT-Trailer-Doppelstock-Tapi-Tapi-2.mp4\">https:\/\/www.abanico.de\/abanico\/wp-content\/files\/trailer\/A-LOT-Trailer-Doppelstock-Tapi-Tapi-2.mp4<\/a><\/video><\/div>\n<\/div>\n<h4>Dies alles wird im dem A-LOT (Arnis Live-Online-Training) Video detailliert erkl\u00e4rt und demonstriert.<br \/>\nDas Arnis Live -Online- Trainings Video ist Teil der neuen Serie:\u00a0 Die \u00fcber Internet abgehaltenen Arnis Live-Online-Trainings Videos von und mit GM Datu Dieter Kn\u00fcttel, 10. Dan Modern Arnis.<br \/>\nNicht nur schnelle Demos, von denen es so viele auf Youtube zu sehen gibt, sondern Unterricht mit Erkl\u00e4rungen des &#8222;Was, Warum und Wie&#8220; mit vielen wichtigen Details, die bei reinen Demos verloren gehen.<br \/>\n<strong>Videos, von denen man wirklich lernen kann.<\/strong><\/h4>\n<div class=\"avia_textblock avia_textblock_style\" data-update_with=\"content\">\n<hr \/>\n<\/div>\n<h4><a href=\"https:\/\/www.abanico.de\/dieterknuettel\/wp\/de\/kurzbiographie\/\"><strong><span style=\"color: #ff0000;\"><em>Gro\u00dfmeister Datu Dieter Kn\u00fcttel<\/em><\/span><\/strong><\/a><br \/>\nist Diplom-Sportlehrer, Bundestrainer f\u00fcr Modern Arnis (seit 1985) und Modern Arnis Repr\u00e4sentant f\u00fcr Europa.<\/h4>\n<p>Er unterrichtet Selbstverteidigung seit Ende der 70er Jahre in ganz Deutschland aber auch weltweit.<\/p>\n<p>1996 wurde ihm der Titel Datu und der Grad Lakan Anim, 6. Dan Modern Arnis, von Gro\u00dfmeister Remy A. Presas (10. Dan) pers\u00f6nlich als 4. Arnis-Lehrer au\u00dferhalb der Philippinen und als erstem au\u00dferhalb der USA, verliehen<br \/>\nNachdem er den 7., 8. und 9. Dan auf den Philippinen verliehen bekommen hatte, wurde m 24.9.2016 in Dortmund \u00f6ffentlich bekanntgegeben, dass er von Gro\u00dfmeister Roberto Presas den 10. Dan Modern Arnis verliehen bekommen hatte.<\/p>\n<p>Dieter Kn\u00fcttel betreibt Kampfsport seit 1967 und philippinische Kampfk\u00fcnste seit 1978. Er unterrichtet Modern Arnis auf Lehrg\u00e4ngen \u00fcberall in Europa, Russland, Australien und in den USA.<\/p>\n<div class=\"avia_textblock avia_textblock_style\" data-update_with=\"content\">\n<hr \/>\n<\/div>\n","protected":false},"excerpt":{"rendered":"<h2><strong>A-LOT-Doppelstock-Tapi-Tapi-2 &#8211; Download &#8211; DE<\/strong><\/h2>\n<p><strong>Sprache: deutsch &#8211; download<\/strong><br \/>\nLaufzeit (Min.): 38<br \/>\n<strong>Produzent: ABANICO<\/strong><\/p>\n","protected":false},"featured_media":10555,"comment_status":"open","ping_status":"closed","template":"","meta":[],"product_brand":[],"product_cat":[9321,39,7329,40,685],"product_tag":[9581,913,9040,2319,9022,1370,1372,1374,9516,9578,9231,9583,1301,2217,1321,2327,9325,2317,1376,9163,9042,1845,9229,3646,9225,9464,9227,1847,2329,9468,1708,9585],"class_list":{"0":"post-10554","1":"product","2":"type-product","3":"status-publish","4":"has-post-thumbnail","6":"product_cat-alotarnisliveonlinetraining","7":"product_cat-download-de","8":"product_cat-grossmeister-und-meister-des-modern-arnis","9":"product_cat-modern-arnis-download-de","10":"product_cat-seminar-videos-download-de","11":"product_tag-abanicos-aus-reversebloecken","12":"product_tag-anwendungen-de","13":"product_tag-arnis","14":"product_tag-corto","15":"product_tag-datu-dieter","16":"product_tag-dav-de","17":"product_tag-deutscher-arnis-verband-de","18":"product_tag-dieter-knuettel-de","19":"product_tag-doppel-sinawali","20":"product_tag-doppelstock-tapi-tap","21":"product_tag-download-video","22":"product_tag-einser-stopper","23":"product_tag-eskrima-de","24":"product_tag-kali-de","25":"product_tag-karate-de","26":"product_tag-largo-de","27":"product_tag-live-video-training","28":"product_tag-medio","29":"product_tag-modern-arnis-de","30":"product_tag-remy-presas","31":"product_tag-selbstschutz","32":"product_tag-selbstverteidigung-de","33":"product_tag-seminar-video","34":"product_tag-single-sinawali-de","35":"product_tag-stickfighting","36":"product_tag-stock-stock","37":"product_tag-stockkampf","38":"product_tag-sv-de","39":"product_tag-tapi-tapi-de","40":"product_tag-training-ohne-partner-in","41":"product_tag-verteidigung-de","42":"product_tag-zweier-stopper","44":"first","45":"instock","46":"downloadable","47":"virtual","48":"sold-individually","49":"taxable","50":"purchasable","51":"product-type-simple"},"_links":{"self":[{"href":"https:\/\/www.abanico.de\/abanico\/wp-json\/wp\/v2\/product\/10554","targetHints":{"allow":["GET"]}}],"collection":[{"href":"https:\/\/www.abanico.de\/abanico\/wp-json\/wp\/v2\/product"}],"about":[{"href":"https:\/\/www.abanico.de\/abanico\/wp-json\/wp\/v2\/types\/product"}],"replies":[{"embeddable":true,"href":"https:\/\/www.abanico.de\/abanico\/wp-json\/wp\/v2\/comments?post=10554"}],"wp:featuredmedia":[{"embeddable":true,"href":"https:\/\/www.abanico.de\/abanico\/wp-json\/wp\/v2\/media\/10555"}],"wp:attachment":[{"href":"https:\/\/www.abanico.de\/abanico\/wp-json\/wp\/v2\/media?parent=10554"}],"wp:term":[{"taxonomy":"product_brand","embeddable":true,"href":"https:\/\/www.abanico.de\/abanico\/wp-json\/wp\/v2\/product_brand?post=10554"},{"taxonomy":"product_cat","embeddable":true,"href":"https:\/\/www.abanico.de\/abanico\/wp-json\/wp\/v2\/product_cat?post=10554"},{"taxonomy":"product_tag","embeddable":true,"href":"https:\/\/www.abanico.de\/abanico\/wp-json\/wp\/v2\/product_tag?post=10554"}],"curies":[{"name":"wp","href":"https:\/\/api.w.org\/{rel}","templated":true}]}}