{"id":10502,"date":"2021-04-15T16:02:01","date_gmt":"2021-04-15T14:02:01","guid":{"rendered":"https:\/\/www.abanico.de\/abanico\/?post_type=product&#038;p=10502"},"modified":"2024-08-21T08:39:18","modified_gmt":"2024-08-21T06:39:18","slug":"a-lot-doppelstock-tapi-tapi-1-download-de","status":"publish","type":"product","link":"https:\/\/www.abanico.de\/abanico\/shop\/download-de\/seminar-videos-download-de\/alotarnisliveonlinetraining\/a-lot-doppelstock-tapi-tapi-1-download-de\/","title":{"rendered":"A-LOT-Doppelstock-Tapi-Tapi-1 &#8211; Download &#8211; DE"},"content":{"rendered":"<p>Dies ist das Video vom Arnis Live-Online-Training, A-LOT, das GM Datu Dieter Kn\u00fcttel, 10. Dan Modern Arnis, zum Thema:<\/p>\n<h4><strong>Doppelstock Tapi-Tapi 1: Grundlagen<br \/>\n<\/strong><\/h4>\n<ul>\n<li><strong>Largo<br \/>\n<\/strong><\/p>\n<ul>\n<li><strong>Single Drill<\/strong><\/li>\n<li><strong>DAV-Methode<\/strong><\/li>\n<\/ul>\n<\/li>\n<li><strong>Medio<br \/>\n<\/strong><\/li>\n<li><strong>Corto<br \/>\n<\/strong><\/li>\n<li><strong>alles rechts und links<br \/>\n<\/strong><\/li>\n<\/ul>\n<p>abgehalten hat.<\/p>\n<p>Es wird die Technik, Methodik und Didaktik des Unterrichtens sowie viele Details f\u00fcr die Ausf\u00fchrung der Technik erkl\u00e4rt und demonstriert.<\/p>\n<p>Das Video hat Kapitelmarker.<br \/>\nErkl\u00e4rung hier: <span style=\"color: #ff0000;\"><em><strong><a style=\"color: #ff0000;\" href=\"https:\/\/www.abanico.de\/abanico\/kapitel-in-download-videos\/\">Kapitelmarker<\/a><\/strong><\/em><\/span><\/p>\n<p>Hier der Inhalt des Videos:<\/p>\n<p>00:00\u00a0 Vorspann<br \/>\n00:15\u00a0 Einleitung<br \/>\n00:54\u00a0 Largo<br \/>\n01:35\u00a0 2 Methoden: von Largo zu Medio<br \/>\n02:25\u00a0\u00a0\u00a0\u00a0\u00a0 &#8211; Single Drill<br \/>\n02:44\u00a0\u00a0\u00a0\u00a0\u00a0\u00a0\u00a0\u00a0\u00a0 &#8211; Stich 6 im Single Drill<br \/>\n04:16\u00a0\u00a0\u00a0\u00a0\u00a0\u00a0\u00a0\u00a0\u00a0 &#8211; Block-Gegenangriff auf Stich 6: philippinische und DAV-Version<br \/>\n06:35\u00a0\u00a0\u00a0\u00a0\u00a0\u00a0\u00a0\u00a0\u00a0 &#8211; Stich 7 im Single Drill<br \/>\n07:14\u00a0\u00a0\u00a0\u00a0\u00a0\u00a0\u00a0\u00a0 \u00a0 \u00a0\u00a0 &#8211; Stich 6 + 7 im Single Drill: ohne Partner<br \/>\n08:17\u00a0\u00a0\u00a0\u00a0\u00a0\u00a0\u00a0\u00a0\u00a0 &#8211; Stiche 3 und 4 &#8211; (von rechts und links zum Unterleib) im Single Drill<br \/>\n08:34\u00a0\u00a0\u00a0\u00a0\u00a0\u00a0\u00a0\u00a0\u00a0 &#8211; Deutliche Unterscheidung zwischen oberen und unteren Stichen<br \/>\n09:30\u00a0\u00a0\u00a0\u00a0\u00a0\u00a0\u00a0\u00a0\u00a0\u00a0\u00a0\u00a0\u00a0 &#8211; Stiche 6 +7 und 3 + 4 im Single Drill: ohne Partner<br \/>\n10:16\u00a0\u00a0\u00a0\u00a0\u00a0\u00a0\u00a0\u00a0\u00a0 &#8211; Stich 5 rechts und links im Single Drill<br \/>\n10:49\u00a0\u00a0\u00a0\u00a0\u00a0\u00a0\u00a0\u00a0\u00a0\u00a0\u00a0\u00a0\u00a0 &#8211; Single Drill mit allen Stichen: ohne Partner<br \/>\n12:00\u00a0\u00a0\u00a0\u00a0\u00a0 &#8211; Von Largo zu Medio im DAV: Analogie zum Einzelstock<br \/>\n12:43\u00a0\u00a0\u00a0\u00a0\u00a0\u00a0\u00a0\u00a0\u00a0 &#8211; Einzelstock rechts: von Largo zu Medio<br \/>\n13:30\u00a0\u00a0\u00a0\u00a0\u00a0\u00a0\u00a0\u00a0\u00a0 &#8211; Doppelstock rechts: von Largo zu Medio<br \/>\n16:10\u00a0\u00a0\u00a0\u00a0\u00a0\u00a0\u00a0\u00a0\u00a0\u00a0\u00a0\u00a0\u00a0 &#8211; Doppelstock rechts &#8211; von Largo zu Medio: ohne Partner<br \/>\n17:02\u00a0 Medio<br \/>\n17:06\u00a0\u00a0\u00a0\u00a0\u00a0 &#8211; Definition Medio<br \/>\n17:21\u00a0\u00a0\u00a0\u00a0\u00a0 &#8211; Medio mit rechts: Einzelstock<br \/>\n17:38\u00a0 \u00a0 \u00a0 &#8211; Medio mit rechts: Doppelstock<br \/>\n18:06\u00a0\u00a0\u00a0\u00a0\u00a0\u00a0\u00a0\u00a0\u00a0 &#8211; Die &#8222;komplexe&#8220; Aufgabe des checkenden Stockes<br \/>\n19:36\u00a0\u00a0\u00a0\u00a0\u00a0\u00a0\u00a0\u00a0\u00a0\u00a0\u00a0\u00a0\u00a0 &#8211; Medio mit rechts &#8211; Doppelstock: ohne Partner<br \/>\n20:24\u00a0 Largo<br \/>\n20:29\u00a0\u00a0\u00a0\u00a0\u00a0 &#8211; Von Largo zu Medio im DAV: Einzelstock mit links<br \/>\n21:05\u00a0\u00a0\u00a0\u00a0\u00a0 &#8211; Von Largo zu Medio im DAV: Doppelstock mit links<br \/>\n21:59\u00a0 Medio<br \/>\n22:04\u00a0 \u00a0 \u00a0 &#8211; Medio mit links Einzelstock<br \/>\n22:17\u00a0\u00a0\u00a0\u00a0\u00a0 &#8211; Medio mit links: Doppelstock<br \/>\n23:00\u00a0\u00a0\u00a0\u00a0\u00a0\u00a0\u00a0\u00a0\u00a0 &#8211; Medio mit links &#8211; Doppelstock: ohne Partner<br \/>\n23:29\u00a0\u00a0\u00a0\u00a0\u00a0 &#8211; Largo zu Medio mit rechts<br \/>\n24:01\u00a0\u00a0\u00a0\u00a0\u00a0 &#8211; Largo zu Medio mit links<br \/>\n24:15\u00a0\u00a0\u00a0\u00a0\u00a0 &#8211; Largo zu Medio mit dem Single Drill<br \/>\n24:55 \u00a0 \u00a0\u00a0 &#8211; Medio rechts &#8211; links: Sortenrein oder gemischt?<br \/>\n25:23\u00a0\u00a0\u00a0\u00a0\u00a0 &#8211; Medio: die Bl\u00f6cke mit rechts und links<br \/>\n26:09\u00a0\u00a0\u00a0\u00a0\u00a0\u00a0\u00a0\u00a0\u00a0 &#8211; Die Bl\u00f6cke mit rechts und links: ohne Partner<br \/>\n26:35\u00a0\u00a0\u00a0\u00a0\u00a0 &#8211; Medio mit rechts und links: die wilde Mischung<br \/>\n27:32\u00a0\u00a0\u00a0\u00a0\u00a0\u00a0\u00a0\u00a0\u00a0 &#8211; Medio mit rechts und links &#8211; die wilde Mischung: ohne Partner<br \/>\n28:58\u00a0\u00a0\u00a0\u00a0\u00a0 &#8211; Largo zu Medio mit dem Single Drill: die wilde Mischung<br \/>\n30:06\u00a0\u00a0\u00a0\u00a0\u00a0 &#8211; Mit rechts oder mit links vorne stehen?<br \/>\n30:35\u00a0\u00a0\u00a0\u00a0\u00a0 &#8211; Die Routine brechen<br \/>\n31:09\u00a0 Corto<br \/>\n31:13\u00a0\u00a0\u00a0\u00a0\u00a0 &#8211; Medio zu Corto &#8211; Einzelstock rechts<br \/>\n31:21\u00a0\u00a0\u00a0\u00a0\u00a0 &#8211; Medio zu Corto &#8211; Doppelstock rechts<br \/>\n31:37\u00a0\u00a0\u00a0\u00a0\u00a0 &#8211; Medio zu Corto &#8211; Doppelstock links<br \/>\n32:21\u00a0\u00a0\u00a0\u00a0\u00a0\u00a0\u00a0\u00a0\u00a0 &#8211; Corto mit rechts und links: ohne Partner<br \/>\n33:02\u00a0\u00a0\u00a0\u00a0\u00a0 &#8211; Corto mit rechts und links &#8211; die wilde Mischung<br \/>\n33:49\u00a0\u00a0\u00a0\u00a0\u00a0 &#8211; 4 Positionen bei den Innenbutts und eine, die man unbedingt vermeiden muss<br \/>\n34:37\u00a0\u00a0\u00a0\u00a0\u00a0\u00a0\u00a0\u00a0\u00a0 &#8211; Die 4 Positionen im Fluss<br \/>\n35:10\u00a0\u00a0\u00a0\u00a0\u00a0\u00a0\u00a0\u00a0\u00a0 &#8211; Position, die man unbedingt vermeiden muss und die L\u00f6sung<br \/>\n36:30 \u00a0 \u00a0\u00a0\u00a0\u00a0\u00a0\u00a0\u00a0\u00a0\u00a0\u00a0 &#8211; 4 Positionen bei den Innenbutts: ohne Partner<br \/>\n37:08\u00a0\u00a0\u00a0\u00a0\u00a0\u00a0\u00a0\u00a0\u00a0 &#8211; In der korrekten Distanz trainieren<br \/>\n37:54\u00a0\u00a0\u00a0\u00a0\u00a0\u00a0\u00a0\u00a0\u00a0 &#8211; Wie man zwischen den 4 Positionen wechseln kann<br \/>\n38:41\u00a0\u00a0\u00a0\u00a0\u00a0\u00a0\u00a0\u00a0\u00a0\u00a0\u00a0\u00a0\u00a0 &#8211; Wie man zwischen den 4 Positionen wechseln kann: ohne Partner<br \/>\n39:32\u00a0 Alles zusammen im Fluss: Largo &#8211; Medio &#8211; Corto &#8211; rechts und links<br \/>\n40:50\u00a0 Fazit: Grundlagen Doppelstock Tapi-Tapi<br \/>\n42:35\u00a0 Wie lernt man und warum ist es wichtig die gleichen Sachen mehrfach zu lernen?<br \/>\n43:47\u00a0 Verabschiedung<br \/>\n44:03\u00a0 Abspann<br \/>\n44:30\u00a0 Ende<\/p>\n<div class=\"avia_textblock avia_textblock_style\" data-update_with=\"content\">\n<h3>Trailer<\/h3>\n<div style=\"width: 640px;\" class=\"wp-video\"><video class=\"wp-video-shortcode\" id=\"video-10502-1\" width=\"640\" height=\"360\" preload=\"metadata\" controls=\"controls\"><source type=\"video\/mp4\" src=\"https:\/\/www.abanico.de\/abanico\/wp-content\/files\/trailer\/A-LOT-Trailer-Doppelstock-Tapi-Tapi-1.mp4?_=1\" \/><a href=\"https:\/\/www.abanico.de\/abanico\/wp-content\/files\/trailer\/A-LOT-Trailer-Doppelstock-Tapi-Tapi-1.mp4\">https:\/\/www.abanico.de\/abanico\/wp-content\/files\/trailer\/A-LOT-Trailer-Doppelstock-Tapi-Tapi-1.mp4<\/a><\/video><\/div>\n<\/div>\n<h4>Dies alles wird im dem A-LOT (Arnis Live-Online-Training) Video detailliert erkl\u00e4rt und demonstriert.<br \/>\nDas Arnis Live -Online- Trainings Video ist Teil der neuen Serie:\u00a0 Die \u00fcber Internet abgehaltenen Arnis Live-Online-Trainings Videos von und mit GM Datu Dieter Kn\u00fcttel, 10. Dan Modern Arnis.<br \/>\nNicht nur schnelle Demos, von denen es so viele auf Youtube zu sehen gibt, sondern Unterricht mit Erkl\u00e4rungen des &#8222;Was, Warum und Wie&#8220; mit vielen wichtigen Details, die bei reinen Demos verloren gehen.<br \/>\n<strong>Videos, von denen man wirklich lernen kann.<\/strong><\/h4>\n<div class=\"avia_textblock avia_textblock_style\" data-update_with=\"content\">\n<hr \/>\n<\/div>\n<h4><a href=\"https:\/\/www.abanico.de\/dieterknuettel\/wp\/de\/kurzbiographie\/\"><strong><span style=\"color: #ff0000;\"><em>Gro\u00dfmeister Datu Dieter Kn\u00fcttel<\/em><\/span><\/strong><\/a><br \/>\nist Diplom-Sportlehrer, Bundestrainer f\u00fcr Modern Arnis (seit 1985) und Modern Arnis Repr\u00e4sentant f\u00fcr Europa.<\/h4>\n<p>Er unterrichtet Selbstverteidigung seit Ende der 70er Jahre in ganz Deutschland aber auch weltweit.<\/p>\n<p>1996 wurde ihm der Titel Datu und der Grad Lakan Anim, 6. Dan Modern Arnis, von Gro\u00dfmeister Remy A. Presas (10. Dan) pers\u00f6nlich als 4. Arnis-Lehrer au\u00dferhalb der Philippinen und als erstem au\u00dferhalb der USA, verliehen<br \/>\nNachdem er den 7., 8. und 9. Dan auf den Philippinen verliehen bekommen hatte, wurde m 24.9.2016 in Dortmund \u00f6ffentlich bekanntgegeben, dass er von Gro\u00dfmeister Roberto Presas den 10. Dan Modern Arnis verliehen bekommen hatte.<\/p>\n<p>Dieter Kn\u00fcttel betreibt Kampfsport seit 1967 und philippinische Kampfk\u00fcnste seit 1978. Er unterrichtet Modern Arnis auf Lehrg\u00e4ngen \u00fcberall in Europa, Russland, Australien und in den USA.<\/p>\n<div class=\"avia_textblock avia_textblock_style\" data-update_with=\"content\">\n<hr \/>\n<\/div>\n","protected":false},"excerpt":{"rendered":"<h2><strong>A-LOT-Doppelstock-Tapi-Tapi-1 &#8211; Download &#8211; DE<\/strong><\/h2>\n<p><strong>Sprache: deutsch &#8211; download<\/strong><br \/>\nLaufzeit (Min.): 44<br \/>\n<strong>Produzent: ABANICO<\/strong><\/p>\n","protected":false},"featured_media":10503,"comment_status":"open","ping_status":"closed","template":"","meta":[],"product_brand":[],"product_cat":[9321,39,7329,40,685],"product_tag":[9524,9076,913,9040,2319,9022,1370,1372,1374,9516,9578,3644,9231,9460,1301,9480,9396,9223,2217,1321,2327,9325,9323,2317,1376,9458,7618,9163,9042,1845,9229,7596,9522,3646,9478,9225,9464,9466,9227,9490,1847,2329,9468,1708,9406],"class_list":{"0":"post-10502","1":"product","2":"type-product","3":"status-publish","4":"has-post-thumbnail","6":"product_cat-alotarnisliveonlinetraining","7":"product_cat-download-de","8":"product_cat-grossmeister-und-meister-des-modern-arnis","9":"product_cat-modern-arnis-download-de","10":"product_cat-seminar-videos-download-de","11":"product_tag-5-grundvariationen","12":"product_tag-angriffe-anbwehren","13":"product_tag-anwendungen-de","14":"product_tag-arnis","15":"product_tag-corto","16":"product_tag-datu-dieter","17":"product_tag-dav-de","18":"product_tag-deutscher-arnis-verband-de","19":"product_tag-dieter-knuettel-de","20":"product_tag-doppel-sinawali","21":"product_tag-doppelstock-tapi-tap","22":"product_tag-double-sinawali-de","23":"product_tag-download-video","24":"product_tag-effizienz","25":"product_tag-eskrima-de","26":"product_tag-freie-hand","27":"product_tag-grundlagen-einzelstock","28":"product_tag-handwechsel","29":"product_tag-kali-de","30":"product_tag-karate-de","31":"product_tag-largo-de","32":"product_tag-live-video-training","33":"product_tag-lvt","34":"product_tag-medio","35":"product_tag-modern-arnis-de","36":"product_tag-oekonomie-der-bewegung","37":"product_tag-realistische-selbstverteidigung","38":"product_tag-remy-presas","39":"product_tag-selbstschutz","40":"product_tag-selbstverteidigung-de","41":"product_tag-seminar-video","42":"product_tag-sinawali-de","43":"product_tag-sinawali-grundvariationen","44":"product_tag-single-sinawali-de","45":"product_tag-snake-circle","46":"product_tag-stickfighting","47":"product_tag-stock-stock","48":"product_tag-stock-waffenlos","49":"product_tag-stockkampf","50":"product_tag-strip","51":"product_tag-sv-de","52":"product_tag-tapi-tapi-de","53":"product_tag-training-ohne-partner-in","54":"product_tag-verteidigung-de","55":"product_tag-waffenlose-boecke","57":"first","58":"instock","59":"downloadable","60":"virtual","61":"sold-individually","62":"taxable","63":"purchasable","64":"product-type-simple"},"_links":{"self":[{"href":"https:\/\/www.abanico.de\/abanico\/wp-json\/wp\/v2\/product\/10502","targetHints":{"allow":["GET"]}}],"collection":[{"href":"https:\/\/www.abanico.de\/abanico\/wp-json\/wp\/v2\/product"}],"about":[{"href":"https:\/\/www.abanico.de\/abanico\/wp-json\/wp\/v2\/types\/product"}],"replies":[{"embeddable":true,"href":"https:\/\/www.abanico.de\/abanico\/wp-json\/wp\/v2\/comments?post=10502"}],"wp:featuredmedia":[{"embeddable":true,"href":"https:\/\/www.abanico.de\/abanico\/wp-json\/wp\/v2\/media\/10503"}],"wp:attachment":[{"href":"https:\/\/www.abanico.de\/abanico\/wp-json\/wp\/v2\/media?parent=10502"}],"wp:term":[{"taxonomy":"product_brand","embeddable":true,"href":"https:\/\/www.abanico.de\/abanico\/wp-json\/wp\/v2\/product_brand?post=10502"},{"taxonomy":"product_cat","embeddable":true,"href":"https:\/\/www.abanico.de\/abanico\/wp-json\/wp\/v2\/product_cat?post=10502"},{"taxonomy":"product_tag","embeddable":true,"href":"https:\/\/www.abanico.de\/abanico\/wp-json\/wp\/v2\/product_tag?post=10502"}],"curies":[{"name":"wp","href":"https:\/\/api.w.org\/{rel}","templated":true}]}}